000
CXUS53 KGRB 091544
CF6RRL
PRELIMINARY LOCAL CLIMATOLOGICAL DATA (WS FORM: F-6)
STATION: MERRILL MUNICIPAL AI
MONTH: MARCH
YEAR: 2024
LATITUDE: 45 10 N
LONGITUDE: 89 42 W
TEMPERATURE IN F: :PCPN: SNOW: WIND :SUNSHINE: SKY :PK WND
================================================================================
1 2 3 4 5 6A 6B 7 8 9 10 11 12 13 14 15 16 17 18
12Z AVG MX 2MIN
DY MAX MIN AVG DEP HDD CDD WTR SNW DPTH SPD SPD DIR MIN PSBL S-S WX SPD DR
================================================================================
1 53 23 38 M 27 0 M M M 8.8 17 190 M M 0 28 190
2 58 25 42 M 23 0 M M M 4.2 12 190 M M 0 17 180
3 61 38 50 M 15 0 0.45 M M 11.6 16 140 M M 5 1 25 130
4 42 25 34 M 31 0 0.21 M M 1.9 8 270 M M 6 M M
5 47 23 35 M 30 0 M M M 3.1 8 100 M M 0 M M
6 50 14 32 M 33 0 M M M 5.2 12 140 M M 0 17 110
7 53 25 39 M 26 0 M M M 6.7 10 150 M M 3 16 150
8 43 28 36 M 29 0 M M M 5.5 10 350 M M 8 16 10
9 36 21 29 M 36 0 M M M 11.3 22 360 M M 4 31 360
10 45 21 33 M 32 0 M M M 4.5 12 260 M M 0 22 260
11 59 18 39 M 26 0 M M M 3.1 9 240 M M 0 M M
12 68 28 48 M 17 0 M M M 5.0 16 280 M M 0 21 280
13 64 23 44 M 21 0 M M M 1.4 7 20 M M 0 M M
14 55 31 43 M 22 0 M M M 7.4 14 20 M M 0 22 20
15 51 21 36 M 29 0 M M M 5.7 14 240 M M 3 21 240
16 46 29 38 M 27 0 M M M 13.4 20 300 M M 9 28 290
17 29 19 24 M 41 0 M M M 13.7 20 330 M M 10 28 340
18 34 20 27 M 38 0 M M M 8.9 13 250 M M 8 21 270
19 45 26 36 M 29 0 M M M 11.7 16 300 M M 6 28 330
20 27 12 20 M 45 0 M M M 10.1 18 340 M M 5 28 350
21 33 7 20 M 45 0 0.03 M M 2.1 8 250 M M 5 M M
22 29 9 19 M 46 0 0.12 M M 2.7 10 360 M M 9 18 350
23 32 1 17 M 48 0 M M M 2.3 10 210 M M 3 M M
24 30 22 26 M 39 0 0.15 M M 7.1 17 130 M M 10 23 120
25 40 30 35 M 30 0 0.58 M M 7.3 13 120 M M 10 21 110
26 52 21 37 M 28 0 0.40 M M 10.9 17 270 M M 10 1 24 210
27 29 19 24 M 41 0 M M M 15.9 21 260 M M 9 31 250
28 38 19 29 M 36 0 M M M 10.2 16 270 M M 1 29 270
29 49 14 32 M 33 0 M M M 3.1 9 120 M M 1 16 130
30 39 32 36 M 29 0 0.06 M M 3.0 10 350 M M 10 M M
31 46 26 36 M 29 0 M M M 2.1 9 230 M M 5 1 M M
================================================================================
SM 1383 670 981 0 2.00 M 209.9 M 140
================================================================================
AV 44.6 21.6 6.8 FASTST M M 5 MAX(MPH)
MISC ----> 22 360 # 31 360
================================================================================
NOTES:
# LAST OF SEVERAL OCCURRENCES
COLUMN 17 PEAK WIND IN M.P.H.
PRELIMINARY LOCAL CLIMATOLOGICAL DATA (WS FORM: F-6) , PAGE 2
STATION: MERRILL MUNICIPAL AI
MONTH: MARCH
YEAR: 2024
LATITUDE: 45 10 N
LONGITUDE: 89 42 W
[TEMPERATURE DATA] [PRECIPITATION DATA] SYMBOLS USED IN COLUMN 16
AVERAGE MONTHLY: 33.1 TOTAL FOR MONTH: 2.00 1 = FOG OR MIST
DPTR FM NORMAL: 0.0 DPTR FM NORMAL: M 2 = FOG REDUCING VISIBILITY
HIGHEST: 68 ON 12 GRTST 24HR 0.58 ON 25-25 TO 1/4 MILE OR LESS
LOWEST: 1 ON 23 3 = THUNDER
SNOW, ICE PELLETS, HAIL 4 = ICE PELLETS
TOTAL MONTH: M 5 = HAIL
GRTST 24HR M ON M 6 = FREEZING RAIN OR DRIZZLE
GRTST DEPTH: M ON M 7 = DUSTSTORM OR SANDSTORM:
VSBY 1/2 MILE OR LESS
8 = SMOKE OR HAZE
[NO. OF DAYS WITH] [WEATHER - DAYS WITH] 9 = BLOWING SNOW
X = TORNADO
MAX 32 OR BELOW: 6 0.01 INCH OR MORE: 8
MAX 90 OR ABOVE: 0 0.10 INCH OR MORE: 6
MIN 32 OR BELOW: 30 0.50 INCH OR MORE: 1
MIN 0 OR BELOW: 0 1.00 INCH OR MORE: 0
[HDD (BASE 65) ]
TOTAL THIS MO. 981 CLEAR (SCALE 0-3) 13
DPTR FM NORMAL M PTCLDY (SCALE 4-7) 9
TOTAL FM JUL 1 4452 CLOUDY (SCALE 8-10) 9
DPTR FM NORMAL 4072
[CDD (BASE 65) ]
TOTAL THIS MO. 0
DPTR FM NORMAL M [PRESSURE DATA]
TOTAL FM JAN 1 0 HIGHEST SLP M ON M
DPTR FM NORMAL 0 LOWEST SLP M ON M
[REMARKS]
#FINAL-03-24#