000
CXUS53 KMPX 010910
CF6RWF
PRELIMINARY LOCAL CLIMATOLOGICAL DATA (WS FORM: F-6)
STATION: REDWOOD FALLS MN
MONTH: MAY
YEAR: 2023
LATITUDE: 44 32 N
LONGITUDE: 95 5 W
TEMPERATURE IN F: :PCPN: SNOW: WIND :SUNSHINE: SKY :PK WND
================================================================================
1 2 3 4 5 6A 6B 7 8 9 10 11 12 13 14 15 16 17 18
12Z AVG MX 2MIN
DY MAX MIN AVG DEP HDD CDD WTR SNW DPTH SPD SPD DIR MIN PSBL S-S WX SPD DR
================================================================================
1 56 38 47 -5 18 0 0.00 M M 15.8 29 310 M M 2 46 310
2 62 37 50 -3 15 0 0.00 M M 14.0 24 320 M M 0 43 320
3 74 35 55 2 10 0 0.00 M M 4.1 12 290 M M 0 16 270
4 81 45 63 9 2 0 0.00 M M 5.2 14 340 M M 0 19 320
5 72 49 61 7 4 0 0.01 M M 8.0 16 70 M M 5 38 24 60
6 72 53 63 8 2 0 0.00 M M 12.2 30 130 M M 8 1 37 140
7 77 47 62 7 3 0 0.00 M M 5.8 16 330 M M 1 1 24 330
8 76 46 61 5 4 0 T M M 5.5 13 330 M M 1 21 320
9 73 50 62 6 3 0 0.02 M M 7.8 26 150 M M 4 123 36 150
10 79 51 65 9 0 0 0.44 M M 9.1 21 130 M M 2 13 27 130
11 75 59 67 10 0 2 0.99 M M 7.1 21 210 M M 6 13 29 210
12 68 61 65 8 0 0 T M M 8.9 17 120 M M 7 1 30 70
13 65 52 59 1 6 0 1.14 M M 12.8 22 70 M M 9 13 34 60
14 62 51 57 -1 8 0 0.11 M M 10.6 15 60 M M 8 1 23 40
15 72 44 58 0 7 0 0.00 M M 4.5 12 220 M M 0 1 16 210
16 80 52 66 7 0 1 0.00 M M 8.6 15 280 M M 0 21 280
17 76 54 65 6 0 0 0.00 M M 12.0 21 120 M M 0 26 130
18 73 47 60 0 5 0 0.01 M M 9.5 21 320 M M 5 18 30 320
19 62 42 52 -8 13 0 0.00 M M 8.5 18 300 M M 4 26 310
20 72 41 57 -3 8 0 0.00 M M 5.8 16 170 M M 0 21 140
21 81 52 67 6 0 2 0.00 M M 8.9 15 140 M M 0 20 130
22 83 54 69 8 0 4 0.00 M M 9.3 22 170 M M 2 29 140
23 84 57 71 9 0 6 0.00 M M 8.5 17 170 M M 1 28 150
24 84 56 70 8 0 5 0.00 M M 9.6 20 80 M M 2 29 70
25 82 56 69 7 0 4 0.00 M M 14.2 24 130 M M 0 30 130
26 83 52 68 5 0 3 0.00 M M 12.8 21 130 M M 0 29 140
27 84 48 66 3 0 1 0.00 M M 12.6 24 140 M M 0 33 140
28 84 50 67 4 0 2 0.00 M M 10.1 23 150 M M 0 30 150
29 86 55 71 7 0 6 0.34 M M 13.6 28 210 M M 3 3 37 210
30 87 63 75 11 0 10 0.12 M M 12.9 24 150 M M 3 13 32 200
31 89 61 75 11 0 10 0.07 M M 10.5 25 220 M M 1 138 33 280
================================================================================
SM 2354 1558 108 56 3.25 M 298.8 M 74
================================================================================
AV 75.9 50.3 9.6 FASTST M M 2 MAX(MPH)
MISC ----> 30 130 46 310
================================================================================
NOTES:
# LAST OF SEVERAL OCCURRENCES
COLUMN 17 PEAK WIND IN M.P.H.
PRELIMINARY LOCAL CLIMATOLOGICAL DATA (WS FORM: F-6) , PAGE 2
STATION: REDWOOD FALLS MN
MONTH: MAY
YEAR: 2023
LATITUDE: 44 32 N
LONGITUDE: 95 5 W
[TEMPERATURE DATA] [PRECIPITATION DATA] SYMBOLS USED IN COLUMN 16
AVERAGE MONTHLY: 63.1 TOTAL FOR MONTH: 3.25 1 = FOG OR MIST
DPTR FM NORMAL: 4.4 DPTR FM NORMAL: -0.40 2 = FOG REDUCING VISIBILITY
HIGHEST: 89 ON 31 GRTST 24HR 1.43 ON 10-11 TO 1/4 MILE OR LESS
LOWEST: 35 ON 3 3 = THUNDER
SNOW, ICE PELLETS, HAIL 4 = ICE PELLETS
TOTAL MONTH: M 5 = HAIL
GRTST 24HR M ON M 6 = FREEZING RAIN OR DRIZZLE
GRTST DEPTH: M ON M 7 = DUSTSTORM OR SANDSTORM:
VSBY 1/2 MILE OR LESS
8 = SMOKE OR HAZE
[NO. OF DAYS WITH] [WEATHER - DAYS WITH] 9 = BLOWING SNOW
X = TORNADO
MAX 32 OR BELOW: 0 0.01 INCH OR MORE: 10
MAX 90 OR ABOVE: 0 0.10 INCH OR MORE: 6
MIN 32 OR BELOW: 0 0.50 INCH OR MORE: 2
MIN 0 OR BELOW: 0 1.00 INCH OR MORE: 1
[HDD (BASE 65) ]
TOTAL THIS MO. 108 CLEAR (SCALE 0-3) 21
DPTR FM NORMAL -128 PTCLDY (SCALE 4-7) 9
TOTAL FM JUL 1 7881 CLOUDY (SCALE 8-10) 1
DPTR FM NORMAL 111
[CDD (BASE 65) ]
TOTAL THIS MO. 56
DPTR FM NORMAL 15 [PRESSURE DATA]
TOTAL FM JAN 1 58 HIGHEST SLP 30.50 ON 14
DPTR FM NORMAL 14 LOWEST SLP 29.70 ON 6
[REMARKS]
#FINAL-05-23#