000
CXUS55 KPIH 011200
CF6RXE
PRELIMINARY LOCAL CLIMATOLOGICAL DATA (WS FORM: F-6)
STATION: REXBURG
MONTH: FEBRUARY
YEAR: 2023
LATITUDE: 43 49 N
LONGITUDE: 111 48 W
TEMPERATURE IN F: :PCPN: SNOW: WIND :SUNSHINE: SKY :PK WND
================================================================================
1 2 3 4 5 6A 6B 7 8 9 10 11 12 13 14 15 16 17 18
12Z AVG MX 2MIN
DY MAX MIN AVG DEP HDD CDD WTR SNW DPTH SPD SPD DIR MIN PSBL S-S WX SPD DR
================================================================================
1 19 4 12 -9 53 0 0.00 M M 1.5 7 20 M M 8 8 70
2 24 -4 10 -11 55 0 0.00 M M 3.2 7 40 M M 0 8 9 60
3 33 0 17 -5 48 0 0.00 M M 2.9 8 360 M M 2 11 10
4 30 1 16 -6 49 0 0.00 M M 3.7 9 60 M M 0 12 60
5 33 12 23 1 42 0 0.13 M M 9.3 18 230 M M 9 12 28 200
6 31 22 27 5 38 0 T M M 7.8 15 210 M M 9 1 21 210
7 27 20 24 2 41 0 0.00 M M 6.3 17 210 M M 10 25 200
8 27 6 17 -5 48 0 0.00 M M 4.7 13 240 M M 6 18 18 230
9 21 -6 8 -14 57 0 0.00 M M 4.7 9 60 M M 0 11 60
10 26 -5 11 -12 54 0 0.00 M M 3.6 7 40 M M 0 9 40
11 34 4 19 -4 46 0 0.00 M M 2.0 7 60 M M 0 9 90
12 31 -1 15 -8 50 0 0.00 M M 2.5 8 30 M M 0 10 30
13 29 0 15 -8 50 0 0.02 M M 3.1 10 200 M M 3 18 13 280
14 26 18 22 -2 43 0 0.20 M M 8.4 23 200 M M 10 128 35 200
15 27 -1 13 -11 52 0 0.00 M M 6.9 15 30 M M 1 24 10
16 24 -8 8 -16 57 0 0.00 M M 3.1 7 40 M M 4 10 40
17 27 -7 10 -14 55 0 0.00 M M 3.5 7 30 M M 0 9 30
18 21 -6 8 -17 57 0 0.09 M M 2.2 8 10 M M 7 18 12 360
19 23 2 13 -12 52 0 T M M 2.7 13 240 M M 10 128 19 240
20 38 19 29 4 36 0 0.00 M M 6.4 24 200 M M 10 8 39 190
21 40 20 30 4 35 0 0.17 M M 14.0 29 220 M M 9 12 46 220
22 20 4 12 -14 53 0 0.01 M M 10.7 20 20 M M 10 8 28 360
23 24 3 14 -12 51 0 T M M 8.5 16 170 M M 9 8 25 160
24 28 8 18 -9 47 0 0.00 M M 2.4 14 160 M M 6 23 170
25 35 12 24 -3 41 0 0.00 M M 3.5 9 60 M M 3 13 50
26 37 11 24 -4 41 0 0.00 M M 12.6 28 200 M M 8 1 42 200
27 31 15 23 -5 42 0 0.05 M M 7.9 25 210 M M 6 18 38 210
28 29 24 27 -1 38 0 0.02 M M 13.0 23 220 M M 7 128 36 230
================================================================================
SM 795 167 1331 0 0.69 M 161.1 M 147
================================================================================
AV 28.4 6.0 5.8 FASTST M M 5 MAX(MPH)
MISC ----> 29 220 46 220
================================================================================
NOTES:
# LAST OF SEVERAL OCCURRENCES
COLUMN 17 PEAK WIND IN M.P.H.
PRELIMINARY LOCAL CLIMATOLOGICAL DATA (WS FORM: F-6) , PAGE 2
STATION: REXBURG
MONTH: FEBRUARY
YEAR: 2023
LATITUDE: 43 49 N
LONGITUDE: 111 48 W
[TEMPERATURE DATA] [PRECIPITATION DATA] SYMBOLS USED IN COLUMN 16
AVERAGE MONTHLY: 17.2 TOTAL FOR MONTH: 0.69 1 = FOG OR MIST
DPTR FM NORMAL: -6.9 DPTR FM NORMAL: 0.00 2 = FOG REDUCING VISIBILITY
HIGHEST: 40 ON 21 GRTST 24HR 0.22 ON 13-14 TO 1/4 MILE OR LESS
LOWEST: -8 ON 16 3 = THUNDER
SNOW, ICE PELLETS, HAIL 4 = ICE PELLETS
TOTAL MONTH: M 5 = HAIL
GRTST 24HR M ON M 6 = FREEZING RAIN OR DRIZZLE
GRTST DEPTH: M ON M 7 = DUSTSTORM OR SANDSTORM:
VSBY 1/2 MILE OR LESS
8 = SMOKE OR HAZE
[NO. OF DAYS WITH] [WEATHER - DAYS WITH] 9 = BLOWING SNOW
X = TORNADO
MAX 32 OR BELOW: 21 0.01 INCH OR MORE: 8
MAX 90 OR ABOVE: 0 0.10 INCH OR MORE: 3
MIN 32 OR BELOW: 28 0.50 INCH OR MORE: 0
MIN 0 OR BELOW: 10 1.00 INCH OR MORE: 0
[HDD (BASE 65) ]
TOTAL THIS MO. 1331 CLEAR (SCALE 0-3) 11
DPTR FM NORMAL 186 PTCLDY (SCALE 4-7) 7
TOTAL FM JUL 1 5884 CLOUDY (SCALE 8-10) 10
DPTR FM NORMAL 98
[CDD (BASE 65) ]
TOTAL THIS MO. 0
DPTR FM NORMAL 0 [PRESSURE DATA]
TOTAL FM JAN 1 0 HIGHEST SLP 30.82 ON 9
DPTR FM NORMAL 0 LOWEST SLP 29.28 ON 22
[REMARKS]
#FINAL-02-23#