000
CXUS55 KTWC 010855
CF6SAD
PRELIMINARY LOCAL CLIMATOLOGICAL DATA (WS FORM: F-6)
STATION: SAFFORD AZ AIRPORT
MONTH: DECEMBER
YEAR: 2021
LATITUDE: 32 50 N
LONGITUDE: 109 38 W
TEMPERATURE IN F: :PCPN: SNOW: WIND :SUNSHINE: SKY :PK WND
================================================================================
1 2 3 4 5 6A 6B 7 8 9 10 11 12 13 14 15 16 17 18
12Z AVG MX 2MIN
DY MAX MIN AVG DEP HDD CDD WTR SNW DPTH SPD SPD DIR MIN PSBL S-S WX SPD DR
================================================================================
1 71 35 53 3 12 0 0.00 M M 2.8 9 40 M M M 11 240
2 75 37 56 7 9 0 0.00 M M 3.2 12 150 M M M 14 150
3 75 38 57 8 8 0 0.00 M M 2.6 9 90 M M M 12 150
4 72 38 55 6 10 0 0.00 M M 3.7 14 110 M M M 19 120
5 71 34 53 5 12 0 0.00 M M 3.9 9 310 M M M 11 280
6 71 33 52 4 13 0 0.00 M M 4.4 14 130 M M 0 18 130
7 68 38 53 5 12 0 0.00 M M 3.5 12 130 M M 0 13 130
8 68 32 50 2 15 0 0.00 M M 5.4 14 120 M M 0 19 130
9 68 33 51 4 14 0 0.00 M M 6.4 16 170 M M M 23 280
10 58 45 52 5 13 0 0.03 M M 11.6 25 300 M M 4 35 300
11 58 28 43 -4 22 0 0.00 M M 4.1 10 110 M M 0 13 170
12 63 38 51 4 14 0 0.00 M M 9.0 20 130 M M 0 26 120
13 69 33 51 5 14 0 0.00 M M 6.1 14 110 M M 0 19 110
14 68 48 58 12 7 0 T M M 7.5 17 160 M M 7 25 300
15 63 34 49 3 16 0 0.00 M M 12.2 37 320 M M 3 52 320
16 61 27 44 -2 21 0 0.00 M M 3.5 13 140 M M 0 16 150
17 59 28 44 -2 21 0 0.00 M M 6.4 20 310 M M 0 26 300
18 59 24 42 -4 23 0 0.00 M M 4.3 13 160 M M 0 18 180
19 59 33 46 0 19 0 0.00 M M 6.5 16 120 M M 0 20 130
20 62 23 43 -3 22 0 0.00 M M 3.2 9 130 M M 0 10 130
21 61 32 47 1 18 0 0.00 M M 3.3 9 260 M M 0 10 330
22 68 31 50 4 15 0 0.00 M M 3.5 8 350 M M 0 13 120
23 75 41 58 12 7 0 0.00 M M 4.2 10 320 M M 1 14 320
24 59 44 52 6 13 0 0.29 M M 8.2 28 300 M M 5 1 36 300
25 61 40 51 5 14 0 0.00 M M 3.3 10 300 M M 3 1 13 300
26 62 37 50 4 15 0 0.00 M M 8.4 24 320 M M 3 33 320
27 55 33 44 -2 21 0 0.00 M M 5.3 18 180 M M 3 30 190
28 55 31 43 -3 22 0 0.00 M M 4.7 15 300 M M 1 20 280
29 53 34 44 -2 21 0 0.00 M M 4.7 13 310 M M 5 19 280
30 52 28 40 -6 25 0 T M M 3.5 10 140 M M 2 13 150
31 59 42 51 5 14 0 0.37 M M 8.8 28 300 M M 8 13 41 300
================================================================================
SM 1978 1072 482 0 0.69 M 168.2 M 45
================================================================================
AV 63.8 34.6 5.4 FASTST M M 2 MAX(MPH)
MISC ----> 37 320 52 320
================================================================================
NOTES:
# LAST OF SEVERAL OCCURRENCES
COLUMN 17 PEAK WIND IN M.P.H.
PRELIMINARY LOCAL CLIMATOLOGICAL DATA (WS FORM: F-6) , PAGE 2
STATION: SAFFORD AZ AIRPORT
MONTH: DECEMBER
YEAR: 2021
LATITUDE: 32 50 N
LONGITUDE: 109 38 W
[TEMPERATURE DATA] [PRECIPITATION DATA] SYMBOLS USED IN COLUMN 16
AVERAGE MONTHLY: 49.2 TOTAL FOR MONTH: 0.69 1 = FOG OR MIST
DPTR FM NORMAL: 2.6 DPTR FM NORMAL: -0.16 2 = FOG REDUCING VISIBILITY
HIGHEST: 75 ON 23, 3 GRTST 24HR 0.37 ON 31-31 TO 1/4 MILE OR LESS
LOWEST: 23 ON 20 3 = THUNDER
SNOW, ICE PELLETS, HAIL 4 = ICE PELLETS
TOTAL MONTH: M 5 = HAIL
GRTST 24HR M ON M 6 = FREEZING RAIN OR DRIZZLE
GRTST DEPTH: M ON M 7 = DUSTSTORM OR SANDSTORM:
VSBY 1/2 MILE OR LESS
8 = SMOKE OR HAZE
[NO. OF DAYS WITH] [WEATHER - DAYS WITH] 9 = BLOWING SNOW
X = TORNADO
MAX 32 OR BELOW: 0 0.01 INCH OR MORE: 3
MAX 90 OR ABOVE: 0 0.10 INCH OR MORE: 2
MIN 32 OR BELOW: 10 0.50 INCH OR MORE: 0
MIN 0 OR BELOW: 0 1.00 INCH OR MORE: 0
[HDD (BASE 65) ]
TOTAL THIS MO. 482 CLEAR (SCALE 0-3) 18
DPTR FM NORMAL -87 PTCLDY (SCALE 4-7) 7
TOTAL FM JUL 1 770 CLOUDY (SCALE 8-10) 6
DPTR FM NORMAL -136
[CDD (BASE 65) ]
TOTAL THIS MO. 0
DPTR FM NORMAL 0 [PRESSURE DATA]
TOTAL FM JAN 1 2862 HIGHEST SLP M ON M
DPTR FM NORMAL 149 LOWEST SLP 29.45 ON 31
[REMARKS]
#FINAL-12-21#