000
CXUS56 KSGX 011045
CF6SAN
PRELIMINARY LOCAL CLIMATOLOGICAL DATA (WS FORM: F-6)
STATION: SAN DIEGO INTL AIRPORT CA
MONTH: APRIL
YEAR: 2022
LATITUDE: 32 43 N
LONGITUDE: 117 10 W
TEMPERATURE IN F: :PCPN: SNOW: WIND :SUNSHINE: SKY :PK WND
================================================================================
1 2 3 4 5 6A 6B 7 8 9 10 11 12 13 14 15 16 17 18
12Z AVG MX 2MIN
DY MAX MIN AVG DEP HDD CDD WTR SNW DPTH SPD SPD DIR MIN PSBL S-S WX SPD DR
================================================================================
1 68 58 63 1 2 0 0.00 M M 5.1 13 280 M M 7 26 210
2 62 58 60 -2 5 0 T M M 4.6 12 260 M M 10 18 17 240
3 63 57 60 -2 5 0 0.01 M M 6.2 14 280 M M 10 1 17 310
4 66 56 61 -1 4 0 0.00 M M 6.2 16 300 M M 6 21 280
5 68 53 61 -1 4 0 0.00 M M 4.8 10 220 M M 3 18 23 210
6 72 55 64 2 1 0 0.00 M M 3.6 12 210 M M 2 18 23 190
7 89 55 72 10 0 7 0.00 M M 4.5 13 320 M M 2 12 19 320
8 95 58 77 15 0 12 0.00 M M 3.5 15 320 M M 1 22 320
9 70 59 65 3 0 0 0.00 M M 7.9 16 170 M M 6 18 28 200
10 67 60 64 2 1 0 0.00 M M 8.6 15 210 M M 9 8 26 190
11 65 57 61 -2 4 0 T M M 10.8 18 280 M M 8 25 250
12 66 55 61 -2 4 0 0.00 M M 9.4 22 270 M M 4 29 290
13 66 51 59 -4 6 0 0.00 M M 6.0 15 270 M M 2 20 290
14 66 48 57 -6 8 0 0.00 M M 4.8 13 270 M M 3 22 240
15 67 54 61 -2 4 0 0.00 M M 5.8 14 280 M M 5 20 260
16 66 59 63 0 2 0 0.00 M M 8.2 16 280 M M 7 21 320
17 67 57 62 -1 3 0 T M M 8.2 18 290 M M 4 1 22 290
18 69 57 63 0 2 0 0.00 M M 5.9 17 280 M M 7 20 290
19 69 56 63 0 2 0 0.00 M M 5.8 16 270 M M 7 22 290
20 67 56 62 -1 3 0 0.00 M M 7.1 16 280 M M 5 24 220
21 67 52 60 -3 5 0 T M M 6.1 18 280 M M 4 23 300
22 66 55 61 -2 4 0 0.01 M M 10.7 23 280 M M 6 1 27 280
23 66 51 59 -5 6 0 0.00 M M 7.0 18 320 M M 1 8 26 330
24 79 52 66 2 0 1 0.00 M M 4.8 16 330 M M 0 21 320
25 82 53 68 4 0 3 0.00 M M 3.7 16 320 M M 2 23 320
26 73 53 63 -1 2 0 0.00 M M 5.3 12 210 M M 6 25 210
27 64 57 61 -3 4 0 0.00 M M 8.8 14 220 M M 7 26 200
28 64 57 61 -3 4 0 0.00 M M 6.7 14 240 M M 8 23 240
29 67 55 61 -3 4 0 0.00 M M 6.1 13 300 M M 2 23 210
30 68 54 61 -3 4 0 0.00 M M 4.4 13 260 M M 2 22 200
================================================================================
SM 2084 1658 93 23 0.02 M 190.6 M 146
================================================================================
AV 69.5 55.3 6.4 FASTST M M 5 MAX(MPH)
MISC ----> 23 280 29 290
================================================================================
NOTES:
# LAST OF SEVERAL OCCURRENCES
COLUMN 17 PEAK WIND IN M.P.H.
PRELIMINARY LOCAL CLIMATOLOGICAL DATA (WS FORM: F-6) , PAGE 2
STATION: SAN DIEGO INTL AIRPORT CA
MONTH: APRIL
YEAR: 2022
LATITUDE: 32 43 N
LONGITUDE: 117 10 W
[TEMPERATURE DATA] [PRECIPITATION DATA] SYMBOLS USED IN COLUMN 16
AVERAGE MONTHLY: 62.4 TOTAL FOR MONTH: 0.02 1 = FOG OR MIST
DPTR FM NORMAL: -0.5 DPTR FM NORMAL: -0.63 2 = FOG REDUCING VISIBILITY
HIGHEST: 95 ON 8 GRTST 24HR 0.01 ON 2- 3 TO 1/4 MILE OR LESS
LOWEST: 48 ON 14 3 = THUNDER
SNOW, ICE PELLETS, HAIL 4 = ICE PELLETS
TOTAL MONTH: M 5 = HAIL
GRTST 24HR M ON M 6 = FREEZING RAIN OR DRIZZLE
GRTST DEPTH: M ON M 7 = DUSTSTORM OR SANDSTORM:
VSBY 1/2 MILE OR LESS
8 = SMOKE OR HAZE
[NO. OF DAYS WITH] [WEATHER - DAYS WITH] 9 = BLOWING SNOW
X = TORNADO
MAX 32 OR BELOW: 0 0.01 INCH OR MORE: 2
MAX 90 OR ABOVE: 1 0.10 INCH OR MORE: 0
MIN 32 OR BELOW: 0 0.50 INCH OR MORE: 0
MIN 0 OR BELOW: 0 1.00 INCH OR MORE: 0
[HDD (BASE 65) ]
TOTAL THIS MO. 93 CLEAR (SCALE 0-3) 11
DPTR FM NORMAL 8 PTCLDY (SCALE 4-7) 16
TOTAL FM JUL 1 1081 CLOUDY (SCALE 8-10) 3
DPTR FM NORMAL 147
[CDD (BASE 65) ]
TOTAL THIS MO. 23
DPTR FM NORMAL 0 [PRESSURE DATA]
TOTAL FM JAN 1 36 HIGHEST SLP 30.18 ON 17
DPTR FM NORMAL -5 LOWEST SLP 29.82 ON 9
[REMARKS]
#FINAL-04-22#