000
CXUS56 KSGX 161045
CF6SAN
PRELIMINARY LOCAL CLIMATOLOGICAL DATA (WS FORM: F-6)
STATION: SAN DIEGO INTL AIRPORT CA
MONTH: APRIL
YEAR: 2024
LATITUDE: 32 43 N
LONGITUDE: 117 10 W
TEMPERATURE IN F: :PCPN: SNOW: WIND :SUNSHINE: SKY :PK WND
================================================================================
1 2 3 4 5 6A 6B 7 8 9 10 11 12 13 14 15 16 17 18
12Z AVG MX 2MIN
DY MAX MIN AVG DEP HDD CDD WTR SNW DPTH SPD SPD DIR MIN PSBL S-S WX SPD DR
================================================================================
1 65 53 59 -3 6 0 0.00 M M 5.0 16 300 M M 5 23 320
2 69 50 60 -2 5 0 0.00 M M 3.6 13 290 M M 1 23 170
3 70 52 61 -1 4 0 0.00 M M 4.4 15 270 M M 2 20 270
4 66 53 60 -2 5 0 0.01 M M 7.9 17 290 M M 8 1 27 220
5 60 52 56 -6 9 0 0.11 M M 11.9 24 290 M M 7 8 36 290
6 63 48 56 -6 9 0 0.00 M M 6.1 14 280 M M 3 25 210
7 65 47 56 -6 9 0 0.00 M M 4.5 15 280 M M 2 23 250
8 64 52 58 -4 7 0 0.00 M M 5.3 15 300 M M 2 25 300
9 73 49 61 -1 4 0 0.00 M M 3.7 16 320 M M 0 23 330
10 74 51 63 1 2 0 0.00 M M 4.3 13 280 M M 1 19 250
11 66 56 61 -2 4 0 0.00 M M 5.7 14 270 M M 5 18 20 250
12 63 56 60 -3 5 0 0.00 M M 7.6 14 210 M M 9 1 29 190
13 67 54 61 -2 4 0 0.04 M M 8.4 16 190 M M 9 1 33 200
14 65 49 57 -6 8 0 T M M 5.2 15 260 M M 4 25 230
15 67 55 61 -2 4 0 0.00 M M 6.3 17 300 M M 5 26 290
================================================================================
SM 997 777 85 0 0.16 M 89.9 M 63
================================================================================
AV 66.5 51.8 6.0 FASTST M M 4 MAX(MPH)
MISC ----> 24 290 36 290
================================================================================
NOTES:
# LAST OF SEVERAL OCCURRENCES
COLUMN 17 PEAK WIND IN M.P.H.
PRELIMINARY LOCAL CLIMATOLOGICAL DATA (WS FORM: F-6) , PAGE 2
STATION: SAN DIEGO INTL AIRPORT CA
MONTH: APRIL
YEAR: 2024
LATITUDE: 32 43 N
LONGITUDE: 117 10 W
[TEMPERATURE DATA] [PRECIPITATION DATA] SYMBOLS USED IN COLUMN 16
AVERAGE MONTHLY: 59.1 TOTAL FOR MONTH: 0.16 1 = FOG OR MIST
DPTR FM NORMAL: -3.2 DPTR FM NORMAL: -0.25 2 = FOG REDUCING VISIBILITY
HIGHEST: 74 ON 10 GRTST 24HR 0.12 ON 4- 5 TO 1/4 MILE OR LESS
LOWEST: 47 ON 7 3 = THUNDER
SNOW, ICE PELLETS, HAIL 4 = ICE PELLETS
TOTAL MONTH: M 5 = HAIL
GRTST 24HR M ON M 6 = FREEZING RAIN OR DRIZZLE
GRTST DEPTH: M ON M 7 = DUSTSTORM OR SANDSTORM:
VSBY 1/2 MILE OR LESS
8 = SMOKE OR HAZE
[NO. OF DAYS WITH] [WEATHER - DAYS WITH] 9 = BLOWING SNOW
X = TORNADO
MAX 32 OR BELOW: 0 0.01 INCH OR MORE: 3
MAX 90 OR ABOVE: 0 0.10 INCH OR MORE: 1
MIN 32 OR BELOW: 0 0.50 INCH OR MORE: 0
MIN 0 OR BELOW: 0 1.00 INCH OR MORE: 0
[HDD (BASE 65) ]
TOTAL THIS MO. 85 CLEAR (SCALE 0-3) 7
DPTR FM NORMAL 38 PTCLDY (SCALE 4-7) 6
TOTAL FM JUL 1 981 CLOUDY (SCALE 8-10) 2
DPTR FM NORMAL 84
[CDD (BASE 65) ]
TOTAL THIS MO. 0
DPTR FM NORMAL -5 [PRESSURE DATA]
TOTAL FM JAN 1 0 HIGHEST SLP M ON M
DPTR FM NORMAL -23 LOWEST SLP 29.82 ON 1
[REMARKS]