000
CXUS52 KCHS 041437
CF6SAV
PRELIMINARY LOCAL CLIMATOLOGICAL DATA (WS FORM: F-6)
STATION: SAVANNAH GA
MONTH: OCTOBER
YEAR: 2021
LATITUDE: 32 7 N
LONGITUDE: 81 12 W
TEMPERATURE IN F: :PCPN: SNOW: WIND :SUNSHINE: SKY :PK WND
================================================================================
1 2 3 4 5 6A 6B 7 8 9 10 11 12 13 14 15 16 17 18
12Z AVG MX 2MIN
DY MAX MIN AVG DEP HDD CDD WTR SNW DPTH SPD SPD DIR MIN PSBL S-S WX SPD DR
================================================================================
1 87 65 76 2 0 11 0.00 0.0 0 5.2 16 110 M M 6 1 21 110
2 86 67 77 3 0 12 0.00 0.0 0 5.5 14 80 M M 3 18 80
3 86 65 76 3 0 11 0.00 0.0 0 2.4 12 160 M M 5 12 14 140
4 86 68 77 4 0 12 0.00 0.0 0 5.4 15 160 M M 5 1 18 160
5 84 68 76 3 0 11 0.41 0.0 0 5.0 15 120 M M 6 13 19 120
6 78 72 75 3 0 10 0.32 0.0 0 6.7 17 80 M M 7 1 24 80
7 86 72 79 7 0 14 0.00 0.0 0 4.8 10 40 M M 8 12 16 20
8 79 70 75 3 0 10 0.44 0.0 0 4.4 15 150 M M 6 13 18 150
9 82 67 75 4 0 10 T 0.0 0 7.6 20 350 M M 6 12 24 350
10 82 66 74 3 0 9 0.00 0.0 0 6.7 16 20 M M 6 20 360
11 81 65 73 2 0 8 0.00 0.0 0 6.3 12 40 M M 6 16 360
12 81 62 72 2 0 7 0.00 0.0 0 5.0 14 10 M M 3 1 17 360
13 82 59 71 1 0 6 0.00 0.0 0 3.4 12 100 M M 2 1 21 90
14 85 61 73 3 0 8 0.00 0.0 0 2.5 9 120 M M 3 1 12 120
15 86 65 76 7 0 11 0.00 0.0 0 3.4 9 180 M M 2 1 11 170
16 88 62 75 6 0 10 T 0.0 0 9.0 21 260 M M 3 26 310
17 72 50 61 -7 4 0 0.00 0.0 0 6.7 17 40 M M 0 22 30
18 74 46 60 -8 5 0 0.00 0.0 0 3.5 14 40 M M 2 1 17 40
19 77 47 62 -6 3 0 0.00 0.0 0 2.1 10 130 M M 1 1 12 130
20 80 49 65 -2 0 0 0.00 0.0 0 1.9 9 140 M M 3 1 11 150
21 82 55 69 2 0 4 0.00 0.0 0 4.4 13 170 M M 4 1 17 200
22 84 61 73 6 0 8 0.00 0.0 0 6.0 17 270 M M 3 22 260
23 80 53 67 1 0 2 0.00 0.0 0 2.7 10 310 M M 0 1 13 300
24 80 52 66 0 0 1 0.00 0.0 0 4.5 12 130 M M 6 1 15 140
25 77 69 73 7 0 8 0.65 0.0 0 6.2 14 120 M M 8 1 17 120
26 73 56 65 0 0 0 0.00 0.0 0 8.9 18 300 M M 1 22 280
27 71 50 61 -4 4 0 0.00 0.0 0 3.8 15 30 M M 3 18 30
28 74 51 63 -2 2 0 0.82 0.0 0 6.8 22 180 M M 7 1 30 170
29 71 52 62 -2 3 0 T 0.0 0 11.3 29 240 M M 4 35 230
30 62 50 56 -8 9 0 0.00 0.0 0 8.5 18 260 M M 6 22 270
31 72 50 61 -3 4 0 0.00 0.0 0 7.6 16 260 M M 1 23 270
================================================================================
SM 2468 1845 34 183 2.64 0.0 168.2 M 126
================================================================================
AV 79.6 59.5 5.4 FASTST M M 4 MAX(MPH)
MISC ----> 29 240 35 230
================================================================================
NOTES:
# LAST OF SEVERAL OCCURRENCES
COLUMN 17 PEAK WIND IN M.P.H.
PRELIMINARY LOCAL CLIMATOLOGICAL DATA (WS FORM: F-6) , PAGE 2
STATION: SAVANNAH GA
MONTH: OCTOBER
YEAR: 2021
LATITUDE: 32 7 N
LONGITUDE: 81 12 W
[TEMPERATURE DATA] [PRECIPITATION DATA] SYMBOLS USED IN COLUMN 16
AVERAGE MONTHLY: 69.6 TOTAL FOR MONTH: 2.64 1 = FOG OR MIST
DPTR FM NORMAL: 0.8 DPTR FM NORMAL: -1.08 2 = FOG REDUCING VISIBILITY
HIGHEST: 88 ON 16 GRTST 24HR 0.82 ON 28-28 TO 1/4 MILE OR LESS
LOWEST: 46 ON 18 3 = THUNDER
SNOW, ICE PELLETS, HAIL 4 = ICE PELLETS
TOTAL MONTH: 0.0 INCH 5 = HAIL
GRTST 24HR 0.0 6 = FREEZING RAIN OR DRIZZLE
GRTST DEPTH: 0 7 = DUSTSTORM OR SANDSTORM:
VSBY 1/2 MILE OR LESS
8 = SMOKE OR HAZE
[NO. OF DAYS WITH] [WEATHER - DAYS WITH] 9 = BLOWING SNOW
X = TORNADO
MAX 32 OR BELOW: 0 0.01 INCH OR MORE: 5
MAX 90 OR ABOVE: 0 0.10 INCH OR MORE: 5
MIN 32 OR BELOW: 0 0.50 INCH OR MORE: 2
MIN 0 OR BELOW: 0 1.00 INCH OR MORE: 0
[HDD (BASE 65) ]
TOTAL THIS MO. 34 CLEAR (SCALE 0-3) 14
DPTR FM NORMAL -12 PTCLDY (SCALE 4-7) 16
TOTAL FM JUL 1 34 CLOUDY (SCALE 8-10) 1
DPTR FM NORMAL -11
[CDD (BASE 65) ]
TOTAL THIS MO. 183
DPTR FM NORMAL 19 [PRESSURE DATA]
TOTAL FM JAN 1 2437 HIGHEST SLP 30.30 ON 20
DPTR FM NORMAL -111 LOWEST SLP 29.53 ON 29
[REMARKS]
#FINAL-10-21#