000
CXUS53 KMKX 010810
CF6SBM
PRELIMINARY LOCAL CLIMATOLOGICAL DATA (WS FORM: F-6)
STATION: SHEBOYGAN WI
MONTH: MARCH
YEAR: 2021
LATITUDE: 43 46 N
LONGITUDE: 87 51 W
TEMPERATURE IN F: :PCPN: SNOW: WIND :SUNSHINE: SKY :PK WND
================================================================================
1 2 3 4 5 6A 6B 7 8 9 10 11 12 13 14 15 16 17 18
12Z AVG MX 2MIN
DY MAX MIN AVG DEP HDD CDD WTR SNW DPTH SPD SPD DIR MIN PSBL S-S WX SPD DR
================================================================================
1 30 14 22 -5 43 0 0.00 M M 11.1 23 310 M M 1 31 320
2 38 11 25 -2 40 0 0.00 M M 14.6 26 220 M M 1 36 220
3 46 30 38 10 27 0 0.00 M M 8.1 17 50 M M 2 21 40
4 31 22 27 -1 38 0 0.00 M M 6.5 16 30 M M 3 1 21 30
5 42 20 31 3 34 0 0.00 M M 5.3 13 300 M M 1 19 280
6 41 21 31 2 34 0 0.00 M M 4.1 14 320 M M 0 1 20 320
7 37 20 29 0 36 0 0.00 M M 7.7 17 170 M M 2 1 27 170
8 57 32 45 16 20 0 0.00 M M 9.2 18 280 M M 2 25 270
9 50 30 40 10 25 0 0.00 M M 6.7 18 180 M M 1 24 180
10 62 43 53 23 12 0 T M M 12.3 32 200 M M 8 48 210
11 60 38 49 19 16 0 T M M 19.5 37 240 M M 3 49 250
12 44 25 35 4 30 0 0.00 M M 8.8 24 320 M M 0 36 300
13 56 24 40 9 25 0 0.00 M M 10.2 24 260 M M 0 32 250
14 46 30 38 6 27 0 0.00 M M 16.4 25 50 M M 0 34 40
15 36 29 33 1 32 0 0.02 M M 12.1 20 100 M M 4 1 28 100
16 38 30 34 2 31 0 T M M 3.8 12 30 M M 10 1 16 100
17 36 32 34 1 31 0 0.04 M M 6.2 15 40 M M 10 1 21 40
18 42 31 37 4 28 0 0.00 M M 21.1 39 40 M M 2 51 40
19 46 25 36 2 29 0 0.00 M M 4.9 12 180 M M 0 16 180
20 52 23 38 4 27 0 0.00 M M 7.3 16 160 M M 0 21 180
21 56 30 43 9 22 0 0.00 M M 11.5 22 170 M M 0 34 180
22 62 40 51 16 14 0 0.00 M M 6.2 17 230 M M 7 23 240
23 62 37 50 15 15 0 0.83 M M 5.8 14 90 M M 8 18 21 130
24 53 43 48 12 17 0 0.13 M M 15.8 29 230 M M 10 18 43 220
25 44 32 38 2 27 0 T M M 11.0 30 30 M M 9 38 20
26 40 29 35 -1 30 0 T M M 7.5 21 20 M M 10 16 29 20
27 41 34 38 1 27 0 0.21 M M 6.4 13 100 M M 10 1 18 100
28 39 27 33 -4 32 0 0.03 M M 11.9 29 310 M M 9 1 40 330
29 50 25 38 1 27 0 M M M 14.0 29 170 M M 1 45 180
30 64 37 51 13 14 0 0.00 M M 17.3 28 190 M M 1 37 270
31 37 25 31 -7 34 0 0.00 M M 12.3 21 300 M M 6 32 320
================================================================================
SM 1438 889 844 0 1.26 M 315.6 M 121
================================================================================
AV 46.4 28.7 10.2 FASTST M M 4 MAX(MPH)
MISC ----> 39 40 51 40
================================================================================
NOTES:
# LAST OF SEVERAL OCCURRENCES
COLUMN 17 PEAK WIND IN M.P.H.
PRELIMINARY LOCAL CLIMATOLOGICAL DATA (WS FORM: F-6) , PAGE 2
STATION: SHEBOYGAN WI
MONTH: MARCH
YEAR: 2021
LATITUDE: 43 46 N
LONGITUDE: 87 51 W
[TEMPERATURE DATA] [PRECIPITATION DATA] SYMBOLS USED IN COLUMN 16
AVERAGE MONTHLY: 37.5 TOTAL FOR MONTH: 1.26 1 = FOG OR MIST
DPTR FM NORMAL: 5.1 DPTR FM NORMAL: -0.49 2 = FOG REDUCING VISIBILITY
HIGHEST: 64 ON 30 GRTST 24HR 0.96 ON 23-24 TO 1/4 MILE OR LESS
LOWEST: 11 ON 2 3 = THUNDER
SNOW, ICE PELLETS, HAIL 4 = ICE PELLETS
TOTAL MONTH: M 5 = HAIL
GRTST 24HR M ON M 6 = FREEZING RAIN OR DRIZZLE
GRTST DEPTH: M ON M 7 = DUSTSTORM OR SANDSTORM:
VSBY 1/2 MILE OR LESS
8 = SMOKE OR HAZE
[NO. OF DAYS WITH] [WEATHER - DAYS WITH] 9 = BLOWING SNOW
X = TORNADO
MAX 32 OR BELOW: 2 0.01 INCH OR MORE: 6
MAX 90 OR ABOVE: 0 0.10 INCH OR MORE: 3
MIN 32 OR BELOW: 24 0.50 INCH OR MORE: 1
MIN 0 OR BELOW: 0 1.00 INCH OR MORE: 0
[HDD (BASE 65) ]
TOTAL THIS MO. 844 CLEAR (SCALE 0-3) 19
DPTR FM NORMAL -166 PTCLDY (SCALE 4-7) 5
TOTAL FM JUL 1 5901 CLOUDY (SCALE 8-10) 7
DPTR FM NORMAL -638
[CDD (BASE 65) ]
TOTAL THIS MO. 0
DPTR FM NORMAL 0 [PRESSURE DATA]
TOTAL FM JAN 1 0 HIGHEST SLP M ON M
DPTR FM NORMAL 0 LOWEST SLP 29.52 ON 24
[REMARKS]
#FINAL-03-21#