000
CXUS56 KLOX 011155
CF6SBP
PRELIMINARY LOCAL CLIMATOLOGICAL DATA (WS FORM: F-6)
STATION: SAN LUIS OBISPO AIRPORT CA
MONTH: JUNE
YEAR: 2023
LATITUDE: 35 13 N
LONGITUDE: 120 38 W
TEMPERATURE IN F: :PCPN: SNOW: WIND :SUNSHINE: SKY :PK WND
================================================================================
1 2 3 4 5 6A 6B 7 8 9 10 11 12 13 14 15 16 17 18
12Z AVG MX 2MIN
DY MAX MIN AVG DEP HDD CDD WTR SNW DPTH SPD SPD DIR MIN PSBL S-S WX SPD DR
================================================================================
1 65 53 59 -3 6 0 0.00 M M 7.0 18 310 M M 8 22 320
2 68 53 61 -1 4 0 0.00 M M 8.0 18 310 M M 5 23 300
3 73 53 63 1 2 0 0.00 M M 5.1 13 310 M M 6 16 330
4 68 54 61 -1 4 0 0.00 M M 3.6 12 240 M M 8 1 15 200
5 62 55 59 -3 6 0 0.08 M M 4.3 12 200 M M 10 13 15 220
6 61 56 59 -3 6 0 0.03 M M 2.9 10 160 M M 10 13 13 150
7 65 57 61 -1 4 0 0.00 M M 3.8 12 240 M M 10 15 240
8 73 54 64 2 1 0 0.00 M M 6.9 17 310 M M 3 22 300
9 67 57 62 0 3 0 0.00 M M 7.6 18 310 M M M 22 320
10 71 57 64 2 1 0 0.00 M M 7.0 17 300 M M 9 22 310
11 69 56 63 0 2 0 0.00 M M 4.5 15 240 M M 9 1 18 240
12 67 56 62 -1 3 0 0.00 M M 4.6 13 220 M M 9 1 16 210
13 72 58 65 2 0 0 0.00 M M 5.7 15 300 M M 7 20 310
14 73 57 65 2 0 0 0.00 M M 5.8 16 300 M M 7 8 20 300
15 70 57 64 1 1 0 0.00 M M 5.0 14 240 M M 10 16 230
16 74 59 67 4 0 2 0.00 M M 6.4 15 310 M M 6 19 310
17 76 57 67 4 0 2 0.00 M M 6.9 21 310 M M 6 24 310
18 72 56 64 1 1 0 0.00 M M 6.4 20 310 M M 7 1 22 310
19 70 51 61 -3 4 0 0.00 M M 10.1 28 310 M M 3 8 33 310
20 76 49 63 -1 2 0 0.00 M M 14.6 29 320 M M 0 34 320
21 70 47 59 -5 6 0 0.00 M M 11.5 25 320 M M 2 31 310
22 67 54 61 -3 4 0 0.00 M M 7.2 17 310 M M 9 8 21 310
23 72 55 64 0 1 0 0.00 M M 9.2 22 320 M M 5 29 340
24 72 51 62 -2 3 0 0.00 M M 8.4 23 310 M M 6 27 310
25 69 55 62 -2 3 0 0.00 M M 9.0 20 310 M M 7 24 310
26 70 55 63 -1 2 0 0.00 M M 11.2 23 310 M M 6 30 300
27 73 54 64 -1 1 0 0.00 M M 8.9 25 310 M M 6 30 310
28 72 54 63 -2 2 0 0.00 M M 8.0 23 300 M M 5 1 27 310
29 76 52 64 -1 1 0 0.00 M M 6.2 18 310 M M 4 1 23 320
30 81 51 66 1 0 1 0.00 M M 5.2 16 310 M M 3 1 19 300
================================================================================
SM 2114 1633 73 5 0.11 M 211.0 M 186
================================================================================
AV 70.5 54.4 7.0 FASTST M M 6 MAX(MPH)
MISC ----> 29 320 34 320
================================================================================
NOTES:
# LAST OF SEVERAL OCCURRENCES
COLUMN 17 PEAK WIND IN M.P.H.
PRELIMINARY LOCAL CLIMATOLOGICAL DATA (WS FORM: F-6) , PAGE 2
STATION: SAN LUIS OBISPO AIRPORT CA
MONTH: JUNE
YEAR: 2023
LATITUDE: 35 13 N
LONGITUDE: 120 38 W
[TEMPERATURE DATA] [PRECIPITATION DATA] SYMBOLS USED IN COLUMN 16
AVERAGE MONTHLY: 62.5 TOTAL FOR MONTH: 0.11 1 = FOG OR MIST
DPTR FM NORMAL: -0.7 DPTR FM NORMAL: 0.01 2 = FOG REDUCING VISIBILITY
HIGHEST: 81 ON 30 GRTST 24HR 0.11 ON 5- 6 TO 1/4 MILE OR LESS
LOWEST: 47 ON 21 3 = THUNDER
SNOW, ICE PELLETS, HAIL 4 = ICE PELLETS
TOTAL MONTH: M 5 = HAIL
GRTST 24HR M ON M 6 = FREEZING RAIN OR DRIZZLE
GRTST DEPTH: M ON M 7 = DUSTSTORM OR SANDSTORM:
VSBY 1/2 MILE OR LESS
8 = SMOKE OR HAZE
[NO. OF DAYS WITH] [WEATHER - DAYS WITH] 9 = BLOWING SNOW
X = TORNADO
MAX 32 OR BELOW: 0 0.01 INCH OR MORE: 2
MAX 90 OR ABOVE: 0 0.10 INCH OR MORE: 0
MIN 32 OR BELOW: 0 0.50 INCH OR MORE: 0
MIN 0 OR BELOW: 0 1.00 INCH OR MORE: 0
[HDD (BASE 65) ]
TOTAL THIS MO. 73 CLEAR (SCALE 0-3) 3
DPTR FM NORMAL -7 PTCLDY (SCALE 4-7) 17
TOTAL FM JUL 1 2395 CLOUDY (SCALE 8-10) 10
DPTR FM NORMAL 127
[CDD (BASE 65) ]
TOTAL THIS MO. 5
DPTR FM NORMAL -20 [PRESSURE DATA]
TOTAL FM JAN 1 10 HIGHEST SLP 30.11 ON 25
DPTR FM NORMAL -42 LOWEST SLP 29.83 ON 6
[REMARKS]
#FINAL-06-23#