000
CXUS56 KLOX 011155
CF6SBP
PRELIMINARY LOCAL CLIMATOLOGICAL DATA (WS FORM: F-6)
STATION: SAN LUIS OBISPO AIRPORT CA
MONTH: JUNE
YEAR: 2022
LATITUDE: 35 13 N
LONGITUDE: 120 38 W
TEMPERATURE IN F: :PCPN: SNOW: WIND :SUNSHINE: SKY :PK WND
================================================================================
1 2 3 4 5 6A 6B 7 8 9 10 11 12 13 14 15 16 17 18
12Z AVG MX 2MIN
DY MAX MIN AVG DEP HDD CDD WTR SNW DPTH SPD SPD DIR MIN PSBL S-S WX SPD DR
================================================================================
1 81 51 66 4 0 1 0.00 M M 7.4 22 320 M M 0 27 320
2 78 48 63 1 2 0 0.00 M M 7.6 22 320 M M 0 26 300
3 76 49 63 1 2 0 0.00 M M 8.7 26 310 M M 3 1 32 320
4 73 53 63 1 2 0 0.00 M M 8.7 21 300 M M 3 1 27 330
5 77 53 65 3 0 0 0.00 M M 10.4 25 300 M M 3 30 300
6 79 52 66 4 0 1 0.00 M M 13.2 29 320 M M 3 1 34 320
7 79 50 65 3 0 0 0.00 M M 10.2 26 310 M M 1 12 33 320
8 86 49 68 6 0 3 0.00 M M 12.3 26 320 M M 0 33 310
9 86 53 70 8 0 5 0.00 M M 8.6 25 310 M M 0 1 29 310
10 88 63 76 14 0 11 0.00 M M 6.2 18 320 M M 0 23 320
11 89 57 73 10 0 8 0.00 M M 5.0 22 310 M M 0 25 300
12 83 55 69 6 0 4 0.00 M M 8.4 23 300 M M 5 1 27 310
13 78 53 66 3 0 1 0.00 M M 15.0 33 320 M M 3 18 39 310
14 86 50 68 5 0 3 0.00 M M 13.9 31 320 M M 0 18 36 310
15 90 51 71 8 0 6 0.00 M M 10.4 28 320 M M 0 18 34 320
16 74 50 62 -1 3 0 0.00 M M 11.1 25 310 M M 2 28 310
17 68 50 59 -4 6 0 0.00 M M 9.8 28 310 M M 1 33 320
18 74 46 60 -3 5 0 0.00 M M 11.9 29 310 M M 2 12 35 320
19 79 47 63 -1 2 0 0.00 M M 12.1 30 320 M M 0 36 310
20 83 52 68 4 0 3 0.00 M M 11.9 29 330 M M 0 37 320
21 92 55 74 10 0 9 0.00 M M 4.6 15 310 M M 0 19 310
22 80 53 67 3 0 2 0.00 M M 5.1 18 300 M M 3 12 22 310
23 81 52 67 3 0 2 0.00 M M 5.9 18 300 M M 3 12 22 300
24 81 52 67 3 0 2 0.00 M M 4.6 17 320 M M 3 12 25 320
25 81 53 67 3 0 2 0.00 M M 5.5 15 300 M M 3 1 18 310
26 77 53 65 1 0 0 0.00 M M 8.7 23 310 M M 4 1 26 310
27 84 54 69 4 0 4 0.00 M M 5.7 16 310 M M 3 1 21 320
28 89 52 71 6 0 6 0.00 M M 4.3 14 310 M M 2 1 17 310
29 83 53 68 3 0 3 0.00 M M 7.8 17 320 M M 0 20 320
30 77 53 65 0 0 0 0.00 M M 9.5 21 310 M M 5 24 310
================================================================================
SM 2432 1562 22 76 0.00 M 264.5 M 52
================================================================================
AV 81.1 52.1 8.8 FASTST M M 2 MAX(MPH)
MISC ----> 33 320 39 310
================================================================================
NOTES:
# LAST OF SEVERAL OCCURRENCES
COLUMN 17 PEAK WIND IN M.P.H.
PRELIMINARY LOCAL CLIMATOLOGICAL DATA (WS FORM: F-6) , PAGE 2
STATION: SAN LUIS OBISPO AIRPORT CA
MONTH: JUNE
YEAR: 2022
LATITUDE: 35 13 N
LONGITUDE: 120 38 W
[TEMPERATURE DATA] [PRECIPITATION DATA] SYMBOLS USED IN COLUMN 16
AVERAGE MONTHLY: 66.6 TOTAL FOR MONTH: 0.00 1 = FOG OR MIST
DPTR FM NORMAL: 3.4 DPTR FM NORMAL: -0.10 2 = FOG REDUCING VISIBILITY
HIGHEST: 92 ON 21 GRTST 24HR T ON 21-21 TO 1/4 MILE OR LESS
LOWEST: 46 ON 18 3 = THUNDER
SNOW, ICE PELLETS, HAIL 4 = ICE PELLETS
TOTAL MONTH: M 5 = HAIL
GRTST 24HR M ON M 6 = FREEZING RAIN OR DRIZZLE
GRTST DEPTH: M ON M 7 = DUSTSTORM OR SANDSTORM:
VSBY 1/2 MILE OR LESS
8 = SMOKE OR HAZE
[NO. OF DAYS WITH] [WEATHER - DAYS WITH] 9 = BLOWING SNOW
X = TORNADO
MAX 32 OR BELOW: 0 0.01 INCH OR MORE: 0
MAX 90 OR ABOVE: 2 0.10 INCH OR MORE: 0
MIN 32 OR BELOW: 0 0.50 INCH OR MORE: 0
MIN 0 OR BELOW: 0 1.00 INCH OR MORE: 0
[HDD (BASE 65) ]
TOTAL THIS MO. 22 CLEAR (SCALE 0-3) 24
DPTR FM NORMAL -58 PTCLDY (SCALE 4-7) 6
TOTAL FM JUL 1 1753 CLOUDY (SCALE 8-10) 0
DPTR FM NORMAL -515
[CDD (BASE 65) ]
TOTAL THIS MO. 76
DPTR FM NORMAL 51 [PRESSURE DATA]
TOTAL FM JAN 1 138 HIGHEST SLP 30.07 ON 30
DPTR FM NORMAL 86 LOWEST SLP 29.78 ON 9
[REMARKS]
#FINAL-06-22#