000
CXUS56 KLOX 011655
CF6SBP
PRELIMINARY LOCAL CLIMATOLOGICAL DATA (WS FORM: F-6)
STATION: SAN LUIS OBISPO AIRPORT CA
MONTH: APRIL
YEAR: 2020
LATITUDE: 35 13 N
LONGITUDE: 120 38 W
TEMPERATURE IN F: :PCPN: SNOW: WIND :SUNSHINE: SKY :PK WND
================================================================================
1 2 3 4 5 6A 6B 7 8 9 10 11 12 13 14 15 16 17 18
12Z AVG MX 2MIN
DY MAX MIN AVG DEP HDD CDD WTR SNW DPTH SPD SPD DIR MIN PSBL S-S WX SPD DR
================================================================================
1 65 44 55 -1 10 0 0.00 0.0 0 13.7 26 320 M M 0 8 31 310
2 69 42 56 0 9 0 0.00 0.0 0 14.0 28 310 M M 0 33 320
3 63 46 55 -1 10 0 0.00 0.0 0 12.8 23 310 M M 0 28 330
4 62 40 51 -5 14 0 T M 0 6.1 21 310 M M 4 1 25 320
5 55 49 52 -4 13 0 0.93 M 0 10.4 22 180 M M 10 1 29 170
6 59 43 51 -5 14 0 T M 0 5.9 15 240 M M 4 20 230
7 64 38 51 -5 14 0 0.11 M 0 5.1 20 310 M M 4 1 23 290
8 56 46 51 -5 14 0 0.03 M 0 3.9 12 120 M M 9 1 15 140
9 58 47 53 -3 12 0 0.17 M 0 5.9 15 120 M M 8 1 18 120
10 68 43 56 0 9 0 0.00 0.0 0 10.2 24 310 M M 2 29 310
11 64 48 56 0 9 0 0.00 0.0 0 9.9 24 320 M M 5 1 29 320
12 59 52 56 0 9 0 0.00 0.0 0 4.2 13 310 M M 10 1 14 310
13 59 48 54 -2 11 0 0.00 0.0 0 5.6 14 300 M M 10 1 17 320
14 72 43 58 1 7 0 0.00 0.0 0 8.1 23 320 M M 0 1 29 320
15 80 44 62 5 3 0 0.00 0.0 0 7.2 21 320 M M 0 1 25 320
16 68 52 60 3 5 0 0.00 0.0 0 5.9 18 320 M M 7 23 310
17 64 48 56 -1 9 0 T M 0 5.5 16 320 M M 8 19 340
18 62 46 54 -3 11 0 T M 0 5.4 16 320 M M 8 18 320
19 66 42 54 -3 11 0 0.00 0.0 0 6.9 20 320 M M 2 26 300
20 65 51 58 1 7 0 T 0.0 0 10.0 21 310 M M 7 25 290
21 69 48 59 2 6 0 0.00 0.0 0 12.1 29 310 M M 1 34 310
22 76 53 65 8 0 0 0.00 0.0 0 11.5 25 310 M M 0 32 310
23 77 58 68 10 0 3 0.00 0.0 0 12.6 25 310 M M 0 30 320
24 86 58 72 14 0 7 0.00 0.0 0 9.1 22 310 M M 0 26 310
25 86 54 70 12 0 5 0.00 0.0 0 7.8 23 310 M M 0 28 310
26 77 51 64 6 1 0 0.00 0.0 0 7.9 22 310 M M 0 1 26 310
27 76 48 62 4 3 0 0.00 0.0 0 9.6 25 320 M M 0 30 320
28 81 54 68 10 0 3 0.00 0.0 0 9.9 25 320 M M 0 34 320
29 77 52 65 7 0 0 0.00 0.0 0 5.5 18 300 M M 0 22 300
30 82 50 66 8 0 1 0.00 0.0 0 13.0 26 320 M M 0 34 320
================================================================================
SM 2065 1438 211 19 1.24 0.0 255.7 M 99
================================================================================
AV 68.8 47.9 8.5 FASTST M M 3 MAX(MPH)
MISC ----> # 29 310 # 34 310
================================================================================
NOTES:
# LAST OF SEVERAL OCCURRENCES
COLUMN 17 PEAK WIND IN M.P.H.
PRELIMINARY LOCAL CLIMATOLOGICAL DATA (WS FORM: F-6) , PAGE 2
STATION: SAN LUIS OBISPO AIRPORT CA
MONTH: APRIL
YEAR: 2020
LATITUDE: 35 13 N
LONGITUDE: 120 38 W
[TEMPERATURE DATA] [PRECIPITATION DATA] SYMBOLS USED IN COLUMN 16
AVERAGE MONTHLY: 58.4 TOTAL FOR MONTH: 1.24 1 = FOG OR MIST
DPTR FM NORMAL: 1.5 DPTR FM NORMAL: 0.13 2 = FOG REDUCING VISIBILITY
HIGHEST: 86 ON 25,24 GRTST 24HR 0.93 ON 5- 5 TO 1/4 MILE OR LESS
LOWEST: 38 ON 7 3 = THUNDER
SNOW, ICE PELLETS, HAIL 4 = ICE PELLETS
TOTAL MONTH: 0.0 INCH 5 = HAIL
GRTST 24HR 0.0 6 = FREEZING RAIN OR DRIZZLE
GRTST DEPTH: 0 7 = DUSTSTORM OR SANDSTORM:
VSBY 1/2 MILE OR LESS
8 = SMOKE OR HAZE
[NO. OF DAYS WITH] [WEATHER - DAYS WITH] 9 = BLOWING SNOW
X = TORNADO
MAX 32 OR BELOW: 0 0.01 INCH OR MORE: 4
MAX 90 OR ABOVE: 0 0.10 INCH OR MORE: 3
MIN 32 OR BELOW: 0 0.50 INCH OR MORE: 1
MIN 0 OR BELOW: 0 1.00 INCH OR MORE: 0
[HDD (BASE 65) ]
TOTAL THIS MO. 211 CLEAR (SCALE 0-3) 17
DPTR FM NORMAL -41 PTCLDY (SCALE 4-7) 8
TOTAL FM JUL 1 1943 CLOUDY (SCALE 8-10) 5
DPTR FM NORMAL -197
[CDD (BASE 65) ]
TOTAL THIS MO. 19
DPTR FM NORMAL 12 [PRESSURE DATA]
TOTAL FM JAN 1 19 HIGHEST SLP 30.23 ON 22
DPTR FM NORMAL 9 LOWEST SLP 29.71 ON 5
[REMARKS]
#FINAL-04-20#