000
CXUS51 KAKQ 061846
CF6SBY
PRELIMINARY LOCAL CLIMATOLOGICAL DATA (WS FORM: F-6)
STATION: SALISBURY MD
MONTH: FEBRUARY
YEAR: 2021
LATITUDE: 38 20 N
LONGITUDE: 75 30 W
TEMPERATURE IN F: :PCPN: SNOW: WIND :SUNSHINE: SKY :PK WND
================================================================================
1 2 3 4 5 6A 6B 7 8 9 10 11 12 13 14 15 16 17 18
12Z AVG MX 2MIN
DY MAX MIN AVG DEP HDD CDD WTR SNW DPTH SPD SPD DIR MIN PSBL S-S WX SPD DR
================================================================================
1 45 33 39 3 26 0 0.34 T T 14.2 23 350 M M 10 1 27 330
2 35 30 33 -3 32 0 0.05 T 0 13.6 23 330 M M 10 168 32 330
3 38 30 34 -2 31 0 T T 0 9.1 25 320 M M 10 33 320
4 46 30 38 2 27 0 0.00 0.0 0 8.0 20 320 M M 1 24 320
5 50 38 44 8 21 0 0.03 0.0 0 8.7 22 220 M M 6 29 210
6 52 27 40 4 25 0 0.00 0.0 0 6.8 23 240 M M 0 29 230
7 42 32 37 1 28 0 0.78 0.3 0 9.7 21 340 M M 8 1 26 340
8 39 25 32 -5 33 0 0.00 0.0 0 5.2 14 20 M M 0 17 40
9 51 26 39 2 26 0 0.61 0.0 0 4.4 16 320 M M 7 1 20 320
10 44 31 38 1 27 0 0.03 T 0 5.3 14 60 M M 4 18 16 50
11 38 32 35 -2 30 0 0.28 0.3 T 9.1 14 10 M M 10 18 19 10
12 35 28 32 -5 33 0 0.08 1.3 1 9.6 16 30 M M 10 18 19 40
13 37 32 35 -2 30 0 0.52 T 1 10.1 18 40 M M 10 16 24 30
14 36 31 34 -3 31 0 0.15 0.0 0 7.7 14 360 M M 10 12 18 350
15 45 35 40 2 25 0 T 0.0 0 8.6 18 90 M M 10 18 26 110
16 63 32 48 10 17 0 0.60 0.0 0 13.2 26 240 M M 9 1 34 210
17 38 28 33 -5 32 0 0.00 0.0 0 7.8 22 320 M M 0 26 330
18 39 30 35 -3 30 0 0.57 T 0 11.0 17 90 M M 10 168 27 90
19 38 32 35 -3 30 0 0.27 T 0 10.7 17 340 M M 9 1 23 340
20 34 26 30 -8 35 0 0.00 0.0 0 12.4 22 320 M M 3 30 280
21 40 24 32 -7 33 0 0.00 0.0 0 5.9 17 330 M M 0 23 340
22 49 28 39 0 26 0 T 0.0 0 9.1 23 340 M M 5 18 40 340
23 57 32 45 6 20 0 0.00 0.0 0 9.8 18 270 M M 2 8 29 260
24 61 32 47 8 18 0 0.00 0.0 0 8.6 20 190 M M 0 25 170
25 55 30 43 3 22 0 0.00 0.0 0 9.1 22 330 M M 0 27 320
26 49 28 39 -1 26 0 0.06 0.0 0 6.2 17 40 M M 4 23 110
27 55 42 49 9 16 0 0.24 0.0 0 7.8 21 260 M M 7 1 27 260
28 53 44 49 9 16 0 0.67 0.0 0 5.1 17 100 M M 9 1 27 80
================================================================================
SM 1264 868 746 0 5.28 1.9 246.8 M 164
================================================================================
AV 45.1 31.0 8.8 FASTST M M 6 MAX(MPH)
MISC ----> 26 240 40 340
================================================================================
NOTES:
# LAST OF SEVERAL OCCURRENCES
COLUMN 17 PEAK WIND IN M.P.H.
PRELIMINARY LOCAL CLIMATOLOGICAL DATA (WS FORM: F-6) , PAGE 2
STATION: SALISBURY MD
MONTH: FEBRUARY
YEAR: 2021
LATITUDE: 38 20 N
LONGITUDE: 75 30 W
[TEMPERATURE DATA] [PRECIPITATION DATA] SYMBOLS USED IN COLUMN 16
AVERAGE MONTHLY: 38.1 TOTAL FOR MONTH: 5.28 1 = FOG OR MIST
DPTR FM NORMAL: 0.4 DPTR FM NORMAL: 1.93 2 = FOG REDUCING VISIBILITY
HIGHEST: 63 ON 16 GRTST 24HR 0.84 ON 31- 1 TO 1/4 MILE OR LESS
LOWEST: 24 ON 21 3 = THUNDER
SNOW, ICE PELLETS, HAIL 4 = ICE PELLETS
TOTAL MONTH: 5.4 INCHES 5 = HAIL
GRTST 24HR 1.3 ON 12-12 6 = FREEZING RAIN OR DRIZZLE
GRTST DEPTH: 1 ON 13,12 7 = DUSTSTORM OR SANDSTORM:
VSBY 1/2 MILE OR LESS
8 = SMOKE OR HAZE
[NO. OF DAYS WITH] [WEATHER - DAYS WITH] 9 = BLOWING SNOW
X = TORNADO
MAX 32 OR BELOW: 0 0.01 INCH OR MORE: 16
MAX 90 OR ABOVE: 0 0.10 INCH OR MORE: 11
MIN 32 OR BELOW: 23 0.50 INCH OR MORE: 6
MIN 0 OR BELOW: 0 1.00 INCH OR MORE: 0
[HDD (BASE 65) ]
TOTAL THIS MO. 746 CLEAR (SCALE 0-3) 8
DPTR FM NORMAL -18 PTCLDY (SCALE 4-7) 8
TOTAL FM JUL 1 2835 CLOUDY (SCALE 8-10) 12
DPTR FM NORMAL -471
[CDD (BASE 65) ]
TOTAL THIS MO. 0
DPTR FM NORMAL 0 [PRESSURE DATA]
TOTAL FM JAN 1 0 HIGHEST SLP 30.63 ON 21
DPTR FM NORMAL 0 LOWEST SLP 29.46 ON 2
[REMARKS]
#FINAL-02-21#