000
CXUS54 KFWD 010732
CF6SEP
PRELIMINARY LOCAL CLIMATOLOGICAL DATA (WS FORM: F-6)
STATION: STEPHENVILLE
MONTH: JULY
YEAR: 2021
LATITUDE: 32 13 N
LONGITUDE: 98 11 W
TEMPERATURE IN F: :PCPN: SNOW: WIND :SUNSHINE: SKY :PK WND
================================================================================
1 2 3 4 5 6A 6B 7 8 9 10 11 12 13 14 15 16 17 18
12Z AVG MX 2MIN
DY MAX MIN AVG DEP HDD CDD WTR SNW DPTH SPD SPD DIR MIN PSBL S-S WX SPD DR
================================================================================
1 94 72 83 2 0 18 0.00 M M 1.8 6 200 M M 2 M M
2 91 74 83 2 0 18 0.00 M M 3.3 12 70 M M 6 18 70
3 81 72 77 -4 0 12 0.29 M M 2.3 10 290 M M 7 17 290
4 87 72 80 -1 0 15 0.15 M M 4.8 12 110 M M 7 16 110
5 86 72 79 -3 0 14 0.18 M M 4.4 12 140 M M 7 23 140
6 89 71 80 -2 0 15 0.08 M M 4.6 10 120 M M 6 M M
7 90 69 80 -2 0 15 0.00 M M 0.8 7 150 M M 3 M M
8 91 71 81 -1 0 16 0.00 M M 4.1 8 140 M M 2 18 140
9 84 73 79 -3 0 14 0.01 M M 7.2 16 130 M M 9 23 110
10 92 73 83 1 0 18 0.00 M M 8.5 15 190 M M 6 23 190
11 90 70 80 -2 0 15 0.15 M M 4.3 14 200 M M 3 24 0
12 88 69 79 -3 0 14 0.05 M M 4.9 14 150 M M 2 18 150
13 92 68 80 -2 0 15 0.00 M M 5.7 10 200 M M 0 18 150
14 90 67 79 -3 0 14 0.00 M M 7.5 13 200 M M 3 30 150
15 91 70 81 -1 0 16 M M M 8.2 14 180 M M 4 21 170
16 91 73 82 0 0 17 M M M 7.0 12 190 M M 1 17 190
17 91 74 83 1 0 18 M M M 7.0 13 180 M M 3 16 200
18 92 73 83 1 0 18 0.01 M M 4.8 10 170 M M 1 21 200
19 90 73 82 -1 0 17 0.07 M M 4.2 10 60 M M 3 20 330
20 88 70 79 -4 0 14 M M M 5.1 15 40 M M 2 20 40
21 89 69 79 -4 0 14 0.00 M M 3.6 9 90 M M 2 M M
22 92 67 80 -3 0 15 0.00 M M 4.5 12 180 M M 1 16 140
23 94 71 83 0 0 18 0.00 M M 8.4 15 190 M M 4 23 190
24 97 74 86 3 0 21 0.00 M M 7.5 13 190 M M 0 20 200
25 99 71 85 2 0 20 0.00 M M 5.6 13 220 M M 0 20 220
26 98 71 85 2 0 20 0.00 M M 3.4 8 280 M M 0 M M
27 97 73 85 2 0 20 0.00 M M 3.2 7 260 M M 1 M M
28 94 73 84 1 0 19 0.00 M M 4.1 9 150 M M 1 M M
29 96 73 85 2 0 20 0.04 M M 1.5 8 120 M M 2 M M
30 97 73 85 2 0 20 0.00 M M 3.2 8 130 M M 1 M M
31 98 74 86 3 0 21 0.00 M M 2.6 7 150 M M 1 M M
================================================================================
SM 2839 2215 0 521 1.03 M 148.2 M 90
================================================================================
AV 91.6 71.5 4.8 FASTST M M 3 MAX(MPH)
MISC ----> 16 130 30 150
================================================================================
NOTES:
# LAST OF SEVERAL OCCURRENCES
COLUMN 17 PEAK WIND IN M.P.H.
PRELIMINARY LOCAL CLIMATOLOGICAL DATA (WS FORM: F-6) , PAGE 2
STATION: STEPHENVILLE
MONTH: JULY
YEAR: 2021
LATITUDE: 32 13 N
LONGITUDE: 98 11 W
[TEMPERATURE DATA] [PRECIPITATION DATA] SYMBOLS USED IN COLUMN 16
AVERAGE MONTHLY: 81.5 TOTAL FOR MONTH: 1.03 1 = FOG OR MIST
DPTR FM NORMAL: -0.8 DPTR FM NORMAL: -0.53 2 = FOG REDUCING VISIBILITY
HIGHEST: 99 ON 25 GRTST 24HR 0.29 ON 3- 3 TO 1/4 MILE OR LESS
LOWEST: 67 ON 22,14 3 = THUNDER
SNOW, ICE PELLETS, HAIL 4 = ICE PELLETS
TOTAL MONTH: M 5 = HAIL
GRTST 24HR M ON M 6 = FREEZING RAIN OR DRIZZLE
GRTST DEPTH: M ON M 7 = DUSTSTORM OR SANDSTORM:
VSBY 1/2 MILE OR LESS
8 = SMOKE OR HAZE
[NO. OF DAYS WITH] [WEATHER - DAYS WITH] 9 = BLOWING SNOW
X = TORNADO
MAX 32 OR BELOW: 0 0.01 INCH OR MORE: 10
MAX 90 OR ABOVE: 23 0.10 INCH OR MORE: 4
MIN 32 OR BELOW: 0 0.50 INCH OR MORE: 0
MIN 0 OR BELOW: 0 1.00 INCH OR MORE: 0
[HDD (BASE 65) ]
TOTAL THIS MO. 0 CLEAR (SCALE 0-3) 20
DPTR FM NORMAL 0 PTCLDY (SCALE 4-7) 10
TOTAL FM JUL 1 0 CLOUDY (SCALE 8-10) 1
DPTR FM NORMAL 0
[CDD (BASE 65) ]
TOTAL THIS MO. 521
DPTR FM NORMAL -15 [PRESSURE DATA]
TOTAL FM JAN 1 1231 HIGHEST SLP M ON M
DPTR FM NORMAL -37 LOWEST SLP M ON M
[REMARKS]
#FINAL-07-21#