000
CXUS54 KFWD 020337
CF6SEP
PRELIMINARY LOCAL CLIMATOLOGICAL DATA (WS FORM: F-6)
STATION: STEPHENVILLE
MONTH: FEBRUARY
YEAR: 2020
LATITUDE: 32 13 N
LONGITUDE: 98 11 W
TEMPERATURE IN F: :PCPN: SNOW: WIND :SUNSHINE: SKY :PK WND
================================================================================
1 2 3 4 5 6A 6B 7 8 9 10 11 12 13 14 15 16 17 18
12Z AVG MX 2MIN
DY MAX MIN AVG DEP HDD CDD WTR SNW DPTH SPD SPD DIR MIN PSBL S-S WX SPD DR
================================================================================
1 69 33 51 6 14 0 0.00 0.0 0 4.5 12 330 M M 0 17 320
2 81 42 62 17 3 0 0.00 0.0 0 7.0 16 210 M M 0 22 220
3 72 47 60 15 5 0 0.05 0.0 0 10.2 17 200 M M 4 21 200
4 62 35 49 4 16 0 0.02 M 0 12.0 20 360 M M 10 27 360
5 35 29 32 -14 33 0 M M 0 13.3 17 340 M M 10 28 340
6 47 24 36 -10 29 0 0.00 0.0 M 7.4 16 310 M M 0 24 280
7 62 30 46 0 19 0 0.00 0.0 0 5.5 14 330 M M 0 20 340
8 65 32 49 3 16 0 0.00 0.0 0 6.8 14 140 M M 4 18 130
9 77 58 68 22 0 3 0.00 0.0 0 11.4 16 190 M M 7 29 190
10 59 38 49 3 16 0 0.01 0.0 0 12.0 16 350 M M 10 21 360
11 40 38 39 -7 26 0 0.04 0.0 0 11.7 17 360 M M 10 22 360
12 56 39 48 1 17 0 0.43 0.0 0 7.0 13 270 M M 7 18 270
13 43 32 38 -9 27 0 0.00 0.0 0 7.8 16 360 M M 6 23 360
14 55 26 41 -6 24 0 0.00 0.0 0 5.6 13 140 M M 0 M M
15 66 35 51 4 14 0 0.00 0.0 0 9.1 18 200 M M 0 28 180
16 80 44 62 14 3 0 0.00 0.0 0 6.2 12 250 M M 1 18 260
17 82 47 65 17 0 0 0.00 0.0 0 5.9 13 230 M M 0 17 210
18 57 45 51 3 14 0 0.13 0.0 0 10.0 17 350 M M 10 24 350
19 51 40 46 -2 19 0 0.85 0.0 0 7.0 13 30 M M 10 18 20
20 53 34 44 -4 21 0 0.13 0.0 0 13.1 22 20 M M 7 30 20
21 50 28 39 -10 26 0 0.00 0.0 0 4.9 9 350 M M 0 M M
22 60 38 49 0 16 0 0.00 0.0 0 8.1 14 170 M M 3 18 160
23 56 46 51 2 14 0 0.00 0.0 0 7.7 10 170 M M 6 16 180
24 70 49 60 11 5 0 0.00 0.0 0 10.3 18 280 M M 0 27 280
25 59 39 49 -1 16 0 0.00 0.0 0 12.5 24 320 M M 2 35 320
26 49 28 39 -11 26 0 0.00 0.0 0 15.0 23 340 M M 4 33 310
27 63 23 43 -7 22 0 0.00 0.0 0 5.2 13 250 M M 0 22 230
28 69 34 52 2 13 0 0.00 0.0 0 2.2 9 330 M M 0 M M
29 75 43 59 9 6 0 0.00 0.0 0 9.8 24 180 M M 0 33 180
================================================================================
SM 1763 1076 460 3 1.66 0.0 249.2 M 111
================================================================================
AV 60.8 37.1 8.6 FASTST M M 4 MAX(MPH)
MISC ----> # 24 320 # 35 320
================================================================================
NOTES:
# LAST OF SEVERAL OCCURRENCES
COLUMN 17 PEAK WIND IN M.P.H.
PRELIMINARY LOCAL CLIMATOLOGICAL DATA (WS FORM: F-6) , PAGE 2
STATION: STEPHENVILLE
MONTH: FEBRUARY
YEAR: 2020
LATITUDE: 32 13 N
LONGITUDE: 98 11 W
[TEMPERATURE DATA] [PRECIPITATION DATA] SYMBOLS USED IN COLUMN 16
AVERAGE MONTHLY: 49.0 TOTAL FOR MONTH: 1.66 1 = FOG OR MIST
DPTR FM NORMAL: 1.5 DPTR FM NORMAL: -0.59 2 = FOG REDUCING VISIBILITY
HIGHEST: 82 ON 17 GRTST 24HR 0.85 ON 19-19 TO 1/4 MILE OR LESS
LOWEST: 23 ON 27 3 = THUNDER
SNOW, ICE PELLETS, HAIL 4 = ICE PELLETS
TOTAL MONTH: 0.0 INCH 5 = HAIL
GRTST 24HR 0.0 6 = FREEZING RAIN OR DRIZZLE
GRTST DEPTH: 0 7 = DUSTSTORM OR SANDSTORM:
VSBY 1/2 MILE OR LESS
8 = SMOKE OR HAZE
[NO. OF DAYS WITH] [WEATHER - DAYS WITH] 9 = BLOWING SNOW
X = TORNADO
MAX 32 OR BELOW: 0 0.01 INCH OR MORE: 8
MAX 90 OR ABOVE: 0 0.10 INCH OR MORE: 4
MIN 32 OR BELOW: 9 0.50 INCH OR MORE: 1
MIN 0 OR BELOW: 0 1.00 INCH OR MORE: 0
[HDD (BASE 65) ]
TOTAL THIS MO. 460 CLEAR (SCALE 0-3) 15
DPTR FM NORMAL -36 PTCLDY (SCALE 4-7) 8
TOTAL FM JUL 1 1930 CLOUDY (SCALE 8-10) 6
DPTR FM NORMAL -327
[CDD (BASE 65) ]
TOTAL THIS MO. 3
DPTR FM NORMAL 1 [PRESSURE DATA]
TOTAL FM JAN 1 8 HIGHEST SLP M ON M
DPTR FM NORMAL 5 LOWEST SLP M ON M
[REMARKS]
#FINAL-02-20#