000
CXUS56 KMTR 011702
CF6SFD
PRELIMINARY LOCAL CLIMATOLOGICAL DATA (WS FORM: F-6)
STATION: SAN FRANCISCO DWTN CA
MONTH: NOVEMBER
YEAR: 2023
LATITUDE: 37 46 N
LONGITUDE: 122 26 W
TEMPERATURE IN F: :PCPN: SNOW: WIND :SUNSHINE: SKY :PK WND
================================================================================
1 2 3 4 5 6A 6B 7 8 9 10 11 12 13 14 15 16 17 18
12Z AVG MX 2MIN
DY MAX MIN AVG DEP HDD CDD WTR SNW DPTH SPD SPD DIR MIN PSBL S-S WX SPD DR
================================================================================
1 M M M M M M 0.00 M 0 M M M M M M M M
2 M 55 M M M M 0.00 M 0 M M M M M M M M
3 M M M M M M 0.00 M 0 M M M M M M M M
4 69 57 63 3 2 0 0.00 M 0 M M M M M M M M
5 69 59 64 5 1 0 0.04 M 0 M M M M M M M M
6 M M M M M M 0.01 M 0 M M M M M M M M
7 M M M M M M 0.00 M 0 M M M M M M M M
8 68 50 59 0 6 0 0.00 M 0 M M M M M M M M
9 66 49 58 -1 7 0 0.00 M 0 M M M M M M M M
10 66 50 58 0 7 0 0.00 M 0 M M M M M M M M
11 70 52 61 3 4 0 0.00 M 0 M M M M M M M M
12 69 53 61 3 4 0 0.00 M 0 M M M M M M M M
13 65 53 59 1 6 0 0.00 M 0 M M M M M M M M
14 68 55 62 4 3 0 0.00 M 0 M M M M M M M M
15 66 57 62 5 3 0 0.07 M 0 M M M M M M M M
16 65 56 61 4 4 0 0.03 M 0 M M M M M M M M
17 67 56 62 5 3 0 0.36 M 0 M M M M M M M M
18 62 55 59 2 6 0 0.81 M 0 M M M M M M M M
19 60 51 56 0 9 0 0.00 M 0 M M M M M M M M
20 65 51 58 2 7 0 0.00 M 0 M M M M M M M M
21 64 51 58 2 7 0 0.00 M 0 M M M M M M M M
22 66 49 58 2 7 0 0.00 M 0 M M M M M M M M
23 67 51 59 3 6 0 0.00 M 0 M M M M M M M M
24 61 49 55 0 10 0 0.00 M 0 M M M M M M M M
25 61 46 54 -1 11 0 0.00 M 0 M M M M M M M M
26 61 48 55 0 10 0 0.00 M 0 M M M M M M M M
27 62 46 54 -1 11 0 0.00 M 0 M M M M M M M M
28 63 47 55 0 10 0 0.04 M 0 M M M M M M M M
29 61 50 56 2 9 0 0.44 M 0 M M M M M M M M
30 59 51 55 1 10 0 0.00 M 0 M M M M M M M M
================================================================================
SM 1620 1347 163 0 1.80 M M M M
================================================================================
AV 64.8 51.8 M FASTST M M M MAX(MPH)
MISC ----> M M M M
================================================================================
NOTES:
# LAST OF SEVERAL OCCURRENCES
COLUMN 17 PEAK WIND IN M.P.H.
PRELIMINARY LOCAL CLIMATOLOGICAL DATA (WS FORM: F-6) , PAGE 2
STATION: SAN FRANCISCO DWTN CA
MONTH: NOVEMBER
YEAR: 2023
LATITUDE: 37 46 N
LONGITUDE: 122 26 W
[TEMPERATURE DATA] [PRECIPITATION DATA] SYMBOLS USED IN COLUMN 16
AVERAGE MONTHLY: 58.3 TOTAL FOR MONTH: 1.80 1 = FOG OR MIST
DPTR FM NORMAL: 1.1 DPTR FM NORMAL: -0.80 2 = FOG REDUCING VISIBILITY
HIGHEST: 70 ON 11 GRTST 24HR 1.14 ON 17-18 TO 1/4 MILE OR LESS
LOWEST: 46 ON 27,25 3 = THUNDER
SNOW, ICE PELLETS, HAIL 4 = ICE PELLETS
TOTAL MONTH: M 5 = HAIL
GRTST 24HR M ON M 6 = FREEZING RAIN OR DRIZZLE
GRTST DEPTH: 0 7 = DUSTSTORM OR SANDSTORM:
VSBY 1/2 MILE OR LESS
8 = SMOKE OR HAZE
[NO. OF DAYS WITH] [WEATHER - DAYS WITH] 9 = BLOWING SNOW
X = TORNADO
MAX 32 OR BELOW: 0 0.01 INCH OR MORE: 8
MAX 90 OR ABOVE: 0 0.10 INCH OR MORE: 3
MIN 32 OR BELOW: 0 0.50 INCH OR MORE: 1
MIN 0 OR BELOW: 0 1.00 INCH OR MORE: 0
[HDD (BASE 65) ]
TOTAL THIS MO. 163 CLEAR (SCALE 0-3) 0
DPTR FM NORMAL -75 PTCLDY (SCALE 4-7) 0
TOTAL FM JUL 1 509 CLOUDY (SCALE 8-10) 30
DPTR FM NORMAL -219
[CDD (BASE 65) ]
TOTAL THIS MO. 0
DPTR FM NORMAL -4 [PRESSURE DATA]
TOTAL FM JAN 1 103 HIGHEST SLP M ON M
DPTR FM NORMAL -18 LOWEST SLP 9999.00 ON 1
[REMARKS]
#FINAL-11-23#