000
CXUS56 KOTX 010910
CF6SFF
PRELIMINARY LOCAL CLIMATOLOGICAL DATA (WS FORM: F-6)
STATION: SPOKANE WA FELTS AIRPORT
MONTH: AUGUST
YEAR: 2021
LATITUDE: 47 40 N
LONGITUDE: 117 20 W
TEMPERATURE IN F: :PCPN: SNOW: WIND :SUNSHINE: SKY :PK WND
================================================================================
1 2 3 4 5 6A 6B 7 8 9 10 11 12 13 14 15 16 17 18
12Z AVG MX 2MIN
DY MAX MIN AVG DEP HDD CDD WTR SNW DPTH SPD SPD DIR MIN PSBL S-S WX SPD DR
================================================================================
1 85 70 78 4 0 13 0.03 M M 2.9 17 160 M M 4 8 21 160
2 94 66 80 7 0 15 0.00 M M 2.7 14 240 M M 8 8 18 230
3 98 64 81 8 0 16 0.00 M M 2.3 8 80 M M 1 8 11 140
4 98 66 82 9 0 17 0.00 M M 3.8 15 100 M M 0 8 20 80
5 87 64 76 3 0 11 0.00 M M 1.6 18 140 M M 1 38 23 150
6 88 65 77 4 0 12 0.00 M M 10.6 25 230 M M 2 8 33 210
7 83 64 74 1 0 9 0.00 M M 7.9 20 230 M M 5 24 230
8 73 52 63 -9 2 0 0.21 M M 10.3 25 210 M M 4 13 34 230
9 82 52 67 -5 0 2 0.00 M M 2.9 12 240 M M 3 1 15 220
10 91 55 73 1 0 8 0.00 M M 4.0 14 230 M M 0 18 260
11 100 62 81 9 0 16 0.00 M M 3.3 13 260 M M 1 8 17 260
12 98 62 80 8 0 15 0.00 M M 3.1 9 350 M M 9 8 12 360
13 93 58 76 5 0 11 0.00 M M 1.6 7 290 M M 10 8 10 290
14 99 59 79 8 0 14 0.00 M M 4.3 16 240 M M 10 8 23 240
15 100 62 81 10 0 16 0.00 M M 4.8 17 230 M M 4 8 23 230
16 95 64 80 9 0 15 0.00 M M 6.6 22 240 M M 2 8 30 230
17 76 58 67 -3 0 2 T M M 8.3 21 190 M M 6 8 24 200
18 78 55 67 -3 0 2 0.00 M M 3.6 13 120 M M 4 20 70
19 83 51 67 -3 0 2 0.00 M M 2.5 13 230 M M 4 16 250
20 79 60 70 0 0 5 T M M 5.2 17 110 M M 4 8 25 120
21 75 56 66 -3 0 1 0.20 M M 3.2 21 230 M M 8 138 26 240
22 77 57 67 -2 0 2 0.00 M M 10.4 22 220 M M 5 28 230
23 73 49 61 -8 4 0 0.00 M M 4.4 14 200 M M 3 17 200
24 79 46 63 -5 2 0 0.00 M M 2.6 9 130 M M 0 13 130
25 82 48 65 -3 0 0 0.00 M M 1.7 10 240 M M 0 15 290
26 79 52 66 -2 0 1 0.00 M M 6.6 18 230 M M 2 24 220
27 76 53 65 -2 0 0 0.03 M M 3.2 16 240 M M 6 21 200
28 82 47 65 -2 0 0 0.00 M M 2.0 10 230 M M 0 13 230
29 86 49 68 1 0 3 0.00 M M 2.3 8 280 M M 0 13 260
30 84 50 67 0 0 2 0.00 M M 8.2 20 190 M M 0 24 200
31 71 51 61 -5 4 0 0.00 M M 9.6 18 210 M M 2 26 250
================================================================================
SM 2644 1767 12 210 0.47 M 146.5 M 108
================================================================================
AV 85.3 57.0 4.7 FASTST M M 3 MAX(MPH)
MISC ----> # 25 230 34 230
================================================================================
NOTES:
# LAST OF SEVERAL OCCURRENCES
COLUMN 17 PEAK WIND IN M.P.H.
PRELIMINARY LOCAL CLIMATOLOGICAL DATA (WS FORM: F-6) , PAGE 2
STATION: SPOKANE WA FELTS AIRPORT
MONTH: AUGUST
YEAR: 2021
LATITUDE: 47 40 N
LONGITUDE: 117 20 W
[TEMPERATURE DATA] [PRECIPITATION DATA] SYMBOLS USED IN COLUMN 16
AVERAGE MONTHLY: 71.1 TOTAL FOR MONTH: 0.47 1 = FOG OR MIST
DPTR FM NORMAL: 0.7 DPTR FM NORMAL: -0.07 2 = FOG REDUCING VISIBILITY
HIGHEST: 100 ON 15,11 GRTST 24HR 0.21 ON 8- 8 TO 1/4 MILE OR LESS
LOWEST: 46 ON 24 3 = THUNDER
SNOW, ICE PELLETS, HAIL 4 = ICE PELLETS
TOTAL MONTH: M 5 = HAIL
GRTST 24HR M ON M 6 = FREEZING RAIN OR DRIZZLE
GRTST DEPTH: M ON M 7 = DUSTSTORM OR SANDSTORM:
VSBY 1/2 MILE OR LESS
8 = SMOKE OR HAZE
[NO. OF DAYS WITH] [WEATHER - DAYS WITH] 9 = BLOWING SNOW
X = TORNADO
MAX 32 OR BELOW: 0 0.01 INCH OR MORE: 4
MAX 90 OR ABOVE: 10 0.10 INCH OR MORE: 2
MIN 32 OR BELOW: 0 0.50 INCH OR MORE: 0
MIN 0 OR BELOW: 0 1.00 INCH OR MORE: 0
[HDD (BASE 65) ]
TOTAL THIS MO. 12 CLEAR (SCALE 0-3) 15
DPTR FM NORMAL -6 PTCLDY (SCALE 4-7) 12
TOTAL FM JUL 1 12 CLOUDY (SCALE 8-10) 4
DPTR FM NORMAL -18
[CDD (BASE 65) ]
TOTAL THIS MO. 210
DPTR FM NORMAL 26 [PRESSURE DATA]
TOTAL FM JAN 1 891 HIGHEST SLP M ON M
DPTR FM NORMAL 422 LOWEST SLP 29.57 ON 16
[REMARKS]
#FINAL-08-21#