000
CXUS56 KOTX 010910
CF6SFF
PRELIMINARY LOCAL CLIMATOLOGICAL DATA (WS FORM: F-6)
STATION: SPOKANE WA FELTS AIRPORT
MONTH: JUNE
YEAR: 2021
LATITUDE: 47 40 N
LONGITUDE: 117 20 W
TEMPERATURE IN F: :PCPN: SNOW: WIND :SUNSHINE: SKY :PK WND
================================================================================
1 2 3 4 5 6A 6B 7 8 9 10 11 12 13 14 15 16 17 18
12Z AVG MX 2MIN
DY MAX MIN AVG DEP HDD CDD WTR SNW DPTH SPD SPD DIR MIN PSBL S-S WX SPD DR
================================================================================
1 91 54 73 13 0 8 0.00 M M 2.4 9 220 M M 0 12 240
2 96 58 77 17 0 12 0.00 M M 3.5 13 230 M M 0 17 240
3 94 62 78 17 0 13 0.00 M M 6.4 17 200 M M 0 22 190
4 86 60 73 12 0 8 0.00 M M 10.2 24 230 M M 0 32 220
5 73 52 63 2 2 0 0.00 M M 14.7 31 240 M M 2 39 240
6 58 45 52 -9 13 0 0.00 M M 8.1 20 210 M M 4 27 200
7 66 45 56 -5 9 0 0.06 M M 5.8 20 190 M M 5 29 260
8 75 43 59 -2 6 0 T M M 3.1 12 290 M M 5 16 290
9 66 53 60 -2 5 0 0.02 M M 2.4 10 230 M M 7 8 13 230
10 72 49 61 -1 4 0 0.00 M M 9.3 25 220 M M 2 42 270
11 72 46 59 -3 6 0 T M M 4.5 20 200 M M 7 24 200
12 77 51 64 2 1 0 0.07 M M 3.8 15 180 M M 6 20 190
13 92 60 76 14 0 11 0.00 M M 4.7 12 50 M M 1 14 110
14 88 61 75 13 0 10 T M M 5.5 17 240 M M 0 3 24 250
15 70 52 61 -2 4 0 0.47 M M 6.5 33 220 M M 7 3 45 200
16 74 49 62 -1 3 0 0.00 M M 3.4 10 190 M M 1 15 200
17 83 47 65 2 0 0 0.00 M M 3.0 13 230 M M 0 18 240
18 88 51 70 7 0 5 0.00 M M 3.0 13 230 M M 0 19 240
19 87 56 72 8 0 7 0.00 M M 7.4 20 240 M M 2 31 210
20 85 63 74 10 0 9 0.00 M M 5.9 16 70 M M 2 21 70
21 91 56 74 10 0 9 0.00 M M 2.1 13 290 M M 0 18 280
22 94 61 78 14 0 13 0.00 M M 7.3 22 230 M M 0 28 230
23 91 66 79 14 0 14 0.00 M M 7.1 17 170 M M 0 24 200
24 91 65 78 13 0 13 0.00 M M 3.8 17 200 M M 1 23 200
25 94 61 78 13 0 13 0.00 M M 2.1 10 90 M M 0 16 260
26 101 64 83 17 0 18 0.00 M M 3.2 15 70 M M 0 24 80
27 105 67 86 20 0 21 0.00 M M 4.6 14 60 M M 0 20 60
28 108 70 89 23 0 24 0.00 M M 4.3 15 70 M M 0 20 80
29 113 70 92 25 0 27 0.00 M M 3.8 14 60 M M 0 18 50
30 108 71 90 23 0 25 0.00 M M 4.4 13 200 M M 0 17 190
================================================================================
SM 2589 1708 53 260 0.62 M 156.3 M 52
================================================================================
AV 86.3 56.9 5.2 FASTST M M 2 MAX(MPH)
MISC ----> 33 220 45 200
================================================================================
NOTES:
# LAST OF SEVERAL OCCURRENCES
COLUMN 17 PEAK WIND IN M.P.H.
PRELIMINARY LOCAL CLIMATOLOGICAL DATA (WS FORM: F-6) , PAGE 2
STATION: SPOKANE WA FELTS AIRPORT
MONTH: JUNE
YEAR: 2021
LATITUDE: 47 40 N
LONGITUDE: 117 20 W
[TEMPERATURE DATA] [PRECIPITATION DATA] SYMBOLS USED IN COLUMN 16
AVERAGE MONTHLY: 71.6 TOTAL FOR MONTH: 0.62 1 = FOG OR MIST
DPTR FM NORMAL: 8.5 DPTR FM NORMAL: -0.86 2 = FOG REDUCING VISIBILITY
HIGHEST: 113 ON 29 GRTST 24HR 0.47 ON 14-15 TO 1/4 MILE OR LESS
LOWEST: 43 ON 8 3 = THUNDER
SNOW, ICE PELLETS, HAIL 4 = ICE PELLETS
TOTAL MONTH: M 5 = HAIL
GRTST 24HR M ON M 6 = FREEZING RAIN OR DRIZZLE
GRTST DEPTH: M ON M 7 = DUSTSTORM OR SANDSTORM:
VSBY 1/2 MILE OR LESS
8 = SMOKE OR HAZE
[NO. OF DAYS WITH] [WEATHER - DAYS WITH] 9 = BLOWING SNOW
X = TORNADO
MAX 32 OR BELOW: 0 0.01 INCH OR MORE: 4
MAX 90 OR ABOVE: 14 0.10 INCH OR MORE: 1
MIN 32 OR BELOW: 0 0.50 INCH OR MORE: 0
MIN 0 OR BELOW: 0 1.00 INCH OR MORE: 0
[HDD (BASE 65) ]
TOTAL THIS MO. 53 CLEAR (SCALE 0-3) 23
DPTR FM NORMAL -57 PTCLDY (SCALE 4-7) 7
TOTAL FM JUL 1 5567 CLOUDY (SCALE 8-10) 0
DPTR FM NORMAL -452
[CDD (BASE 65) ]
TOTAL THIS MO. 260
DPTR FM NORMAL 207 [PRESSURE DATA]
TOTAL FM JAN 1 268 HIGHEST SLP M ON M
DPTR FM NORMAL 201 LOWEST SLP 29.61 ON 30
[REMARKS]
#FINAL-06-21#