000
CXUS56 KMTR 011100
CF6SFO
PRELIMINARY LOCAL CLIMATOLOGICAL DATA (WS FORM: F-6)
STATION: SAN FRANCISCO AIRPORT
MONTH: FEBRUARY
YEAR: 2022
LATITUDE: 37 37 N
LONGITUDE: 122 23 W
TEMPERATURE IN F: :PCPN: SNOW: WIND :SUNSHINE: SKY :PK WND
================================================================================
1 2 3 4 5 6A 6B 7 8 9 10 11 12 13 14 15 16 17 18
12Z AVG MX 2MIN
DY MAX MIN AVG DEP HDD CDD WTR SNW DPTH SPD SPD DIR MIN PSBL S-S WX SPD DR
================================================================================
1 60 40 50 -2 15 0 0.00 M M 11.2 25 360 M M 1 1 35 10
2 61 48 55 3 10 0 0.00 M M 13.2 32 360 M M 1 40 360
3 64 42 53 1 12 0 0.00 M M 5.3 18 290 M M 3 18 24 300
4 63 43 53 1 12 0 0.00 M M 3.1 14 290 M M 1 18 18 300
5 60 44 52 -1 13 0 0.00 M M 4.4 10 330 M M 4 13 290
6 67 41 54 1 11 0 0.00 M M 6.1 20 290 M M 1 18 25 300
7 68 42 55 2 10 0 0.00 M M 3.7 14 290 M M 2 18 17 300
8 71 44 58 5 7 0 0.00 M M 2.8 12 290 M M 1 18 14 300
9 73 48 61 8 4 0 0.00 M M 4.3 9 130 M M 2 8 11 160
10 78 52 65 12 0 0 0.00 M M 5.0 15 140 M M 1 18 140
11 71 51 61 8 4 0 0.00 M M 5.1 15 290 M M 2 8 18 280
12 73 51 62 9 3 0 0.00 M M 2.7 7 30 M M 4 8 10 10
13 72 49 61 8 4 0 0.00 M M 6.0 18 300 M M 3 18 24 290
14 55 49 52 -1 13 0 T M M 14.0 26 290 M M 8 18 34 290
15 60 44 52 -2 13 0 0.00 M M 14.2 24 300 M M 2 35 310
16 66 47 57 3 8 0 0.00 M M 11.8 26 290 M M 0 8 33 290
17 69 48 59 5 6 0 0.00 M M 5.5 17 290 M M 1 22 10
18 64 45 55 1 10 0 0.00 M M 5.3 17 300 M M 5 8 23 300
19 67 46 57 3 8 0 0.00 M M 6.5 20 290 M M 2 8 26 290
20 57 46 52 -2 13 0 0.00 M M 17.8 39 290 M M 6 8 47 280
21 56 45 51 -3 14 0 T M M 16.8 32 280 M M 3 8 41 290
22 55 43 49 -5 16 0 0.01 M M 15.5 30 280 M M 5 8 39 290
23 55 38 47 -7 18 0 0.00 M M 10.1 18 280 M M 1 25 280
24 56 37 47 -7 18 0 0.00 M M 7.0 21 290 M M 2 28 290
25 61 38 50 -4 15 0 0.00 M M 5.5 22 290 M M 1 8 26 290
26 58 39 49 -5 16 0 0.00 M M 3.6 13 280 M M 6 15 280
27 67 44 56 2 9 0 0.00 M M 6.1 17 290 M M 2 8 20 290
28 70 45 58 3 7 0 0.00 M M 6.8 21 290 M M 2 8 25 290
================================================================================
SM 1797 1249 289 0 0.01 M 219.4 M 72
================================================================================
AV 64.2 44.6 7.8 FASTST M M 3 MAX(MPH)
MISC ----> 39 290 47 280
================================================================================
NOTES:
# LAST OF SEVERAL OCCURRENCES
COLUMN 17 PEAK WIND IN M.P.H.
PRELIMINARY LOCAL CLIMATOLOGICAL DATA (WS FORM: F-6) , PAGE 2
STATION: SAN FRANCISCO AIRPORT
MONTH: FEBRUARY
YEAR: 2022
LATITUDE: 37 37 N
LONGITUDE: 122 23 W
[TEMPERATURE DATA] [PRECIPITATION DATA] SYMBOLS USED IN COLUMN 16
AVERAGE MONTHLY: 54.4 TOTAL FOR MONTH: 0.01 1 = FOG OR MIST
DPTR FM NORMAL: 0.9 DPTR FM NORMAL: -3.95 2 = FOG REDUCING VISIBILITY
HIGHEST: 78 ON 10 GRTST 24HR 0.01 ON 21-22 TO 1/4 MILE OR LESS
LOWEST: 37 ON 24 3 = THUNDER
SNOW, ICE PELLETS, HAIL 4 = ICE PELLETS
TOTAL MONTH: M 5 = HAIL
GRTST 24HR M ON M 6 = FREEZING RAIN OR DRIZZLE
GRTST DEPTH: M ON M 7 = DUSTSTORM OR SANDSTORM:
VSBY 1/2 MILE OR LESS
8 = SMOKE OR HAZE
[NO. OF DAYS WITH] [WEATHER - DAYS WITH] 9 = BLOWING SNOW
X = TORNADO
MAX 32 OR BELOW: 0 0.01 INCH OR MORE: 1
MAX 90 OR ABOVE: 0 0.10 INCH OR MORE: 0
MIN 32 OR BELOW: 0 0.50 INCH OR MORE: 0
MIN 0 OR BELOW: 0 1.00 INCH OR MORE: 0
[HDD (BASE 65) ]
TOTAL THIS MO. 289 CLEAR (SCALE 0-3) 20
DPTR FM NORMAL -34 PTCLDY (SCALE 4-7) 8
TOTAL FM JUL 1 1466 CLOUDY (SCALE 8-10) 0
DPTR FM NORMAL -213
[CDD (BASE 65) ]
TOTAL THIS MO. 0
DPTR FM NORMAL 0 [PRESSURE DATA]
TOTAL FM JAN 1 0 HIGHEST SLP 30.45 ON 4
DPTR FM NORMAL 0 LOWEST SLP 29.90 ON 22
[REMARKS]
#FINAL-02-22#