522
CXUS54 KHGX 011515
CF6SGR
PRELIMINARY LOCAL CLIMATOLOGICAL DATA (WS FORM: F-6)
STATION: SUGAR LAND/HULL FLD
MONTH: OCTOBER
YEAR: 2020
LATITUDE: 29 37 N
LONGITUDE: 95 39 W
TEMPERATURE IN F: :PCPN: SNOW: WIND :SUNSHINE: SKY :PK WND
================================================================================
1 2 3 4 5 6A 6B 7 8 9 10 11 12 13 14 15 16 17 18
12Z AVG MX 2MIN
DY MAX MIN AVG DEP HDD CDD WTR SNW DPTH SPD SPD DIR MIN PSBL S-S WX SPD DR
================================================================================
1 88 55 72 -3 0 7 0.00 0.0 0 2.6 9 20 M M 0 12 20
2 84 57 71 -4 0 6 0.00 0.0 0 5.0 14 40 M M 0 20 80
3 86 54 70 -4 0 5 0.00 0.0 0 5.0 14 160 M M 0 17 160
4 87 58 73 -1 0 8 0.00 0.0 0 2.6 9 350 M M 1 1 12 30
5 86 64 75 1 0 10 0.00 0.0 0 4.6 12 70 M M 2 14 60
6 88 62 75 1 0 10 0.00 0.0 0 4.4 14 30 M M 0 1 17 20
7 89 57 73 0 0 8 0.00 0.0 0 4.4 10 100 M M 1 13 30
8 85 72 79 6 0 14 0.02 0.0 0 8.6 15 40 M M 5 19 40
9 83 70 77 4 0 12 T 0.0 0 14.8 31 20 M M 7 38 20
10 92 64 78 6 0 13 0.00 0.0 0 3.5 12 180 M M 1 12 14 260
11 94 75 85 13 0 20 0.00 0.0 0 7.9 16 230 M M 4 1 20 210
12 92 69 81 9 0 16 0.00 0.0 0 6.2 13 280 M M 6 12 20 270
13 90 67 79 7 0 14 0.00 0.0 0 4.7 10 70 M M 4 12 13 60
14 90 69 80 9 0 15 0.00 0.0 0 5.6 15 150 M M 4 12 18 150
15 92 71 82 11 0 17 T 0.0 0 7.6 17 200 M M 3 22 180
16 73 57 65 -6 0 0 0.32 0.0 0 12.1 24 20 M M 10 1 30 30
17 83 64 74 3 0 9 0.00 0.0 0 9.8 18 150 M M 7 23 140
18 90 68 79 9 0 14 0.00 0.0 0 9.5 18 170 M M 2 23 180
19 87 75 81 11 0 16 0.43 0.0 0 8.4 18 150 M M 7 13 22 160
20 89 70 80 10 0 15 0.00 0.0 0 7.0 16 130 M M 3 1 22 120
21 88 70 79 9 0 14 0.00 0.0 0 6.1 13 100 M M 4 12 21 120
22 87 74 81 12 0 16 T 0.0 0 7.6 15 120 M M 6 1 20 110
23 90 58 74 5 0 9 T 0.0 0 7.4 29 360 M M 7 13 44 360
24 70 53 62 -7 3 0 0.00 0.0 0 8.1 17 350 M M 8 23 360
25 80 62 71 3 0 6 0.00 0.0 0 6.5 15 140 M M 8 1 19 140
26 85 60 73 5 0 8 0.00 0.0 0 10.4 21 140 M M 8 25 110
27 72 56 64 -4 1 0 0.07 0.0 0 9.5 16 350 M M 10 1 22 330
28 57 43 50 -17 15 0 0.03 0.0 0 9.8 21 330 M M 6 1 28 320
29 65 41 53 -14 12 0 0.00 0.0 0 10.5 22 340 M M 1 1 31 320
30 71 44 58 -9 7 0 0.00 0.0 0 3.8 13 30 M M 0 17 20
31 76 44 60 -6 5 0 0.00 0.0 0 2.2 10 140 M M 0 1 12 150
================================================================================
SM 2589 1903 43 282 0.87 0.0 216.2 M 125
================================================================================
AV 83.5 61.4 7.0 FASTST M M 4 MAX(MPH)
MISC ----> # 31 20 # 44 360
================================================================================
NOTES:
# LAST OF SEVERAL OCCURRENCES
COLUMN 17 PEAK WIND IN M.P.H.
PRELIMINARY LOCAL CLIMATOLOGICAL DATA (WS FORM: F-6) , PAGE 2
STATION: SUGAR LAND/HULL FLD
MONTH: OCTOBER
YEAR: 2020
LATITUDE: 29 37 N
LONGITUDE: 95 39 W
[TEMPERATURE DATA] [PRECIPITATION DATA] SYMBOLS USED IN COLUMN 16
AVERAGE MONTHLY: 72.5 TOTAL FOR MONTH: 0.87 1 = FOG OR MIST
DPTR FM NORMAL: 1.7 DPTR FM NORMAL: -4.36 2 = FOG REDUCING VISIBILITY
HIGHEST: 94 ON 11 GRTST 24HR 0.43 ON 19-19 TO 1/4 MILE OR LESS
LOWEST: 41 ON 29 3 = THUNDER
SNOW, ICE PELLETS, HAIL 4 = ICE PELLETS
TOTAL MONTH: 0.0 INCH 5 = HAIL
GRTST 24HR 0.0 6 = FREEZING RAIN OR DRIZZLE
GRTST DEPTH: 0 7 = DUSTSTORM OR SANDSTORM:
VSBY 1/2 MILE OR LESS
8 = SMOKE OR HAZE
[NO. OF DAYS WITH] [WEATHER - DAYS WITH] 9 = BLOWING SNOW
X = TORNADO
MAX 32 OR BELOW: 0 0.01 INCH OR MORE: 5
MAX 90 OR ABOVE: 8 0.10 INCH OR MORE: 2
MIN 32 OR BELOW: 0 0.50 INCH OR MORE: 0
MIN 0 OR BELOW: 0 1.00 INCH OR MORE: 0
[HDD (BASE 65) ]
TOTAL THIS MO. 43 CLEAR (SCALE 0-3) 14
DPTR FM NORMAL 16 PTCLDY (SCALE 4-7) 13
TOTAL FM JUL 1 43 CLOUDY (SCALE 8-10) 4
DPTR FM NORMAL 16
[CDD (BASE 65) ]
TOTAL THIS MO. 282
DPTR FM NORMAL 75 [PRESSURE DATA]
TOTAL FM JAN 1 3457 HIGHEST SLP 30.32 ON 30
DPTR FM NORMAL 596 LOWEST SLP 29.65 ON 9
[REMARKS]
#FINAL-10-20#