000
CXUS54 KLZK 011330
CF6SGT
PRELIMINARY LOCAL CLIMATOLOGICAL DATA (WS FORM: F-6)
STATION: STUTTGART AIRPORT
MONTH: NOVEMBER
YEAR: 2022
LATITUDE: 34 35 N
LONGITUDE: 91 34 W
TEMPERATURE IN F: :PCPN: SNOW: WIND :SUNSHINE: SKY :PK WND
================================================================================
1 2 3 4 5 6A 6B 7 8 9 10 11 12 13 14 15 16 17 18
12Z AVG MX 2MIN
DY MAX MIN AVG DEP HDD CDD WTR SNW DPTH SPD SPD DIR MIN PSBL S-S WX SPD DR
================================================================================
1 72 50 61 3 4 0 T M M 2.7 9 180 M M 1 8 M M
2 77 50 64 7 1 0 T M M 4.5 9 170 M M 2 18 M M
3 81 54 68 11 0 3 0.00 M M 7.8 16 150 M M 1 M M
4 79 59 69 12 0 4 1.92 M M 14.2 39 210 M M 5 13 47 200
5 67 50 59 3 6 0 0.67 M M 9.9 20 210 M M 4 13 30 210
6 72 48 60 4 5 0 0.00 M M 8.1 13 150 M M 5 12 M M
7 66 59 63 8 2 0 0.39 M M 10.7 17 50 M M 10 12 22 30
8 78 57 68 13 0 3 0.00 M M 6.4 10 20 M M 4 8 M M
9 81 59 70 15 0 5 0.00 M M 8.5 16 180 M M 0 8 M M
10 72 52 62 8 3 0 0.00 M M 4.8 9 150 M M 0 8 M M
11 63 41 52 -2 13 0 T M M 10.5 23 350 M M 6 31 350
12 48 30 39 -15 26 0 0.04 M M 13.5 23 340 M M 4 31 350
13 43 27 35 -18 30 0 0.00 M M 8.0 14 30 M M 0 18 M M
14 48 28 38 -15 27 0 0.17 M M 8.8 16 70 M M 4 148 M M
15 48 37 43 -9 22 0 T M M 10.7 16 350 M M 9 1 M M
16 53 30 42 -10 23 0 0.00 M M 9.3 18 300 M M 0 M M
17 47 24 36 -16 29 0 0.00 M M 4.7 10 190 M M 0 M M
18 44 31 38 -13 27 0 0.00 M M 7.1 14 10 M M 3 M M
19 44 30 37 -14 28 0 0.00 M M 6.0 14 220 M M 5 M M
20 42 27 35 -15 30 0 0.00 M M 5.2 14 20 M M 0 M M
21 53 26 40 -10 25 0 0.00 M M 2.5 7 170 M M 0 M M
22 61 35 48 -2 17 0 0.00 M M 3.5 8 200 M M 1 8 M M
23 66 35 51 2 14 0 0.02 M M 3.9 12 150 M M 3 8 M M
24 55 49 52 3 13 0 1.43 M M 7.3 14 100 M M 8 1 M M
25 58 49 54 5 11 0 0.00 M M 11.0 16 20 M M 8 1 22 20
26 61 47 54 6 11 0 0.57 M M 12.1 32 220 M M 9 1 44 220
27 56 43 50 2 15 0 0.00 M M 13.2 26 230 M M 7 37 220
28 62 41 52 5 13 0 0.00 M M 5.8 9 160 M M 2 1 M M
29 66 47 57 10 8 0 0.14 M M 9.6 18 290 M M 7 12 32 330
30 56 34 45 -2 20 0 M M M 12.3 28 330 M M 0 36 330
================================================================================
SM 1819 1249 423 15 5.35 M 242.6 M 108
================================================================================
AV 60.6 41.6 8.1 FASTST M M 4 MAX(MPH)
MISC ----> 39 210 47 200
================================================================================
NOTES:
# LAST OF SEVERAL OCCURRENCES
COLUMN 17 PEAK WIND IN M.P.H.
PRELIMINARY LOCAL CLIMATOLOGICAL DATA (WS FORM: F-6) , PAGE 2
STATION: STUTTGART AIRPORT
MONTH: NOVEMBER
YEAR: 2022
LATITUDE: 34 35 N
LONGITUDE: 91 34 W
[TEMPERATURE DATA] [PRECIPITATION DATA] SYMBOLS USED IN COLUMN 16
AVERAGE MONTHLY: 51.1 TOTAL FOR MONTH: 5.35 1 = FOG OR MIST
DPTR FM NORMAL: -1.1 DPTR FM NORMAL: 0.55 2 = FOG REDUCING VISIBILITY
HIGHEST: 81 ON 3, 9 GRTST 24HR 2.59 ON 4- 5 TO 1/4 MILE OR LESS
LOWEST: 24 ON 17 3 = THUNDER
SNOW, ICE PELLETS, HAIL 4 = ICE PELLETS
TOTAL MONTH: M 5 = HAIL
GRTST 24HR M ON M 6 = FREEZING RAIN OR DRIZZLE
GRTST DEPTH: M ON M 7 = DUSTSTORM OR SANDSTORM:
VSBY 1/2 MILE OR LESS
8 = SMOKE OR HAZE
[NO. OF DAYS WITH] [WEATHER - DAYS WITH] 9 = BLOWING SNOW
X = TORNADO
MAX 32 OR BELOW: 0 0.01 INCH OR MORE: 9
MAX 90 OR ABOVE: 0 0.10 INCH OR MORE: 7
MIN 32 OR BELOW: 9 0.50 INCH OR MORE: 4
MIN 0 OR BELOW: 0 1.00 INCH OR MORE: 2
[HDD (BASE 65) ]
TOTAL THIS MO. 423 CLEAR (SCALE 0-3) 14
DPTR FM NORMAL 30 PTCLDY (SCALE 4-7) 12
TOTAL FM JUL 1 548 CLOUDY (SCALE 8-10) 4
DPTR FM NORMAL -6
[CDD (BASE 65) ]
TOTAL THIS MO. 15
DPTR FM NORMAL 8 [PRESSURE DATA]
TOTAL FM JAN 1 2357 HIGHEST SLP 30.57 ON 20
DPTR FM NORMAL 319 LOWEST SLP 29.57 ON 26
[REMARKS]
#FINAL-11-22#