000
CXUS54 KLZK 011230
CF6SGT
PRELIMINARY LOCAL CLIMATOLOGICAL DATA (WS FORM: F-6)
STATION: STUTTGART AIRPORT
MONTH: MARCH
YEAR: 2024
LATITUDE: 34 35 N
LONGITUDE: 91 34 W
TEMPERATURE IN F: :PCPN: SNOW: WIND :SUNSHINE: SKY :PK WND
================================================================================
1 2 3 4 5 6A 6B 7 8 9 10 11 12 13 14 15 16 17 18
12Z AVG MX 2MIN
DY MAX MIN AVG DEP HDD CDD WTR SNW DPTH SPD SPD DIR MIN PSBL S-S WX SPD DR
================================================================================
1 51 41 46 -2 19 0 0.07 M M 4.3 8 340 M M 8 M M
2 67 38 53 5 12 0 0.00 M M 7.3 14 180 M M 0 12 M M
3 73 51 62 13 3 0 0.00 M M 11.7 18 190 M M 6 1 M M
4 78 60 69 20 0 4 0.12 M M 11.7 20 150 M M 8 1 45 170
5 73 57 65 16 0 0 0.00 M M 6.4 17 50 M M 2 8 M M
6 65 54 60 10 5 0 0.00 M M 8.9 15 20 M M 6 1 M M
7 63 54 59 9 6 0 0.37 M M 7.3 20 140 M M 6 1 M M
8 64 53 59 9 6 0 0.23 M M 6.4 15 180 M M 6 1 M M
9 57 43 50 -1 15 0 0.04 M M 12.7 22 10 M M 6 27 10
10 60 38 49 -2 16 0 0.00 M M 7.1 12 340 M M 0 M M
11 66 40 53 2 12 0 0.00 M M 6.8 12 180 M M 0 M M
12 73 44 59 8 6 0 0.00 M M 9.8 17 200 M M 1 M M
13 79 57 68 16 0 3 0.00 M M 11.9 17 170 M M 3 M M
14 75 61 68 16 0 3 1.96 M M 13.9 36 10 M M 7 13 41 10
15 62 51 57 5 8 0 1.17 M M 10.2 20 10 M M 9 13 18 180
16 65 47 56 3 9 0 0.03 M M 4.7 10 230 M M 1 12 M M
17 62 48 55 2 10 0 0.00 M M 10.3 18 20 M M 8 M M
18 52 39 46 -7 19 0 0.00 M M 12.5 17 350 M M 0 24 320
19 63 33 48 -5 17 0 0.00 M M 9.5 16 210 M M 0 M M
20 73 45 59 5 6 0 0.00 M M 8.7 14 240 M M 0 M M
21 68 46 57 3 8 0 0.00 M M 5.5 12 60 M M 4 M M
22 61 50 56 2 9 0 0.15 M M 6.7 15 20 M M 7 M M
23 56 43 50 -5 15 0 0.00 M M 13.3 25 360 M M 2 32 360
24 63 44 54 -1 11 0 T M M 9.0 17 150 M M 1 M M
25 70 52 61 6 4 0 0.63 M M 17.1 35 140 M M 9 1 44 130
26 58 43 51 -5 14 0 0.00 M M 11.8 21 310 M M 1 27 310
27 59 38 49 -7 16 0 0.00 M M 8.6 13 10 M M 0 17 10
28 67 41 54 -2 11 0 0.00 M M 5.1 9 220 M M 1 M M
29 77 47 62 6 3 0 0.00 M M 12.6 21 210 M M 0 25 210
30 78 56 67 10 0 2 0.00 M M 14.0 21 220 M M 2 30 240
31 78 62 70 13 0 5 0.00 M M 13.0 18 200 M M 4 M M
================================================================================
SM 2056 1476 260 17 4.77 M 298.8 M 108
================================================================================
AV 66.3 47.6 9.6 FASTST M M 3 MAX(MPH)
MISC ----> 36 10 45 170
================================================================================
NOTES:
# LAST OF SEVERAL OCCURRENCES
COLUMN 17 PEAK WIND IN M.P.H.
PRELIMINARY LOCAL CLIMATOLOGICAL DATA (WS FORM: F-6) , PAGE 2
STATION: STUTTGART AIRPORT
MONTH: MARCH
YEAR: 2024
LATITUDE: 34 35 N
LONGITUDE: 91 34 W
[TEMPERATURE DATA] [PRECIPITATION DATA] SYMBOLS USED IN COLUMN 16
AVERAGE MONTHLY: 57.0 TOTAL FOR MONTH: 4.77 1 = FOG OR MIST
DPTR FM NORMAL: 4.4 DPTR FM NORMAL: -0.23 2 = FOG REDUCING VISIBILITY
HIGHEST: 79 ON 13 GRTST 24HR 3.13 ON 14-15 TO 1/4 MILE OR LESS
LOWEST: 33 ON 19 3 = THUNDER
SNOW, ICE PELLETS, HAIL 4 = ICE PELLETS
TOTAL MONTH: M 5 = HAIL
GRTST 24HR M ON M 6 = FREEZING RAIN OR DRIZZLE
GRTST DEPTH: M ON M 7 = DUSTSTORM OR SANDSTORM:
VSBY 1/2 MILE OR LESS
8 = SMOKE OR HAZE
[NO. OF DAYS WITH] [WEATHER - DAYS WITH] 9 = BLOWING SNOW
X = TORNADO
MAX 32 OR BELOW: 0 0.01 INCH OR MORE: 10
MAX 90 OR ABOVE: 0 0.10 INCH OR MORE: 7
MIN 32 OR BELOW: 0 0.50 INCH OR MORE: 3
MIN 0 OR BELOW: 0 1.00 INCH OR MORE: 2
[HDD (BASE 65) ]
TOTAL THIS MO. 260 CLEAR (SCALE 0-3) 16
DPTR FM NORMAL -137 PTCLDY (SCALE 4-7) 12
TOTAL FM JUL 1 2460 CLOUDY (SCALE 8-10) 3
DPTR FM NORMAL -546
[CDD (BASE 65) ]
TOTAL THIS MO. 17
DPTR FM NORMAL 10 [PRESSURE DATA]
TOTAL FM JAN 1 24 HIGHEST SLP 30.35 ON 11
DPTR FM NORMAL 17 LOWEST SLP 29.45 ON 25
[REMARKS]
#FINAL-03-24#