774
CXUS56 KMFR 011000
CF6SIY
PRELIMINARY LOCAL CLIMATOLOGICAL DATA (WS FORM: F-6)
STATION: MONTAGUE CA
MONTH: AUGUST
YEAR: 2020
LATITUDE: 41 46 N
LONGITUDE: 122 28 W
TEMPERATURE IN F: :PCPN: SNOW: WIND :SUNSHINE: SKY :PK WND
================================================================================
1 2 3 4 5 6A 6B 7 8 9 10 11 12 13 14 15 16 17 18
12Z AVG MX 2MIN
DY MAX MIN AVG DEP HDD CDD WTR SNW DPTH SPD SPD DIR MIN PSBL S-S WX SPD DR
================================================================================
1 97 59 78 4 0 13 0.00 M M 5.9 17 320 M M 0 21 330
2 95 57 76 2 0 11 0.00 M M 7.3 21 360 M M 0 25 10
3 95 61 78 4 0 13 0.00 M M 7.9 21 340 M M 0 25 350
4 98 58 78 5 0 13 0.00 M M 6.8 23 350 M M 0 29 340
5 96 50 73 0 0 8 1.76 M M 5.4 32 140 M M 1 13 38 200
6 81 57 69 -4 0 4 0.00 M M 11.2 24 360 M M 1 1 30 330
7 89 52 71 -2 0 6 0.00 M M 8.4 17 340 M M 0 20 10
8 94 53 74 1 0 9 0.00 M M 6.7 21 360 M M 0 24 360
9 97 59 78 6 0 13 0.00 M M 8.2 18 340 M M 0 24 320
10 99 58 79 7 0 14 0.00 M M 7.5 22 10 M M 0 25 10
11 96 59 78 6 0 13 0.00 M M 6.7 24 20 M M 0 28 20
12 91 53 72 0 0 7 0.00 M M 7.5 20 20 M M 0 24 30
13 95 53 74 2 0 9 0.00 M M 7.7 17 360 M M 0 21 10
14 100 55 78 7 0 13 0.00 M M 5.1 15 20 M M 0 18 330
15 105 58 82 11 0 17 0.00 M M 7.3 26 170 M M 0 34 150
16 96 66 81 10 0 16 0.01 M M 7.4 31 170 M M 1 37 160
17 91 64 78 7 0 13 T M M 5.7 38 160 M M 0 48 160
18 99 65 82 12 0 17 T M M 4.8 16 320 M M 2 19 330
19 95 57 76 6 0 11 0.00 M M 5.3 17 340 M M 1 20 340
20 92 54 73 3 0 8 0.00 M M 5.4 14 300 M M 0 19 310
21 92 56 74 4 0 9 0.00 M M 7.0 18 320 M M 0 23 300
22 93 57 75 6 0 10 0.00 M M 5.4 17 340 M M 1 8 21 340
23 95 56 76 7 0 11 0.00 M M 4.1 13 300 M M 8 8 15 300
24 87 61 74 5 0 9 T M M 4.3 10 50 M M 5 38 11 40
25 92 57 75 7 0 10 0.00 M M 5.0 17 360 M M 6 8 20 340
26 90 55 73 5 0 8 0.00 M M 5.1 18 340 M M 0 8 23 340
27 91 57 74 6 0 9 0.00 M M 8.2 18 340 M M 0 23 340
28 98 52 75 7 0 10 0.00 M M 4.2 17 360 M M 0 22 340
29 95 54 75 8 0 10 0.00 M M 7.7 22 10 M M 0 27 20
30 90 51 71 4 0 6 0.00 M M 9.8 21 340 M M 0 25 340
31 88 52 70 3 0 5 0.00 M M 8.4 20 360 M M 0 24 320
================================================================================
SM 2912 1756 0 325 1.77 M 207.4 M 26
================================================================================
AV 93.9 56.7 6.7 FASTST M M 1 MAX(MPH)
MISC ----> # 38 160 # 48 160
================================================================================
NOTES:
# LAST OF SEVERAL OCCURRENCES
COLUMN 17 PEAK WIND IN M.P.H.
PRELIMINARY LOCAL CLIMATOLOGICAL DATA (WS FORM: F-6) , PAGE 2
STATION: MONTAGUE CA
MONTH: AUGUST
YEAR: 2020
LATITUDE: 41 46 N
LONGITUDE: 122 28 W
[TEMPERATURE DATA] [PRECIPITATION DATA] SYMBOLS USED IN COLUMN 16
AVERAGE MONTHLY: 75.3 TOTAL FOR MONTH: 1.77 1 = FOG OR MIST
DPTR FM NORMAL: 4.6 DPTR FM NORMAL: 1.43 2 = FOG REDUCING VISIBILITY
HIGHEST: 105 ON 15 GRTST 24HR 1.76 ON 5- 5 TO 1/4 MILE OR LESS
LOWEST: 50 ON 5 3 = THUNDER
SNOW, ICE PELLETS, HAIL 4 = ICE PELLETS
TOTAL MONTH: M 5 = HAIL
GRTST 24HR M ON M 6 = FREEZING RAIN OR DRIZZLE
GRTST DEPTH: M ON M 7 = DUSTSTORM OR SANDSTORM:
VSBY 1/2 MILE OR LESS
8 = SMOKE OR HAZE
[NO. OF DAYS WITH] [WEATHER - DAYS WITH] 9 = BLOWING SNOW
X = TORNADO
MAX 32 OR BELOW: 0 0.01 INCH OR MORE: 2
MAX 90 OR ABOVE: 27 0.10 INCH OR MORE: 1
MIN 32 OR BELOW: 0 0.50 INCH OR MORE: 1
MIN 0 OR BELOW: 0 1.00 INCH OR MORE: 1
[HDD (BASE 65) ]
TOTAL THIS MO. 0 CLEAR (SCALE 0-3) 28
DPTR FM NORMAL -13 PTCLDY (SCALE 4-7) 3
TOTAL FM JUL 1 1 CLOUDY (SCALE 8-10) 0
DPTR FM NORMAL -16
[CDD (BASE 65) ]
TOTAL THIS MO. 325
DPTR FM NORMAL 137 [PRESSURE DATA]
TOTAL FM JAN 1 815 HIGHEST SLP M ON M
DPTR FM NORMAL 314 LOWEST SLP 29.75 ON 26
[REMARKS]
#FINAL-08-20#