000
CXUS56 KMTR 011100
CF6SJC
PRELIMINARY LOCAL CLIMATOLOGICAL DATA (WS FORM: F-6)
STATION: SAN JOSE AIRPORT
MONTH: NOVEMBER
YEAR: 2021
LATITUDE: 37 21 N
LONGITUDE: 121 55 W
TEMPERATURE IN F: :PCPN: SNOW: WIND :SUNSHINE: SKY :PK WND
================================================================================
1 2 3 4 5 6A 6B 7 8 9 10 11 12 13 14 15 16 17 18
12Z AVG MX 2MIN
DY MAX MIN AVG DEP HDD CDD WTR SNW DPTH SPD SPD DIR MIN PSBL S-S WX SPD DR
================================================================================
1 66 58 62 2 3 0 0.06 M M 7.0 17 150 M M 7 1 22 150
2 72 57 65 5 0 0 0.00 M M 4.0 12 340 M M 5 15 320
3 77 52 65 5 0 0 0.00 M M 2.7 9 140 M M 3 128 12 130
4 69 53 61 2 4 0 0.04 M M 5.9 15 330 M M 5 1 20 320
5 68 50 59 0 6 0 0.00 M M 4.4 20 330 M M 7 18 23 340
6 66 50 58 -1 7 0 0.00 M M 5.6 18 320 M M 6 23 310
7 63 46 55 -3 10 0 0.00 M M 6.0 14 330 M M 3 18 290
8 69 43 56 -2 9 0 T M M 7.5 26 130 M M 6 33 140
9 69 53 61 3 4 0 0.02 M M 10.7 25 160 M M 9 1 35 150
10 69 55 62 5 3 0 0.00 M M 5.4 13 320 M M 6 14 340
11 73 49 61 4 4 0 0.00 M M 3.0 9 320 M M 1 13 330
12 75 49 62 5 3 0 0.00 M M 3.1 13 330 M M 2 128 15 340
13 75 48 62 6 3 0 0.00 M M 2.9 9 330 M M 3 128 12 340
14 72 47 60 4 5 0 0.00 M M 2.5 10 330 M M 4 13 340
15 64 47 56 0 9 0 0.00 M M 2.3 10 330 M M 7 18 13 320
16 64 51 58 2 7 0 0.00 M M 4.2 14 330 M M 7 1 17 340
17 68 44 56 1 9 0 0.00 M M 3.4 9 320 M M 2 1 12 350
18 64 46 55 0 10 0 0.01 M M 3.9 12 340 M M 6 1 14 350
19 69 54 62 7 3 0 0.00 M M 6.2 17 320 M M 9 18 20 320
20 69 49 59 5 6 0 0.00 M M 5.5 17 300 M M 4 22 350
21 70 42 56 2 9 0 0.00 M M 2.2 7 310 M M 1 10 340
22 74 43 59 5 6 0 0.00 M M 3.0 10 320 M M 1 12 320
23 66 41 54 0 11 0 0.00 M M 4.9 15 320 M M 3 19 320
24 69 43 56 3 9 0 T M M 6.8 18 340 M M 2 23 320
25 69 38 54 1 11 0 0.00 M M 2.8 8 320 M M 5 10 320
26 67 42 55 2 10 0 0.00 M M 3.1 9 340 M M 3 12 360
27 71 43 57 4 8 0 0.00 M M 2.0 9 310 M M 2 11 330
28 71 46 59 7 6 0 0.00 M M 2.3 8 330 M M 1 10 340
29 M M M M M M 0.00 M M M M M M M 2 M M
30 73 44 59 7 6 0 0.00 M M 2.6 9 310 M M 2 18 12 340
================================================================================
SM 2011 1383 181 0 0.13 M 125.9 M 124
================================================================================
AV 69.3 47.7 4.3 FASTST M M 4 MAX(MPH)
MISC ----> 26 130 35 150
================================================================================
NOTES:
# LAST OF SEVERAL OCCURRENCES
COLUMN 17 PEAK WIND IN M.P.H.
PRELIMINARY LOCAL CLIMATOLOGICAL DATA (WS FORM: F-6) , PAGE 2
STATION: SAN JOSE AIRPORT
MONTH: NOVEMBER
YEAR: 2021
LATITUDE: 37 21 N
LONGITUDE: 121 55 W
[TEMPERATURE DATA] [PRECIPITATION DATA] SYMBOLS USED IN COLUMN 16
AVERAGE MONTHLY: 58.5 TOTAL FOR MONTH: 0.13 1 = FOG OR MIST
DPTR FM NORMAL: 2.6 DPTR FM NORMAL: -1.20 2 = FOG REDUCING VISIBILITY
HIGHEST: 77 ON 3 GRTST 24HR 0.06 ON 1- 1 TO 1/4 MILE OR LESS
LOWEST: 38 ON 25 3 = THUNDER
SNOW, ICE PELLETS, HAIL 4 = ICE PELLETS
TOTAL MONTH: M 5 = HAIL
GRTST 24HR M ON M 6 = FREEZING RAIN OR DRIZZLE
GRTST DEPTH: M ON M 7 = DUSTSTORM OR SANDSTORM:
VSBY 1/2 MILE OR LESS
8 = SMOKE OR HAZE
[NO. OF DAYS WITH] [WEATHER - DAYS WITH] 9 = BLOWING SNOW
X = TORNADO
MAX 32 OR BELOW: 0 0.01 INCH OR MORE: 4
MAX 90 OR ABOVE: 0 0.10 INCH OR MORE: 0
MIN 32 OR BELOW: 0 0.50 INCH OR MORE: 0
MIN 0 OR BELOW: 0 1.00 INCH OR MORE: 0
[HDD (BASE 65) ]
TOTAL THIS MO. 181 CLEAR (SCALE 0-3) 11
DPTR FM NORMAL -94 PTCLDY (SCALE 4-7) 17
TOTAL FM JUL 1 264 CLOUDY (SCALE 8-10) 2
DPTR FM NORMAL -100
[CDD (BASE 65) ]
TOTAL THIS MO. 0
DPTR FM NORMAL -2 [PRESSURE DATA]
TOTAL FM JAN 1 634 HIGHEST SLP 30.38 ON 25
DPTR FM NORMAL 10 LOWEST SLP 29.97 ON 8
[REMARKS]
#FINAL-11-21#