000
CXUS56 KFGZ 010910
CF6SJN
PRELIMINARY LOCAL CLIMATOLOGICAL DATA (WS FORM: F-6)
STATION: SAINT JOHNS AZ AIRPORT
MONTH: MARCH
YEAR: 2022
LATITUDE: 34 31 N
LONGITUDE: 109 23 W
TEMPERATURE IN F: :PCPN: SNOW: WIND :SUNSHINE: SKY :PK WND
================================================================================
1 2 3 4 5 6A 6B 7 8 9 10 11 12 13 14 15 16 17 18
12Z AVG MX 2MIN
DY MAX MIN AVG DEP HDD CDD WTR SNW DPTH SPD SPD DIR MIN PSBL S-S WX SPD DR
================================================================================
1 63 19 41 -1 24 0 0.00 M M 5.7 15 300 M M 0 20 310
2 70 22 46 4 19 0 0.00 M M 3.9 10 200 M M 0 13 320
3 73 25 49 7 16 0 0.00 M M 7.6 21 180 M M 0 27 190
4 63 38 51 9 14 0 0.00 M M 15.6 38 220 M M 3 48 220
5 54 31 43 1 22 0 0.00 M M 14.7 33 220 M M 4 43 230
6 44 27 36 -7 29 0 T M M 13.8 26 280 M M 7 8 37 280
7 49 21 35 -8 30 0 T M M 8.3 24 340 M M 6 30 320
8 44 14 29 -14 36 0 0.00 M M 3.5 12 310 M M 0 15 300
9 57 15 36 -8 29 0 0.00 M M 11.2 26 240 M M 0 36 250
10 54 32 43 -1 22 0 0.01 M M 11.2 36 240 M M M 49 240
11 41 19 30 -14 35 0 T M M 7.5 16 360 M M M 27 300
12 58 14 36 -8 29 0 0.00 M M 4.5 13 320 M M M 19 330
13 64 16 40 -4 25 0 0.00 M M 10.1 29 270 M M M 36 240
14 59 27 43 -2 22 0 0.00 M M 6.1 16 310 M M M 22 240
15 71 19 45 0 20 0 0.00 M M 3.7 16 290 M M M 8 22 310
16 68 28 48 3 17 0 0.03 M M 11.3 37 310 M M M 45 300
17 57 29 43 -2 22 0 0.00 M M 12.7 30 320 M M 0 38 320
18 63 20 42 -4 23 0 0.00 M M 7.1 24 300 M M 0 32 320
19 68 22 45 -1 20 0 0.00 M M 7.0 24 240 M M 0 30 260
20 67 31 49 3 16 0 0.00 M M 11.8 38 240 M M 2 48 240
21 53 32 43 -3 22 0 T M M 12.0 24 300 M M 7 1 31 300
22 57 23 40 -7 25 0 0.00 M M 11.5 30 340 M M 0 41 340
23 61 17 39 -8 26 0 0.00 M M 7.0 26 320 M M 0 32 340
24 70 21 46 -1 19 0 0.00 M M 6.5 17 300 M M 0 8 26 330
25 75 30 53 6 12 0 0.00 M M 4.9 12 320 M M 0 19 20
26 80 30 55 7 10 0 0.00 M M 4.7 18 270 M M 0 22 270
27 80 34 57 9 8 0 0.00 M M 7.3 25 240 M M 0 35 240
28 69 37 53 5 12 0 0.00 M M 7.6 33 240 M M 0 42 220
29 49 32 41 -7 24 0 0.21 M M 16.1 33 230 M M 5 12 42 220
30 58 40 49 1 16 0 T M M 13.7 31 340 M M 7 41 320
31 64 39 52 3 13 0 0.00 M M 6.9 20 240 M M 2 8 25 210
================================================================================
SM 1903 804 657 0 0.25 M 275.5 M 43
================================================================================
AV 61.4 25.9 8.9 FASTST M M 2 MAX(MPH)
MISC ----> # 38 220 49 240
================================================================================
NOTES:
# LAST OF SEVERAL OCCURRENCES
COLUMN 17 PEAK WIND IN M.P.H.
PRELIMINARY LOCAL CLIMATOLOGICAL DATA (WS FORM: F-6) , PAGE 2
STATION: SAINT JOHNS AZ AIRPORT
MONTH: MARCH
YEAR: 2022
LATITUDE: 34 31 N
LONGITUDE: 109 23 W
[TEMPERATURE DATA] [PRECIPITATION DATA] SYMBOLS USED IN COLUMN 16
AVERAGE MONTHLY: 43.7 TOTAL FOR MONTH: 0.25 1 = FOG OR MIST
DPTR FM NORMAL: -1.4 DPTR FM NORMAL: -0.18 2 = FOG REDUCING VISIBILITY
HIGHEST: 80 ON 27,26 GRTST 24HR 0.21 ON 29-29 TO 1/4 MILE OR LESS
LOWEST: 14 ON 12, 8 3 = THUNDER
SNOW, ICE PELLETS, HAIL 4 = ICE PELLETS
TOTAL MONTH: M 5 = HAIL
GRTST 24HR M ON M 6 = FREEZING RAIN OR DRIZZLE
GRTST DEPTH: M ON M 7 = DUSTSTORM OR SANDSTORM:
VSBY 1/2 MILE OR LESS
8 = SMOKE OR HAZE
[NO. OF DAYS WITH] [WEATHER - DAYS WITH] 9 = BLOWING SNOW
X = TORNADO
MAX 32 OR BELOW: 0 0.01 INCH OR MORE: 3
MAX 90 OR ABOVE: 0 0.10 INCH OR MORE: 1
MIN 32 OR BELOW: 26 0.50 INCH OR MORE: 0
MIN 0 OR BELOW: 0 1.00 INCH OR MORE: 0
[HDD (BASE 65) ]
TOTAL THIS MO. 657 CLEAR (SCALE 0-3) 18
DPTR FM NORMAL 42 PTCLDY (SCALE 4-7) 6
TOTAL FM JUL 1 4280 CLOUDY (SCALE 8-10) 7
DPTR FM NORMAL -37
[CDD (BASE 65) ]
TOTAL THIS MO. 0
DPTR FM NORMAL 0 [PRESSURE DATA]
TOTAL FM JAN 1 0 HIGHEST SLP M ON M
DPTR FM NORMAL 0 LOWEST SLP 29.54 ON 29
[REMARKS]
#FINAL-03-22#