000
CXUS56 KFGZ 010900
CF6SJN
PRELIMINARY LOCAL CLIMATOLOGICAL DATA (WS FORM: F-6)
STATION: SAINT JOHNS AZ AIRPORT
MONTH: AUGUST
YEAR: 2020
LATITUDE: 34 31 N
LONGITUDE: 109 23 W
TEMPERATURE IN F: :PCPN: SNOW: WIND :SUNSHINE: SKY :PK WND
================================================================================
1 2 3 4 5 6A 6B 7 8 9 10 11 12 13 14 15 16 17 18
12Z AVG MX 2MIN
DY MAX MIN AVG DEP HDD CDD WTR SNW DPTH SPD SPD DIR MIN PSBL S-S WX SPD DR
================================================================================
1 100 57 79 4 0 14 T M M 9.2 26 170 M M 0 3 36 60
2 98 67 83 8 0 18 T M M 11.5 30 140 M M 1 3 36 150
3 98 59 79 4 0 14 0.00 M M 7.3 24 280 M M 0 30 260
4 96 64 80 5 0 15 0.00 M M 9.7 22 240 M M 0 28 250
5 93 60 77 2 0 12 0.00 M M 7.7 22 230 M M 1 31 230
6 94 54 74 0 0 9 0.00 M M 7.1 22 240 M M 0 29 200
7 89 59 74 0 0 9 T M M 6.4 21 170 M M 2 3 29 130
8 90 52 71 -3 0 6 T M M 5.4 29 220 M M 1 45 200
9 92 55 74 0 0 9 0.00 M M 5.0 22 190 M M 1 8 28 190
10 95 61 78 4 0 13 0.00 M M 7.5 20 240 M M 0 30 240
11 94 57 76 2 0 11 0.00 0.0 0 5.0 20 300 M M 0 28 290
12 93 64 79 5 0 14 T 0.0 0 7.2 24 210 M M 2 3 31 200
13 97 56 77 4 0 12 0.00 0.0 0 4.5 18 280 M M 0 23 320
14 99 64 82 9 0 17 0.00 M M 6.2 21 310 M M 0 25 320
15 101 56 79 6 0 14 0.00999.0 M 7.2 18 320 M M 0 23 310
16 101 60 81 8 0 16 0.00 M M 5.8 29 170 M M 1 3 36 170
17 97 62 80 7 0 15 0.00 M M 7.3 22 40 M M 0 3 28 10
18 97 59 78 5 0 13 T M M 5.5 18 230 M M 0 3 25 230
19 98 61 80 7 0 15 T M M 8.0 29 190 M M 1 42 180
20 98 59 79 6 0 14 0.00 M M 8.1 28 280 M M 0 33 290
21 100 65 83 10 0 18 0.00 M M 8.3 29 260 M M 0 36 360
22 99 59 79 7 0 14 T M M 7.5 25 160 M M 1 35 150
23 97 63 80 8 0 15 T M M 7.5 29 190 M M 2 35 190
24 97 61 79 7 0 14 T M M 5.9 24 180 M M 1 31 170
25 96 63 80 8 0 15 0.57 M M 5.4 24 260 M M 1 3 30 250
26 93 62 78 6 0 13 T M M 6.6 32 70 M M 3 3 44 30
27 92 64 78 6 0 13 T M M 6.6 26 180 M M 1 3 36 180
28 93 60 77 5 0 12 T M M 4.6 26 250 M M 1 35 240
29 92 60 76 4 0 11 T M M 6.8 38 300 M M 0 38 47 300
30 89 62 76 5 0 11 T M M 10.7 20 250 M M 3 27 260
31 87 65 76 5 0 11 0.00 M M 10.3 37 310 M M 2 3 48 310
================================================================================
SM 2955 1870 0 407 0.57 999.0 221.8 M 25
================================================================================
AV 95.3 60.3 7.2 FASTST M M 1 MAX(MPH)
MISC ----> # 38 300 # 48 310
================================================================================
NOTES:
# LAST OF SEVERAL OCCURRENCES
COLUMN 17 PEAK WIND IN M.P.H.
PRELIMINARY LOCAL CLIMATOLOGICAL DATA (WS FORM: F-6) , PAGE 2
STATION: SAINT JOHNS AZ AIRPORT
MONTH: AUGUST
YEAR: 2020
LATITUDE: 34 31 N
LONGITUDE: 109 23 W
[TEMPERATURE DATA] [PRECIPITATION DATA] SYMBOLS USED IN COLUMN 16
AVERAGE MONTHLY: 77.8 TOTAL FOR MONTH: 0.57 1 = FOG OR MIST
DPTR FM NORMAL: 4.7 DPTR FM NORMAL: -1.67 2 = FOG REDUCING VISIBILITY
HIGHEST: 101 ON 16,15 GRTST 24HR 0.57 ON 25-25 TO 1/4 MILE OR LESS
LOWEST: 52 ON 8 3 = THUNDER
SNOW, ICE PELLETS, HAIL 4 = ICE PELLETS
TOTAL MONTH: 999.0 INCHES 5 = HAIL
GRTST 24HR 999.0 ON 15-15 6 = FREEZING RAIN OR DRIZZLE
GRTST DEPTH: 0 7 = DUSTSTORM OR SANDSTORM:
VSBY 1/2 MILE OR LESS
8 = SMOKE OR HAZE
[NO. OF DAYS WITH] [WEATHER - DAYS WITH] 9 = BLOWING SNOW
X = TORNADO
MAX 32 OR BELOW: 0 0.01 INCH OR MORE: 1
MAX 90 OR ABOVE: 28 0.10 INCH OR MORE: 1
MIN 32 OR BELOW: 0 0.50 INCH OR MORE: 1
MIN 0 OR BELOW: 0 1.00 INCH OR MORE: 0
[HDD (BASE 65) ]
TOTAL THIS MO. 0 CLEAR (SCALE 0-3) 30
DPTR FM NORMAL 0 PTCLDY (SCALE 4-7) 1
TOTAL FM JUL 1 0 CLOUDY (SCALE 8-10) 0
DPTR FM NORMAL 0
[CDD (BASE 65) ]
TOTAL THIS MO. 407
DPTR FM NORMAL 156 [PRESSURE DATA]
TOTAL FM JAN 1 1117 HIGHEST SLP M ON M
DPTR FM NORMAL 266 LOWEST SLP 29.77 ON 31
[REMARKS]
#FINAL-08-20#