000
CXUS56 KSLC 010606
CF6SLC
PRELIMINARY LOCAL CLIMATOLOGICAL DATA (WS FORM: F-6)
STATION: SALT LAKE CITY UT
MONTH: NOVEMBER
YEAR: 2021
LATITUDE: 40 46 N
LONGITUDE: 111 58 W
TEMPERATURE IN F: :PCPN: SNOW: WIND :SUNSHINE: SKY :PK WND
================================================================================
1 2 3 4 5 6A 6B 7 8 9 10 11 12 13 14 15 16 17 18
12Z AVG MX 2MIN
DY MAX MIN AVG DEP HDD CDD WTR SNW DPTH SPD SPD DIR MIN PSBL S-S WX SPD DR
================================================================================
1 63 46 55 7 10 0 0.00 0.0 0 3.9 14 340 M M 4 8 17 340
2 58 44 51 4 14 0 0.06 0.0 0 5.2 15 30 M M 6 20 50
3 58 40 49 2 16 0 0.00 0.0 0 5.6 9 350 M M 1 13 340
4 67 39 53 7 12 0 0.00 0.0 0 7.9 16 260 M M 1 22 180
5 66 41 54 8 11 0 0.00 0.0 0 4.6 13 130 M M 0 17 140
6 67 48 58 12 7 0 0.00 0.0 0 6.6 21 180 M M 0 28 190
7 54 42 48 3 17 0 0.00 0.0 0 8.0 17 340 M M 3 21 330
8 50 38 44 -1 21 0 0.00 0.0 0 4.0 13 310 M M 2 17 300
9 50 37 44 0 21 0 0.25 0.0 0 8.1 28 170 M M 8 1 37 180
10 52 39 46 2 19 0 T 0.0 0 3.9 13 340 M M 7 18 340
11 51 39 45 1 20 0 T 0.0 0 6.0 14 140 M M 7 17 140
12 62 46 54 11 11 0 0.00 0.0 0 6.3 12 150 M M 5 15 160
13 63 42 53 10 12 0 0.00 0.0 0 5.0 13 160 M M 0 17 170
14 66 43 55 13 10 0 0.00 0.0 0 6.2 13 140 M M 0 16 160
15 66 42 54 12 11 0 0.00 0.0 0 6.0 17 130 M M 1 21 130
16 61 33 47 5 18 0 T 0.0 0 8.0 22 180 M M 6 30 180
17 42 28 35 -6 30 0 0.00 0.0 0 5.6 14 340 M M 0 8 17 330
18 45 28 37 -4 28 0 0.00 0.0 0 3.7 14 330 M M 3 15 340
19 48 36 42 2 23 0 0.03 0.0 0 5.2 21 10 M M 7 8 24 10
20 48 34 41 1 24 0 T 0.0 0 5.4 20 290 M M 5 1 25 290
21 47 28 38 -1 27 0 0.00 0.0 0 3.5 10 340 M M 0 14 340
22 48 30 39 0 26 0 0.00 0.0 0 4.3 9 150 M M 1 14 110
23 50 28 39 0 26 0 0.00 0.0 0 6.3 17 330 M M 2 8 23 330
24 42 30 36 -2 29 0 0.00 0.0 0 7.4 17 280 M M 5 8 24 310
25 46 26 36 -2 29 0 0.00 0.0 0 4.8 12 130 M M 2 14 150
26 46 27 37 0 28 0 0.00 0.0 0 4.7 13 20 M M 5 16 140
27 50 27 39 2 26 0 0.00 0.0 0 3.4 10 320 M M 1 8 12 330
28 54 30 42 5 23 0 0.00 0.0 0 3.7 12 310 M M 0 18 14 320
29 55 31 43 7 22 0 0.00 0.0 0 3.5 13 340 M M 0 18 15 330
30 50 30 40 4 25 0 0.00 0.0 0 3.1 10 140 M M 2 18 16 150
================================================================================
SM 1625 1072 596 0 0.34 0.0 159.9 M 84
================================================================================
AV 54.2 35.7 5.3 FASTST M M 3 MAX(MPH)
MISC ----> 28 170 37 180
================================================================================
NOTES:
# LAST OF SEVERAL OCCURRENCES
COLUMN 17 PEAK WIND IN M.P.H.
PRELIMINARY LOCAL CLIMATOLOGICAL DATA (WS FORM: F-6) , PAGE 2
STATION: SALT LAKE CITY UT
MONTH: NOVEMBER
YEAR: 2021
LATITUDE: 40 46 N
LONGITUDE: 111 58 W
[TEMPERATURE DATA] [PRECIPITATION DATA] SYMBOLS USED IN COLUMN 16
AVERAGE MONTHLY: 45.0 TOTAL FOR MONTH: 0.34 1 = FOG OR MIST
DPTR FM NORMAL: 3.3 DPTR FM NORMAL: -0.98 2 = FOG REDUCING VISIBILITY
HIGHEST: 67 ON 6, 4 GRTST 24HR 0.25 ON 9- 9 TO 1/4 MILE OR LESS
LOWEST: 26 ON 25 3 = THUNDER
SNOW, ICE PELLETS, HAIL 4 = ICE PELLETS
TOTAL MONTH: 0.0 INCH 5 = HAIL
GRTST 24HR 0.0 6 = FREEZING RAIN OR DRIZZLE
GRTST DEPTH: 0 7 = DUSTSTORM OR SANDSTORM:
VSBY 1/2 MILE OR LESS
8 = SMOKE OR HAZE
[NO. OF DAYS WITH] [WEATHER - DAYS WITH] 9 = BLOWING SNOW
X = TORNADO
MAX 32 OR BELOW: 0 0.01 INCH OR MORE: 3
MAX 90 OR ABOVE: 0 0.10 INCH OR MORE: 1
MIN 32 OR BELOW: 12 0.50 INCH OR MORE: 0
MIN 0 OR BELOW: 0 1.00 INCH OR MORE: 0
[HDD (BASE 65) ]
TOTAL THIS MO. 596 CLEAR (SCALE 0-3) 19
DPTR FM NORMAL -102 PTCLDY (SCALE 4-7) 11
TOTAL FM JUL 1 1012 CLOUDY (SCALE 8-10) 0
DPTR FM NORMAL -84
[CDD (BASE 65) ]
TOTAL THIS MO. 0
DPTR FM NORMAL 0 [PRESSURE DATA]
TOTAL FM JAN 1 1773 HIGHEST SLP 30.69 ON 25
DPTR FM NORMAL 353 LOWEST SLP 29.81 ON 16
[REMARKS]
#FINAL-11-21#