000
CXUS45 KSLC 010751
CLMSLC
CLIMATE REPORT
NATIONAL WEATHER SERVICE SALT LAKE CITY UT
151 AM MDT WED NOV 01 2023
...................................
...THE SALT LAKE CITY UT CLIMATE SUMMARY FOR THE MONTH OF OCTOBER 2023...
CLIMATE NORMAL PERIOD 1991 TO 2020
CLIMATE RECORD PERIOD 1874 TO 2023
WEATHER OBSERVED NORMAL DEPART LAST YEAR`S
VALUE DATE(S) VALUE FROM VALUE DATE(S)
NORMAL
................................................................
TEMPERATURE (F)
RECORD
HIGH 89 10/03/1963
LOW 14 10/30/2019
HIGHEST 83 10/09 81 10/08
10/09
LOWEST 28 10/29 32 10/28
AVG. MAXIMUM 66.6 65.5 1.1 69.7
AVG. MINIMUM 45.1 43.6 1.5 46.2
MEAN 55.9 54.6 1.3 58.0
DAYS MAX >= 90 0 0.0 0.0 0
DAYS MAX <= 32 0 0.0 0.0 0
DAYS MIN <= 32 4 2.7 1.3 1
DAYS MIN <= 0 0 0.0 0.0 0
PRECIPITATION (INCHES)
TOTALS 1.97 1.26 0.71 0.81
DAYS >= .01 6 6.5 -0.5 4
DAYS >= .10 6 3.8 2.2 2
DAYS >= .50 1 0.6 0.4 1
DAYS >= 1.00 0 0.1 -0.1 0
SNOWFALL (INCHES)
TOTALS 0.0 0.5 -0.5 T
SINCE 7/1 0.0 0.5 MM
DEGREE DAYS
HEATING TOTAL 280 337 -57 220
SINCE 7/1 302 399 -97 MM
COOLING TOTAL 5 14 -9 13
SINCE 1/1 1623 1420 203 MM
................................................................
WIND (MPH)
AVERAGE WIND SPEED 6.8
HIGHEST WIND SPEED/DIRECTION 35/210 DATE 10/22
HIGHEST GUST SPEED/DIRECTION 53/190 DATE 10/22
WEATHER CONDITIONS. NUMBER OF DAYS WITH
THUNDERSTORM 1 RAIN 4
HAIL 0 SNOW 0
FOG 7 FOG W/VIS <= 1/4 MILE 0
HAZE 3
- INDICATES NEGATIVE NUMBERS.
R INDICATES RECORD WAS SET OR TIED.
MM INDICATES DATA IS MISSING.
T INDICATES TRACE AMOUNT.
$$