000
CXUS56 KLOX 011255
CF6SMO
PRELIMINARY LOCAL CLIMATOLOGICAL DATA (WS FORM: F-6)
STATION: SANTA MONICA AIRPORT CA
MONTH: FEBRUARY
YEAR: 2024
LATITUDE: 34 0 N
LONGITUDE: 118 27 W
TEMPERATURE IN F: :PCPN: SNOW: WIND :SUNSHINE: SKY :PK WND
================================================================================
1 2 3 4 5 6A 6B 7 8 9 10 11 12 13 14 15 16 17 18
12Z AVG MX 2MIN
DY MAX MIN AVG DEP HDD CDD WTR SNW DPTH SPD SPD DIR MIN PSBL S-S WX SPD DR
================================================================================
1 62 49 56 -1 9 0 1.59 M M 6.2 16 50 M M 8 13 32 60
2 61 45 53 -4 12 0 0.00 M M 4.3 17 240 M M 1 28 250
3 59 47 53 -4 12 0 0.02 M M 4.7 12 200 M M 4 16 210
4 57 50 54 -3 11 0 3.46 M M 8.3 20 120 M M 8 1 30 120
5 56 52 54 -3 11 0 3.19 M M 4.1 17 130 M M 10 1 24 130
6 55 48 52 -5 13 0 0.51 M M 2.5 10 120 M M 10 1 15 120
7 59 45 52 -5 13 0 0.20 M M 7.2 22 190 M M 7 1 32 220
8 58 44 51 -6 14 0 0.00 M M 4.3 15 250 M M 4 22 260
9 62 46 54 -3 11 0 0.00 M M 5.3 15 250 M M 2 23 250
10 66 49 58 1 7 0 0.00 M M 7.4 16 360 M M 0 32 340
11 64 43 54 -3 11 0 0.00 M M 3.9 10 220 M M 0 16 220
12 65 44 55 -2 10 0 0.00 M M 3.8 12 230 M M 0 17 230
13 63 44 54 -3 11 0 0.00 M M 4.3 13 230 M M 0 18 210
14 62 48 55 -2 10 0 0.00 M M 3.5 12 250 M M 4 18 18 190
15 62 47 55 -2 10 0 0.00 M M 4.7 16 230 M M 2 25 220
16 64 53 59 2 6 0 0.00 M M 3.4 13 220 M M 6 1 18 220
17 62 55 59 2 6 0 0.01 M M 2.4 10 220 M M 9 18 17 260
18 62 53 58 1 7 0 0.07 M M 2.0 10 200 M M 9 1 17 190
19 58 54 56 -1 9 0 1.79 M M 5.4 14 140 M M 10 1 21 140
20 59 54 57 0 8 0 0.88 M M 3.1 13 60 M M 10 1 23 60
21 63 52 58 1 7 0 0.52 M M 3.7 15 220 M M 4 1 22 210
22 63 50 57 0 8 0 0.00 M M 4.3 13 250 M M 1 18 220
23 79 50 65 7 0 0 0.00 M M 2.0 8 210 M M 0 13 180
24 76 55 66 8 0 1 0.00 M M 3.0 13 240 M M 0 20 260
25 66 52 59 1 6 0 0.00 M M 3.1 12 210 M M 0 15 210
26 62 51 57 -1 8 0 0.06 M M 2.3 14 210 M M 6 1 18 210
27 63 52 58 0 7 0 0.00 M M 3.1 13 220 M M 3 1 20 220
28 64 49 57 -1 8 0 0.00 M M 3.9 13 220 M M 1 18 240
29 61 56 59 1 6 0 T M M 5.4 13 230 M M 8 20 240
================================================================================
SM 1813 1437 251 1 12.30 M 121.6 M 127
================================================================================
AV 62.5 49.6 4.2 FASTST M M 4 MAX(MPH)
MISC ----> 22 190 # 32 60
================================================================================
NOTES:
# LAST OF SEVERAL OCCURRENCES
COLUMN 17 PEAK WIND IN M.P.H.
PRELIMINARY LOCAL CLIMATOLOGICAL DATA (WS FORM: F-6) , PAGE 2
STATION: SANTA MONICA AIRPORT CA
MONTH: FEBRUARY
YEAR: 2024
LATITUDE: 34 0 N
LONGITUDE: 118 27 W
[TEMPERATURE DATA] [PRECIPITATION DATA] SYMBOLS USED IN COLUMN 16
AVERAGE MONTHLY: 56.0 TOTAL FOR MONTH: 12.30 1 = FOG OR MIST
DPTR FM NORMAL: -1.3 DPTR FM NORMAL: 8.96 2 = FOG REDUCING VISIBILITY
HIGHEST: 79 ON 23 GRTST 24HR 6.52 ON 4- 5 TO 1/4 MILE OR LESS
LOWEST: 43 ON 11 3 = THUNDER
SNOW, ICE PELLETS, HAIL 4 = ICE PELLETS
TOTAL MONTH: M 5 = HAIL
GRTST 24HR M ON M 6 = FREEZING RAIN OR DRIZZLE
GRTST DEPTH: M ON M 7 = DUSTSTORM OR SANDSTORM:
VSBY 1/2 MILE OR LESS
8 = SMOKE OR HAZE
[NO. OF DAYS WITH] [WEATHER - DAYS WITH] 9 = BLOWING SNOW
X = TORNADO
MAX 32 OR BELOW: 0 0.01 INCH OR MORE: 12
MAX 90 OR ABOVE: 0 0.10 INCH OR MORE: 8
MIN 32 OR BELOW: 0 0.50 INCH OR MORE: 7
MIN 0 OR BELOW: 0 1.00 INCH OR MORE: 4
[HDD (BASE 65) ]
TOTAL THIS MO. 251 CLEAR (SCALE 0-3) 12
DPTR FM NORMAL 29 PTCLDY (SCALE 4-7) 9
TOTAL FM JUL 1 758 CLOUDY (SCALE 8-10) 8
DPTR FM NORMAL -178
[CDD (BASE 65) ]
TOTAL THIS MO. 1
DPTR FM NORMAL -6 [PRESSURE DATA]
TOTAL FM JAN 1 3 HIGHEST SLP 30.25 ON 22
DPTR FM NORMAL -11 LOWEST SLP 29.64 ON 6
[REMARKS]
#FINAL-02-24#