000
CXUS56 KLOX 011814
CF6SMX
PRELIMINARY LOCAL CLIMATOLOGICAL DATA (WS FORM: F-6)
STATION: SANTA MARIA AIRPORT CA
MONTH: DECEMBER
YEAR: 2020
LATITUDE: 34 54 N
LONGITUDE: 120 27 W
TEMPERATURE IN F: :PCPN: SNOW: WIND :SUNSHINE: SKY :PK WND
================================================================================
1 2 3 4 5 6A 6B 7 8 9 10 11 12 13 14 15 16 17 18
12Z AVG MX 2MIN
DY MAX MIN AVG DEP HDD CDD WTR SNW DPTH SPD SPD DIR MIN PSBL S-S WX SPD DR
================================================================================
1 77 42 60 7 5 0 0.00 0.0 0 6.3 20 290 M M 0 8 22 310
2 68 38 53 1 12 0 0.00 0.0 0 4.0 13 290 M M 1 12 18 110
3 66 36 51 -1 14 0 0.00 0.0 0 4.4 12 310 M M 2 12 15 30
4 73 34 54 2 11 0 0.00 0.0 0 4.3 15 320 M M 0 8 18 310
5 73 38 56 4 9 0 0.00 0.0 0 3.3 16 320 M M 1 18 19 290
6 63 35 49 -3 16 0 0.00 0.0 0 5.4 16 320 M M 2 12 19 310
7 79 36 58 6 7 0 0.00 0.0 0 11.4 28 70 M M 1 18 38 40
8 79 43 61 9 4 0 0.00 0.0 0 3.7 14 20 M M 2 19 30
9 77 41 59 7 6 0 0.00 0.0 0 3.2 18 320 M M 3 128 23 320
10 61 46 54 3 11 0 0.00 M M 4.2 13 320 M M 6 128 17 330
11 58 41 50 -1 15 0 0.00 M M 5.5 17 310 M M 5 1 20 310
12 62 47 55 4 10 0 0.01 M M 7.5 25 300 M M 10 12 32 300
13 64 46 55 4 10 0 0.01 M M 3.2 14 310 M M 8 12 18 310
14 63 43 53 2 12 0 0.03 M M 9.7 17 30 M M 3 12 23 30
15 65 42 54 3 11 0 0.00 M M 12.0 22 10 M M 0 27 10
16 71 41 56 5 9 0 0.00 M M 4.8 17 300 M M 1 21 310
17 60 42 51 0 14 0 0.01 M M 8.9 29 300 M M 4 18 34 300
18 67 39 53 2 12 0 0.00 M M 7.8 18 300 M M 0 21 300
19 68 34 51 0 14 0 0.00 M M 2.8 13 310 M M 0 16 310
20 78 34 56 5 9 0 0.00 M M 3.2 9 310 M M 0 10 300
21 77 40 59 8 6 0 0.00 M M 3.8 12 300 M M 1 18 14 290
22 63 36 50 -1 15 0 0.00 M M 4.9 16 310 M M 0 18 19 310
23 65 37 51 0 14 0 0.00 M M 4.8 10 250 M M 3 8 14 310
24 75 40 58 7 7 0 T M M 4.8 16 310 M M 3 8 20 320
25 71 37 54 3 11 0 0.00 M M 4.0 16 320 M M 2 19 320
26 62 47 55 4 10 0 T M M 7.7 24 290 M M 6 1 29 290
27 63 48 56 5 9 0 0.39 M M 6.9 24 160 M M 5 1 34 150
28 53 41 47 -4 18 0 1.06 M M 7.6 24 160 M M 8 18 33 160
29 63 37 50 -1 15 0 0.00 M M 8.3 20 360 M M 1 23 30
30 62 33 48 -3 17 0 0.00 M M 6.0 24 300 M M 1 1 28 310
31 62 42 52 1 13 0 0.01 M M 8.6 23 40 M M 4 1 28 50
================================================================================
SM 2088 1236 346 0 1.52 0.0 183.0 M 83
================================================================================
AV 67.4 39.9 5.9 FASTST M M 3 MAX(MPH)
MISC ----> 29 300 38 40
================================================================================
NOTES:
# LAST OF SEVERAL OCCURRENCES
COLUMN 17 PEAK WIND IN M.P.H.
PRELIMINARY LOCAL CLIMATOLOGICAL DATA (WS FORM: F-6) , PAGE 2
STATION: SANTA MARIA AIRPORT CA
MONTH: DECEMBER
YEAR: 2020
LATITUDE: 34 54 N
LONGITUDE: 120 27 W
[TEMPERATURE DATA] [PRECIPITATION DATA] SYMBOLS USED IN COLUMN 16
AVERAGE MONTHLY: 53.6 TOTAL FOR MONTH: 1.52 1 = FOG OR MIST
DPTR FM NORMAL: 2.4 DPTR FM NORMAL: -0.60 2 = FOG REDUCING VISIBILITY
HIGHEST: 79 ON 8, 7 GRTST 24HR 1.45 ON 27-28 TO 1/4 MILE OR LESS
LOWEST: 33 ON 30 3 = THUNDER
SNOW, ICE PELLETS, HAIL 4 = ICE PELLETS
TOTAL MONTH: 0.0 INCH 5 = HAIL
GRTST 24HR 0.0 6 = FREEZING RAIN OR DRIZZLE
GRTST DEPTH: 0 7 = DUSTSTORM OR SANDSTORM:
VSBY 1/2 MILE OR LESS
8 = SMOKE OR HAZE
[NO. OF DAYS WITH] [WEATHER - DAYS WITH] 9 = BLOWING SNOW
X = TORNADO
MAX 32 OR BELOW: 0 0.01 INCH OR MORE: 7
MAX 90 OR ABOVE: 0 0.10 INCH OR MORE: 2
MIN 32 OR BELOW: 0 0.50 INCH OR MORE: 1
MIN 0 OR BELOW: 0 1.00 INCH OR MORE: 1
[HDD (BASE 65) ]
TOTAL THIS MO. 346 CLEAR (SCALE 0-3) 22
DPTR FM NORMAL -80 PTCLDY (SCALE 4-7) 7
TOTAL FM JUL 1 748 CLOUDY (SCALE 8-10) 2
DPTR FM NORMAL -322
[CDD (BASE 65) ]
TOTAL THIS MO. 0
DPTR FM NORMAL 0 [PRESSURE DATA]
TOTAL FM JAN 1 340 HIGHEST SLP 30.35 ON 30
DPTR FM NORMAL 236 LOWEST SLP 29.76 ON 28
[REMARKS]
#FINAL-12-20#