000
CXUS56 KSGX 011045
CF6SNA
PRELIMINARY LOCAL CLIMATOLOGICAL DATA (WS FORM: F-6)
STATION: JOHN WAYNE AIRPORT CA
MONTH: MAY
YEAR: 2023
LATITUDE: 33 40 N
LONGITUDE: 117 53 W
TEMPERATURE IN F: :PCPN: SNOW: WIND :SUNSHINE: SKY :PK WND
================================================================================
1 2 3 4 5 6A 6B 7 8 9 10 11 12 13 14 15 16 17 18
12Z AVG MX 2MIN
DY MAX MIN AVG DEP HDD CDD WTR SNW DPTH SPD SPD DIR MIN PSBL S-S WX SPD DR
================================================================================
1 66 57 62 -2 3 0 0.03 M M 8.0 17 210 M M 9 22 210
2 65 57 61 -3 4 0 0.00 M M 6.1 15 190 M M 7 22 210
3 66 56 61 -3 4 0 T M M 7.7 17 200 M M 6 22 200
4 65 54 60 -4 5 0 0.32 M M 8.2 16 200 M M 8 18 21 210
5 67 56 62 -2 3 0 0.11 M M 3.8 14 200 M M 6 1 20 210
6 68 53 61 -4 4 0 0.00 M M 4.8 15 210 M M 4 20 210
7 68 55 62 -3 3 0 0.00 M M 4.7 14 220 M M 3 19 210
8 70 57 64 -1 1 0 0.00 M M 5.6 15 190 M M 3 19 200
9 69 58 64 -1 1 0 0.00 M M 6.8 14 190 M M 7 19 240
10 67 58 63 -2 2 0 T M M 7.2 16 200 M M 5 21 210
11 69 58 64 -1 1 0 0.00 M M 5.2 12 240 M M 6 16 220
12 70 60 65 0 0 0 0.00 M M 4.9 13 210 M M 6 18 170
13 68 60 64 -1 1 0 0.00 M M 6.2 16 210 M M 8 8 21 190
14 71 60 66 1 0 1 T M M 6.4 16 200 M M 8 22 210
15 69 60 65 0 0 0 0.00 M M 5.5 13 200 M M 9 18 190
16 73 60 67 2 0 2 0.00 M M 5.0 13 230 M M 6 8 17 220
17 70 59 65 0 0 0 0.00 M M 5.1 14 200 M M 8 18 18 200
18 68 61 65 -1 0 0 0.00 M M 7.0 14 200 M M 9 17 180
19 66 61 64 -2 1 0 0.00 M M 5.7 10 200 M M 10 18 17 140
20 71 62 67 1 0 2 0.00 M M 5.5 13 200 M M 9 8 18 190
21 70 61 66 0 0 1 0.00 M M 6.2 14 210 M M 9 1 18 190
22 68 61 65 -1 0 0 0.00 M M 6.0 13 180 M M 10 1 16 210
23 65 61 63 -3 2 0 T M M 5.8 12 220 M M 10 1 16 190
24 66 58 62 -4 3 0 0.01 M M 6.5 13 210 M M 10 1 18 200
25 68 61 65 -1 0 0 0.00 M M 6.2 14 190 M M 9 23 260
26 69 60 65 -1 0 0 T M M 4.3 14 220 M M 8 20 210
27 69 61 65 -1 0 0 0.00 M M 4.0 12 220 M M 8 17 230
28 67 62 65 -1 0 0 0.00 M M 4.0 13 190 M M 10 15 190
29 69 61 65 -1 0 0 T M M 6.3 14 210 M M 10 1 17 200
30 66 61 64 -2 1 0 0.02 M M 5.1 10 210 M M 10 1 14 220
31 66 60 63 -3 2 0 0.00 M M 4.2 13 200 M M 9 17 210
================================================================================
SM 2109 1829 41 6 0.49 M 178.0 M 240
================================================================================
AV 68.0 59.0 5.7 FASTST M M 8 MAX(MPH)
MISC ----> # 17 210 23 260
================================================================================
NOTES:
# LAST OF SEVERAL OCCURRENCES
COLUMN 17 PEAK WIND IN M.P.H.
PRELIMINARY LOCAL CLIMATOLOGICAL DATA (WS FORM: F-6) , PAGE 2
STATION: JOHN WAYNE AIRPORT CA
MONTH: MAY
YEAR: 2023
LATITUDE: 33 40 N
LONGITUDE: 117 53 W
[TEMPERATURE DATA] [PRECIPITATION DATA] SYMBOLS USED IN COLUMN 16
AVERAGE MONTHLY: 63.5 TOTAL FOR MONTH: 0.49 1 = FOG OR MIST
DPTR FM NORMAL: -1.8 DPTR FM NORMAL: 0.22 2 = FOG REDUCING VISIBILITY
HIGHEST: 73 ON 16 GRTST 24HR 0.32 ON 3- 4 TO 1/4 MILE OR LESS
LOWEST: 53 ON 6 3 = THUNDER
SNOW, ICE PELLETS, HAIL 4 = ICE PELLETS
TOTAL MONTH: M 5 = HAIL
GRTST 24HR M ON M 6 = FREEZING RAIN OR DRIZZLE
GRTST DEPTH: M ON M 7 = DUSTSTORM OR SANDSTORM:
VSBY 1/2 MILE OR LESS
8 = SMOKE OR HAZE
[NO. OF DAYS WITH] [WEATHER - DAYS WITH] 9 = BLOWING SNOW
X = TORNADO
MAX 32 OR BELOW: 0 0.01 INCH OR MORE: 5
MAX 90 OR ABOVE: 0 0.10 INCH OR MORE: 2
MIN 32 OR BELOW: 0 0.50 INCH OR MORE: 0
MIN 0 OR BELOW: 0 1.00 INCH OR MORE: 0
[HDD (BASE 65) ]
TOTAL THIS MO. 41 CLEAR (SCALE 0-3) 1
DPTR FM NORMAL 3 PTCLDY (SCALE 4-7) 14
TOTAL FM JUL 1 1190 CLOUDY (SCALE 8-10) 16
DPTR FM NORMAL 101
[CDD (BASE 65) ]
TOTAL THIS MO. 6
DPTR FM NORMAL -41 [PRESSURE DATA]
TOTAL FM JAN 1 18 HIGHEST SLP 30.11 ON 7
DPTR FM NORMAL -78 LOWEST SLP 29.81 ON 13
[REMARKS]
#FINAL-05-23#