000
CXUS56 KSGX 011045
CF6SNA
PRELIMINARY LOCAL CLIMATOLOGICAL DATA (WS FORM: F-6)
STATION: JOHN WAYNE AIRPORT CA
MONTH: SEPTEMBER
YEAR: 2023
LATITUDE: 33 40 N
LONGITUDE: 117 53 W
TEMPERATURE IN F: :PCPN: SNOW: WIND :SUNSHINE: SKY :PK WND
================================================================================
1 2 3 4 5 6A 6B 7 8 9 10 11 12 13 14 15 16 17 18
12Z AVG MX 2MIN
DY MAX MIN AVG DEP HDD CDD WTR SNW DPTH SPD SPD DIR MIN PSBL S-S WX SPD DR
================================================================================
1 81 69 75 1 0 10 0.00 M M 8.1 20 200 M M 6 24 200
2 82 72 77 3 0 12 T M M 5.5 12 210 M M 9 1 16 190
3 79 68 74 0 0 9 T M M 5.1 13 250 M M 7 18 240
4 78 66 72 -2 0 7 0.00 M M 5.2 15 190 M M 4 20 200
5 74 67 71 -3 0 6 0.00 M M 5.4 12 210 M M 8 1 13 200
6 80 68 74 0 0 9 0.00 M M 3.3 14 210 M M 5 18 220
7 79 65 72 -2 0 7 0.00 M M 3.1 10 210 M M 1 14 210
8 91 68 80 6 0 15 0.00 M M 3.5 13 200 M M 1 16 200
9 89 71 80 7 0 15 0.00 M M 4.6 12 220 M M 4 15 220
10 86 71 79 6 0 14 T M M 5.0 16 200 M M 4 24 210
11 86 70 78 5 0 13 T M M 4.6 14 200 M M 6 17 210
12 78 67 73 0 0 8 0.00 M M 6.4 15 200 M M 3 19 210
13 76 67 72 -1 0 7 0.00 M M 6.9 14 190 M M 5 17 180
14 77 67 72 -1 0 7 0.00 M M 5.7 14 200 M M 5 18 200
15 77 68 73 0 0 8 0.00 M M 4.0 12 220 M M 8 17 220
16 72 68 70 -3 0 5 0.00 M M 3.1 7 230 M M 10 1 11 270
17 74 67 71 -1 0 6 0.00 M M 3.3 10 200 M M 10 1 12 220
18 77 66 72 0 0 7 0.00 M M 4.1 14 210 M M 4 19 210
19 77 63 70 -2 0 5 0.00 M M 3.8 12 200 M M 3 M M
20 76 66 71 -1 0 6 0.00 M M 5.0 16 190 M M 7 20 210
21 74 64 69 -3 0 4 0.00 M M 3.9 13 220 M M 4 19 220
22 76 62 69 -3 0 4 T M M 3.0 10 230 M M 6 21 220
23 75 63 69 -3 0 4 0.00 M M 3.2 12 190 M M 2 15 220
24 77 63 70 -1 0 5 0.00 M M 4.0 12 210 M M 3 15 210
25 77 63 70 -1 0 5 0.00 M M 4.1 14 210 M M 4 17 210
26 79 61 70 -1 0 5 0.00 M M 4.1 14 200 M M 1 16 200
27 78 61 70 -1 0 5 0.00 M M 4.7 16 200 M M 4 18 19 180
28 74 65 70 -1 0 5 0.00 M M 5.5 15 210 M M 7 18 210
29 73 66 70 0 0 5 0.00 M M 6.5 13 210 M M 10 17 180
30 72 64 68 -2 0 3 T M M 6.4 18 190 M M 7 23 270
================================================================================
SM 2344 1986 0 221 T M 141.1 M 158
================================================================================
AV 78.1 66.2 4.7 FASTST M M 5 MAX(MPH)
MISC ----> 20 200 # 24 200
================================================================================
NOTES:
# LAST OF SEVERAL OCCURRENCES
COLUMN 17 PEAK WIND IN M.P.H.
PRELIMINARY LOCAL CLIMATOLOGICAL DATA (WS FORM: F-6) , PAGE 2
STATION: JOHN WAYNE AIRPORT CA
MONTH: SEPTEMBER
YEAR: 2023
LATITUDE: 33 40 N
LONGITUDE: 117 53 W
[TEMPERATURE DATA] [PRECIPITATION DATA] SYMBOLS USED IN COLUMN 16
AVERAGE MONTHLY: 72.2 TOTAL FOR MONTH: T 1 = FOG OR MIST
DPTR FM NORMAL: -0.3 DPTR FM NORMAL: -0.10 2 = FOG REDUCING VISIBILITY
HIGHEST: 91 ON 8 GRTST 24HR T ON 2- 2 TO 1/4 MILE OR LESS
LOWEST: 61 ON 27,26 3 = THUNDER
SNOW, ICE PELLETS, HAIL 4 = ICE PELLETS
TOTAL MONTH: M 5 = HAIL
GRTST 24HR M ON M 6 = FREEZING RAIN OR DRIZZLE
GRTST DEPTH: M ON M 7 = DUSTSTORM OR SANDSTORM:
VSBY 1/2 MILE OR LESS
8 = SMOKE OR HAZE
[NO. OF DAYS WITH] [WEATHER - DAYS WITH] 9 = BLOWING SNOW
X = TORNADO
MAX 32 OR BELOW: 0 0.01 INCH OR MORE: 0
MAX 90 OR ABOVE: 1 0.10 INCH OR MORE: 0
MIN 32 OR BELOW: 0 0.50 INCH OR MORE: 0
MIN 0 OR BELOW: 0 1.00 INCH OR MORE: 0
[HDD (BASE 65) ]
TOTAL THIS MO. 0 CLEAR (SCALE 0-3) 7
DPTR FM NORMAL -1 PTCLDY (SCALE 4-7) 18
TOTAL FM JUL 1 0 CLOUDY (SCALE 8-10) 5
DPTR FM NORMAL 0
[CDD (BASE 65) ]
TOTAL THIS MO. 221
DPTR FM NORMAL -3 [PRESSURE DATA]
TOTAL FM JAN 1 883 HIGHEST SLP 30.08 ON 25
DPTR FM NORMAL -47 LOWEST SLP 29.80 ON 30
[REMARKS]
#FINAL-09-23#