000
CXUS56 KSGX 011012
CLMSNA
CLIMATE REPORT
NATIONAL WEATHER SERVICE SAN DIEGO, CA
312 AM PDT MON APR 01 2024
...................................
...THE JOHN WAYNE AIRPORT CA CLIMATE SUMMARY FOR THE MONTH OF MARCH 2024...
CLIMATE NORMAL PERIOD: 1991 TO 2020
CLIMATE RECORD PERIOD: 1999 TO 2024
WEATHER OBSERVED NORMAL DEPART LAST YEAR`S
VALUE DATE(S) VALUE FROM VALUE DATE(S)
NORMAL
................................................................
TEMPERATURE (F)
RECORD
HIGH 95 03/11/2007
LOW 40 03/02/2023
03/02/2023
HIGHEST 72 03/14 67 5 74 03/18
LOWEST 49 03/25 50 -1 40 03/02
AVG. MAXIMUM 66.0 67.7 -1.7 63.3
AVG. MINIMUM 53.3 52.3 1.0 50.6
MEAN 59.7 60.0 -0.3 56.9
DAYS MAX >= 90 0 0.4 -0.4 0
DAYS MAX <= 32 0 0.0 0.0 0
DAYS MAX >= 45 31 31
DAYS MIN <= 32 0 0.0 0.0 0
PRECIPITATION (INCHES)
RECORD
MAXIMUM 5.57 2023
MINIMUM 0.01 2007
TOTALS 3.56 1.62 1.94 5.57
DAILY AVG. 0.11 0.05 0.06 0.18
DAYS >= .01 8 5.7 2.3 11
DAYS >= .10 5 2.4 2.6 10
DAYS >= .50 3 0.6 2.4 5
DAYS >= 1.00 2 0.0 2.0 2
DAYS >= %-5.2F 0 0
DAYS >= %-5.2F 0 0
GREATEST
24 HR. TOTAL 1.07 03/30 TO 03/31 2.04 03/14 TO 03/15
STORM TOTAL 1.06 1.05
(MM/DD(HH)) MM
DEGREE DAYS
HEATING TOTAL 157 165 -8 244
SINCE 7/1 680 952 -272 MM
COOLING TOTAL 0 10 -10 0
SINCE 1/1 3 24 -21 MM
FREEZE DATES
RECORD
EARLIEST MM
LATEST MM
EARLIEST MM
LATEST MM
................................................................
WIND (MPH)
AVERAGE WIND SPEED 6.0
RESULTANT WIND SPEED/DIRECTION 3/180
HIGHEST WIND SPEED/DIRECTION 33/030 DATE 03/14
HIGHEST GUST SPEED/DIRECTION 50/030 DATE 03/14
SKY COVER
POSSIBLE SUNSHINE (PERCENT) MM
AVERAGE SKY COVER 0.51
NUMBER OF DAYS FAIR 6
NUMBER OF DAYS PC 21
NUMBER OF DAYS CLOUDY 4
AVERAGE RH (PERCENT) 67
WEATHER CONDITIONS. NUMBER OF DAYS WITH
THUNDERSTORM 4 MIXED PRECIP 0
HEAVY RAIN 2 RAIN 6
LIGHT RAIN 8 FREEZING RAIN 0
LT FREEZING RAIN 0 HAIL 0
HEAVY SNOW 0 SNOW 0
LIGHT SNOW 0 SLEET 0
FOG 8 FOG W/VIS <= 1/4 MILE 0
HAZE 5
- INDICATES NEGATIVE NUMBERS.
R INDICATES RECORD WAS SET OR TIED.
MM INDICATES DATA IS MISSING.
T INDICATES TRACE AMOUNT.
$$