000
CXUS54 KMAF 011110
CF6SNK
PRELIMINARY LOCAL CLIMATOLOGICAL DATA (WS FORM: F-6)
STATION: SNYDER WINSTON FIELD
MONTH: MARCH
YEAR: 2020
LATITUDE: 32 41 N
LONGITUDE: 100 57 W
TEMPERATURE IN F: :PCPN: SNOW: WIND :SUNSHINE: SKY :PK WND
================================================================================
1 2 3 4 5 6A 6B 7 8 9 10 11 12 13 14 15 16 17 18
12Z AVG MX 2MIN
DY MAX MIN AVG DEP HDD CDD WTR SNW DPTH SPD SPD DIR MIN PSBL S-S WX SPD DR
================================================================================
1 73 47 60 M 5 0 M M M 10.9 21 230 M M 0 28 230
2 69 51 60 M 5 0 M M M 5.9 12 360 M M 0 M M
3 62 47 55 M 10 0 0.20 M M 8.2 14 30 M M 8 30 210
4 49 42 46 M 19 0 1.71 M M 13.1 24 40 M M 9 31 40
5 63 36 50 M 15 0 M M M 9.9 16 40 M M 0 21 280
6 64 42 53 M 12 0 M M M 9.4 15 120 M M 0 21 120
7 68 43 56 M 9 0 M M M 14.1 22 150 M M 2 28 150
8 58 50 54 M 11 0 0.05 M M 15.0 21 160 M M 7 29 160
9 73 54 64 M 1 0 0.14 M M 10.7 17 280 M M 2 25 260
10 79 50 65 M 0 0 M M M 7.3 15 200 M M 3 1 18 200
11 80 58 69 M 0 4 M M M 8.5 13 230 M M 2 1 21 240
12 76 57 67 M 0 2 M M M 6.1 13 350 M M 5 23 350
13 62 47 55 M 10 0 0.43 M M 12.7 17 60 M M 10 12 24 60
14 59 46 53 M 12 0 0.04 M M 9.3 16 70 M M 10 1 21 60
15 52 44 48 M 17 0 1.58 M M 13.5 23 30 M M 10 13 29 100
16 65 43 54 M 11 0 M M M 6.6 12 20 M M 10 1 M M
17 75 52 64 M 1 0 0.03 M M 8.5 17 360 M M 9 13 30 360
18 78 51 65 M 0 0 0.13 M M 8.9 18 200 M M 5 13 29 200
19 71 53 62 M 3 0 M M M 12.5 30 240 M M 2 1 37 240
20 54 38 46 M 19 0 M M M 13.1 22 10 M M 3 30 20
21 42 36 39 M 26 0 0.08 M M 7.7 15 80 M M 8 1 10 60
22 64 42 53 M 12 0 M M M 7.7 14 230 M M 6 1 18 230
23 78 51 65 M 0 0 M M M 7.9 15 160 M M 2 12 18 160
24 77 50 64 M 1 0 M M M 12.0 23 280 M M 0 31 280
25 89 50 70 M 0 5 M M M 9.6 17 220 M M 0 24 210
26 92 59 76 M 0 11 M M M 8.1 13 200 M M 0 16 240
27 81 64 73 M 0 8 M M M 7.6 17 240 M M 2 1 17 170
28 70 49 60 M 5 0 M M M 17.1 28 280 M M 1 37 280
29 70 41 56 M 9 0 M M M 7.4 14 130 M M 1 18 130
30 80 52 66 M 0 1 M M M 10.3 21 280 M M 4 1 30 280
31 70 45 58 M 7 0 M M M 6.9 12 40 M M 2 1 16 50
================================================================================
SM 2143 1490 220 31 4.39 M 306.5 M 123
================================================================================
AV 69.1 48.1 9.9 FASTST M M 4 MAX(MPH)
MISC ----> 30 240 # 37 240
================================================================================
NOTES:
# LAST OF SEVERAL OCCURRENCES
COLUMN 17 PEAK WIND IN M.P.H.
PRELIMINARY LOCAL CLIMATOLOGICAL DATA (WS FORM: F-6) , PAGE 2
STATION: SNYDER WINSTON FIELD
MONTH: MARCH
YEAR: 2020
LATITUDE: 32 41 N
LONGITUDE: 100 57 W
[TEMPERATURE DATA] [PRECIPITATION DATA] SYMBOLS USED IN COLUMN 16
AVERAGE MONTHLY: 58.6 TOTAL FOR MONTH: 4.39 1 = FOG OR MIST
DPTR FM NORMAL: 0.0 DPTR FM NORMAL: M 2 = FOG REDUCING VISIBILITY
HIGHEST: 92 ON 26 GRTST 24HR 1.71 ON 4- 4 TO 1/4 MILE OR LESS
LOWEST: 36 ON 21, 5 3 = THUNDER
SNOW, ICE PELLETS, HAIL 4 = ICE PELLETS
TOTAL MONTH: M 5 = HAIL
GRTST 24HR M ON M 6 = FREEZING RAIN OR DRIZZLE
GRTST DEPTH: M ON M 7 = DUSTSTORM OR SANDSTORM:
VSBY 1/2 MILE OR LESS
8 = SMOKE OR HAZE
[NO. OF DAYS WITH] [WEATHER - DAYS WITH] 9 = BLOWING SNOW
X = TORNADO
MAX 32 OR BELOW: 0 0.01 INCH OR MORE: 10
MAX 90 OR ABOVE: 1 0.10 INCH OR MORE: 6
MIN 32 OR BELOW: 0 0.50 INCH OR MORE: 2
MIN 0 OR BELOW: 0 1.00 INCH OR MORE: 2
[HDD (BASE 65) ]
TOTAL THIS MO. 220 CLEAR (SCALE 0-3) 18
DPTR FM NORMAL M PTCLDY (SCALE 4-7) 7
TOTAL FM JUL 1 2575 CLOUDY (SCALE 8-10) 6
DPTR FM NORMAL M
[CDD (BASE 65) ]
TOTAL THIS MO. 31
DPTR FM NORMAL M [PRESSURE DATA]
TOTAL FM JAN 1 31 HIGHEST SLP M ON M
DPTR FM NORMAL M LOWEST SLP M ON M
[REMARKS]
#FINAL-03-20#