000
CXAK56 PAFC 011313
CF6SNP
PRELIMINARY LOCAL CLIMATOLOGICAL DATA (WS FORM: F-6)
STATION: SAINT PAUL ISLAND
MONTH: NOVEMBER
YEAR: 2021
LATITUDE: 57 9 N
LONGITUDE: 170 13 W
TEMPERATURE IN F: :PCPN: SNOW: WIND :SUNSHINE: SKY :PK WND
================================================================================
1 2 3 4 5 6A 6B 7 8 9 10 11 12 13 14 15 16 17 18
12Z AVG MX 2MIN
DY MAX MIN AVG DEP HDD CDD WTR SNW DPTH SPD SPD DIR MIN PSBL S-S WX SPD DR
================================================================================
1 42 35 39 3 26 0 0.08 M M 23.7 32 200 M M 8 1 46 230
2 37 28 33 -3 32 0 0.09 M M 16.5 33 310 M M 8 128 42 330
3 32 25 29 -7 36 0 0.01 M M 23.5 35 320 M M 8 18 44 310
4 33 27 30 -6 35 0 T M M 22.9 33 310 M M 9 8 41 310
5 33 26 30 -6 35 0 0.13 M M 13.5 28 330 M M 8 18 34 330
6 32 28 30 -6 35 0 0.02 M M 12.4 22 340 M M 10 1 26 320
7 36 30 33 -2 32 0 T M M 8.1 17 310 M M 10 1 23 320
8 37 25 31 -4 34 0 T M M 5.7 14 10 M M 10 1 16 10
9 33 24 29 -6 36 0 0.09 M M 14.4 23 20 M M 8 1 29 70
10 32 25 29 -6 36 0 0.04 M M 11.4 21 10 M M 10 18 24 30
11 35 29 32 -3 33 0 0.02 M M 11.3 25 330 M M 10 18 30 330
12 37 30 34 0 31 0 T M M 10.1 18 340 M M 10 24 350
13 40 33 37 3 28 0 T M M 8.2 18 280 M M 9 1 22 290
14 39 36 38 4 27 0 0.16 M M 21.6 32 130 M M 9 1 37 140
15 40 36 38 4 27 0 0.05 M M 9.0 24 110 M M 10 1 31 120
16 37 32 35 1 30 0 T M M 10.1 21 80 M M 9 1 26 80
17 35 28 32 -2 33 0 0.00 M M 18.9 28 80 M M 10 34 80
18 28 26 27 -6 38 0 0.00 M M 28.2 36 90 M M 10 45 80
19 31 26 29 -4 36 0 0.03 M M 29.5 35 70 M M 10 1 46 70
20 32 27 30 -3 35 0 T M M 23.0 33 70 M M 7 18 41 60
21 30 22 26 -7 39 0 T M M 12.1 20 30 M M 9 26 40
22 29 21 25 -8 40 0 T M M 15.7 26 40 M M 9 35 40
23 26 19 23 -10 42 0 0.03 M M 16.8 26 10 M M 9 8 35 20
24 27 24 26 -6 39 0 0.04 M M 20.5 31 360 M M 10 37 350
25 29 15 22 -10 43 0 0.02 M M 6.8 20 340 M M 8 23 340
26 34 12 23 -9 42 0 0.11 M M 5.7 18 270 M M 7 1 26 300
27 27 9 18 -14 47 0 0.06 M M 12.0 23 90 M M 8 1 28 70
28 23 15 19 -13 46 0 0.02 M M 26.2 36 60 M M 10 8 45 70
29 19 15 17 -15 48 0 0.04 M M 22.1 33 10 M M 10 89 41 350
30 28 17 23 -9 42 0 0.03 M M 19.1 36 350 M M 9 89 44 350
================================================================================
SM 973 745 1083 0 1.07 M 479.0 M 272
================================================================================
AV 32.4 24.8 16.0 FASTST M M 9 MAX(MPH)
MISC ----> # 36 90 # 46 230
================================================================================
NOTES:
# LAST OF SEVERAL OCCURRENCES
COLUMN 17 PEAK WIND IN M.P.H.
PRELIMINARY LOCAL CLIMATOLOGICAL DATA (WS FORM: F-6) , PAGE 2
STATION: SAINT PAUL ISLAND
MONTH: NOVEMBER
YEAR: 2021
LATITUDE: 57 9 N
LONGITUDE: 170 13 W
[TEMPERATURE DATA] [PRECIPITATION DATA] SYMBOLS USED IN COLUMN 16
AVERAGE MONTHLY: 28.6 TOTAL FOR MONTH: 1.07 1 = FOG OR MIST
DPTR FM NORMAL: -5.3 DPTR FM NORMAL: -1.90 2 = FOG REDUCING VISIBILITY
HIGHEST: 42 ON 1 GRTST 24HR 0.21 ON 14-15 TO 1/4 MILE OR LESS
LOWEST: 9 ON 27 3 = THUNDER
SNOW, ICE PELLETS, HAIL 4 = ICE PELLETS
TOTAL MONTH: M 5 = HAIL
GRTST 24HR M ON M 6 = FREEZING RAIN OR DRIZZLE
GRTST DEPTH: M ON M 7 = DUSTSTORM OR SANDSTORM:
VSBY 1/2 MILE OR LESS
8 = SMOKE OR HAZE
[NO. OF DAYS WITH] [WEATHER - DAYS WITH] 9 = BLOWING SNOW
X = TORNADO
MAX 32 OR BELOW: 15 0.01 INCH OR MORE: 19
MAX 90 OR ABOVE: 0 0.10 INCH OR MORE: 3
MIN 32 OR BELOW: 26 0.50 INCH OR MORE: 0
MIN 0 OR BELOW: 0 1.00 INCH OR MORE: 0
[HDD (BASE 65) ]
TOTAL THIS MO. 1083 CLEAR (SCALE 0-3) 0
DPTR FM NORMAL 150 PTCLDY (SCALE 4-7) 7
TOTAL FM JUL 1 3415 CLOUDY (SCALE 8-10) 23
DPTR FM NORMAL 111
[CDD (BASE 65) ]
TOTAL THIS MO. 0
DPTR FM NORMAL 0 [PRESSURE DATA]
TOTAL FM JAN 1 0 HIGHEST SLP 30.21 ON 7
DPTR FM NORMAL 0 LOWEST SLP 29.29 ON 1
[REMARKS]
#FINAL-11-21#