000
CXUS56 KPQR 011155
CF6SPB
PRELIMINARY LOCAL CLIMATOLOGICAL DATA (WS FORM: F-6)
STATION: SCAPPOOSE OR
MONTH: JULY
YEAR: 2021
LATITUDE: 45 46 N
LONGITUDE: 122 50 W
TEMPERATURE IN F: :PCPN: SNOW: WIND :SUNSHINE: SKY :PK WND
================================================================================
1 2 3 4 5 6A 6B 7 8 9 10 11 12 13 14 15 16 17 18
12Z AVG MX 2MIN
DY MAX MIN AVG DEP HDD CDD WTR SNW DPTH SPD SPD DIR MIN PSBL S-S WX SPD DR
================================================================================
1 74 65 70 5 0 5 0.00 M M 4.2 13 360 M M 10 16 350
2 86 60 73 8 0 8 0.00 M M 6.4 16 10 M M 4 21 20
3 88 61 75 10 0 10 0.00 M M 7.4 17 10 M M 3 23 10
4 87 57 72 6 0 7 0.00 M M 6.9 13 340 M M 0 18 60
5 86 58 72 6 0 7 0.00 M M 7.7 15 10 M M 0 20 360
6 91 58 75 9 0 10 0.00 M M 8.7 15 360 M M 0 20 20
7 75 59 67 1 0 2 0.01 M M 3.3 13 330 M M 6 18 21 160
8 80 56 68 1 0 3 0.00 M M 5.8 12 330 M M 3 17 330
9 89 55 72 5 0 7 0.00 M M 8.0 17 10 M M 1 21 360
10 86 59 73 6 0 8 0.00 M M 9.6 18 350 M M 0 24 360
11 87 56 72 5 0 7 0.00 M M 8.6 18 340 M M 0 27 330
12 87 58 73 6 0 8 0.00 M M 9.7 17 10 M M 0 25 20
13 87 57 72 4 0 7 0.00 M M 8.2 17 10 M M 0 22 320
14 82 58 70 2 0 5 0.00 M M 8.2 15 20 M M 3 22 10
15 80 58 69 1 0 4 0.00 M M 7.2 14 360 M M 5 20 310
16 76 56 66 -2 0 1 0.00 M M 4.1 13 60 M M 7 16 320
17 82 51 67 -1 0 2 0.00 M M 6.2 16 360 M M 1 22 20
18 87 58 73 5 0 8 0.00 M M 7.8 16 10 M M 1 8 20 20
19 90 55 73 4 0 8 0.00 M M 7.2 16 10 M M 0 22 360
20 80 59 70 1 0 5 0.00 M M 8.1 16 360 M M 5 18 22 360
21 76 50 63 -6 2 0 0.00 M M 5.4 13 330 M M 4 18 10
22 82 51 67 -2 0 2 0.00 M M 6.9 15 340 M M 0 20 320
23 86 50 68 -1 0 3 0.00 M M 7.4 16 10 M M 0 23 360
24 91 65 78 9 0 13 0.00 M M 9.2 17 340 M M 0 24 310
25 90 62 76 7 0 11 0.00 M M 9.4 18 360 M M 0 22 360
26 90 59 75 6 0 10 0.00 M M 9.5 16 330 M M 0 23 330
27 89 62 76 7 0 11 0.00 M M 5.8 13 350 M M 0 19 10
28 95 56 76 7 0 11 0.00 M M 4.9 15 360 M M 0 23 10
29 98 60 79 10 0 14 0.00 M M 7.3 16 350 M M 0 22 360
30 101 73 87 18 0 22 0.00 M M 8.3 16 10 M M 0 21 350
31 86 67 77 8 0 12 0.00 M M 5.3 15 360 M M 0 20 360
================================================================================
SM 2664 1809 2 231 0.01 M 222.7 M 53
================================================================================
AV 85.9 58.4 7.2 FASTST M M 2 MAX(MPH)
MISC ----> # 18 350 27 330
================================================================================
NOTES:
# LAST OF SEVERAL OCCURRENCES
COLUMN 17 PEAK WIND IN M.P.H.
PRELIMINARY LOCAL CLIMATOLOGICAL DATA (WS FORM: F-6) , PAGE 2
STATION: SCAPPOOSE OR
MONTH: JULY
YEAR: 2021
LATITUDE: 45 46 N
LONGITUDE: 122 50 W
[TEMPERATURE DATA] [PRECIPITATION DATA] SYMBOLS USED IN COLUMN 16
AVERAGE MONTHLY: 72.1 TOTAL FOR MONTH: 0.01 1 = FOG OR MIST
DPTR FM NORMAL: 4.4 DPTR FM NORMAL: -0.47 2 = FOG REDUCING VISIBILITY
HIGHEST: 101 ON 30 GRTST 24HR 0.01 ON 7- 7 TO 1/4 MILE OR LESS
LOWEST: 50 ON 23,21 3 = THUNDER
SNOW, ICE PELLETS, HAIL 4 = ICE PELLETS
TOTAL MONTH: M 5 = HAIL
GRTST 24HR M ON M 6 = FREEZING RAIN OR DRIZZLE
GRTST DEPTH: M ON M 7 = DUSTSTORM OR SANDSTORM:
VSBY 1/2 MILE OR LESS
8 = SMOKE OR HAZE
[NO. OF DAYS WITH] [WEATHER - DAYS WITH] 9 = BLOWING SNOW
X = TORNADO
MAX 32 OR BELOW: 0 0.01 INCH OR MORE: 1
MAX 90 OR ABOVE: 8 0.10 INCH OR MORE: 0
MIN 32 OR BELOW: 0 0.50 INCH OR MORE: 0
MIN 0 OR BELOW: 0 1.00 INCH OR MORE: 0
[HDD (BASE 65) ]
TOTAL THIS MO. 2 CLEAR (SCALE 0-3) 23
DPTR FM NORMAL -29 PTCLDY (SCALE 4-7) 7
TOTAL FM JUL 1 2 CLOUDY (SCALE 8-10) 1
DPTR FM NORMAL -30
[CDD (BASE 65) ]
TOTAL THIS MO. 231
DPTR FM NORMAL 115 [PRESSURE DATA]
TOTAL FM JAN 1 432 HIGHEST SLP 30.26 ON 23
DPTR FM NORMAL 269 LOWEST SLP 29.84 ON 30
[REMARKS]
#FINAL-07-21#