000
CXUS52 KTBW 041653
CF6SPG
PRELIMINARY LOCAL CLIMATOLOGICAL DATA (WS FORM: F-6)
STATION: SAINT PETERSBURG
MONTH: JULY
YEAR: 2022
LATITUDE: 27 46 N
LONGITUDE: 82 38 W
TEMPERATURE IN F: :PCPN: SNOW: WIND :SUNSHINE: SKY :PK WND
================================================================================
1 2 3 4 5 6A 6B 7 8 9 10 11 12 13 14 15 16 17 18
12Z AVG MX 2MIN
DY MAX MIN AVG DEP HDD CDD WTR SNW DPTH SPD SPD DIR MIN PSBL S-S WX SPD DR
================================================================================
1 89 78 84 0 0 19 0.10 0.0 0 7.1 21 130 M M 2 38 25 130
2 89 80 85 1 0 20 0.00 0.0 0 7.7 16 100 M M 2 3 19 100
3 89 79 84 0 0 19 T 0.0 0 7.6 20 270 M M 1 3 28 280
4 91 78 85 1 0 20 0.01 0.0 0 6.5 22 150 M M 2 3 26 150
5 94 78 86 2 0 21 1.02 0.0 0 7.0 18 160 M M 2 13 24 150
6 93 79 86 2 0 21 0.16 0.0 0 7.1 35 100 M M 2 138 46 100
7 90 80 85 1 0 20 T 0.0 0 8.3 16 130 M M 4 3 20 130
8 92 77 85 1 0 20 0.07 0.0 0 6.1 29 140 M M 3 13 34 130
9 90 81 86 2 0 21 0.00 0.0 0 6.7 16 180 M M 1 3 20 200
10 89 82 86 2 0 21 0.08 0.0 0 8.3 18 250 M M 4 1 24 220
11 87 82 85 1 0 20 T 0.0 0 8.1 20 250 M M 3 3 29 260
12 90 76 83 -1 0 18 T 0.0 0 10.2 18 230 M M 3 22 260
13 92 77 85 1 0 20 0.01 0.0 0 6.7 24 150 M M 1 3 29 140
14 90 76 83 -1 0 18 0.07 0.0 0 8.0 25 200 M M 1 3 34 200
15 93 76 85 1 0 20 T 0.0 0 5.8 21 140 M M 1 3 25 140
16 92 76 84 0 0 19 2.43 0.0 0 9.7 37 50 M M 3 123 52 40
17 87 77 82 -2 0 17 T 0.0 0 9.7 17 230 M M 1 3 23 200
18 89 80 85 1 0 20 0.00 0.0 0 11.2 18 200 M M 2 28 230
19 91 81 86 2 0 21 0.03 0.0 0 7.0 24 130 M M 2 13 29 130
20 91 81 86 2 0 21 0.00 0.0 0 7.4 14 140 M M 0 3 21 260
21 91 80 86 2 0 21 0.00 0.0 0 7.6 17 100 M M 1 21 110
22 93 74 84 0 0 19 0.93 0.0 0 7.8 46 110 M M 3 13 60 110
23 92 78 85 1 0 20 T 0.0 0 7.7 28 180 M M 2 3 34 180
24 94 81 88 4 0 23 0.00 0.0 0 8.6 15 90 M M 0 3 19 80
25 93 80 87 3 0 22 T 0.0 0 8.7 18 10 M M 2 3 23 20
26 91 74 83 -1 0 18 1.42 0.0 0 11.3 35 170 M M 2 123 50 180
27 90 77 84 0 0 19 T 0.0 0 9.5 18 250 M M 1 24 180
28 93 80 87 3 0 22 0.00 0.0 0 6.3 15 120 M M 0 17 120
29 94 81 88 4 0 23 0.00 0.0 0 6.0 21 120 M M 1 24 120
30 93 80 87 3 0 22 0.00 0.0 0 6.6 21 120 M M 1 26 120
31 95 80 88 4 0 23 0.04 0.0 0 8.3 17 130 M M 2 13 23 220
================================================================================
SM 2827 2439 0 628 6.37 0.0 244.6 M 55
================================================================================
AV 91.2 78.7 7.9 FASTST M M 2 MAX(MPH)
MISC ----> 46 110 60 110
================================================================================
NOTES:
# LAST OF SEVERAL OCCURRENCES
COLUMN 17 PEAK WIND IN M.P.H.
PRELIMINARY LOCAL CLIMATOLOGICAL DATA (WS FORM: F-6) , PAGE 2
STATION: SAINT PETERSBURG
MONTH: JULY
YEAR: 2022
LATITUDE: 27 46 N
LONGITUDE: 82 38 W
[TEMPERATURE DATA] [PRECIPITATION DATA] SYMBOLS USED IN COLUMN 16
AVERAGE MONTHLY: 84.9 TOTAL FOR MONTH: 6.37 1 = FOG OR MIST
DPTR FM NORMAL: 1.1 DPTR FM NORMAL: -1.12 2 = FOG REDUCING VISIBILITY
HIGHEST: 95 ON 31 GRTST 24HR 2.43 ON 16-16 TO 1/4 MILE OR LESS
LOWEST: 74 ON 26,22 3 = THUNDER
SNOW, ICE PELLETS, HAIL 4 = ICE PELLETS
TOTAL MONTH: 0.0 INCH 5 = HAIL
GRTST 24HR 0.0 6 = FREEZING RAIN OR DRIZZLE
GRTST DEPTH: 0 7 = DUSTSTORM OR SANDSTORM:
VSBY 1/2 MILE OR LESS
8 = SMOKE OR HAZE
[NO. OF DAYS WITH] [WEATHER - DAYS WITH] 9 = BLOWING SNOW
X = TORNADO
MAX 32 OR BELOW: 0 0.01 INCH OR MORE: 13
MAX 90 OR ABOVE: 24 0.10 INCH OR MORE: 6
MIN 32 OR BELOW: 0 0.50 INCH OR MORE: 4
MIN 0 OR BELOW: 0 1.00 INCH OR MORE: 3
[HDD (BASE 65) ]
TOTAL THIS MO. 0 CLEAR (SCALE 0-3) 27
DPTR FM NORMAL 0 PTCLDY (SCALE 4-7) 4
TOTAL FM JUL 1 0 CLOUDY (SCALE 8-10) 0
DPTR FM NORMAL 0
[CDD (BASE 65) ]
TOTAL THIS MO. 628
DPTR FM NORMAL 45 [PRESSURE DATA]
TOTAL FM JAN 1 2384 HIGHEST SLP 30.19 ON 31
DPTR FM NORMAL 263 LOWEST SLP 29.88 ON 11
[REMARKS]
#FINAL-07-22#