000
CXUS52 KTBW 040944
CF6SPG
PRELIMINARY LOCAL CLIMATOLOGICAL DATA (WS FORM: F-6)
STATION: SAINT PETERSBURG
MONTH: JUNE
YEAR: 2021
LATITUDE: 27 46 N
LONGITUDE: 82 38 W
TEMPERATURE IN F: :PCPN: SNOW: WIND :SUNSHINE: SKY :PK WND
================================================================================
1 2 3 4 5 6A 6B 7 8 9 10 11 12 13 14 15 16 17 18
12Z AVG MX 2MIN
DY MAX MIN AVG DEP HDD CDD WTR SNW DPTH SPD SPD DIR MIN PSBL S-S WX SPD DR
================================================================================
1 93 76 85 3 0 20 0.00 0.0 0 12.4 22 110 M M 1 27 110
2 88 75 82 0 0 17 0.02 0.0 0 7.9 17 130 M M 4 13 21 130
3 88 76 82 0 0 17 T 0.0 0 8.6 24 170 M M 2 3 28 170
4 87 77 82 0 0 17 0.00 0.0 0 8.2 16 170 M M 4 3 20 170
5 89 77 83 1 0 18 T 0.0 0 7.4 17 130 M M 1 20 140
6 91 76 84 2 0 19 0.38 0.0 0 9.3 30 180 M M 2 138 39 180
7 92 77 85 3 0 20 T 0.0 0 9.5 17 130 M M 2 8 22 140
8 92 77 85 3 0 20 T 0.0 0 10.0 23 50 M M 1 3 26 80
9 93 78 86 4 0 21 0.00 0.0 0 8.1 17 120 M M 1 21 120
10 90 78 84 1 0 19 0.00 0.0 0 9.1 18 130 M M 0 21 280
11 90 81 86 3 0 21 0.00 0.0 0 7.1 14 250 M M 1 24 190
12 87 81 84 1 0 19 0.00 0.0 0 7.2 17 250 M M 2 23 250
13 87 82 85 2 0 20 T 0.0 0 10.6 18 250 M M 3 3 25 250
14 86 73 80 -3 0 15 0.43 0.0 0 9.3 23 230 M M 4 13 34 230
15 85 77 81 -2 0 16 0.16 0.0 0 9.6 23 240 M M 4 13 33 250
16 84 73 79 -4 0 14 0.56 0.0 0 9.7 23 180 M M 3 13 28 170
17 85 74 80 -3 0 15 0.03 0.0 0 6.5 21 210 M M 4 3 32 200
18 87 78 83 0 0 18 0.00 0.0 0 8.8 14 140 M M 1 18 100
19 90 79 85 2 0 20 0.00 0.0 0 12.0 20 200 M M 0 27 230
20 87 82 85 2 0 20 0.00 0.0 0 8.3 14 260 M M 3 22 250
21 90 78 84 1 0 19 0.01 0.0 0 8.4 17 120 M M 2 3 27 200
22 89 78 84 1 0 19 0.02 0.0 0 11.5 20 250 M M 3 30 240
23 88 74 81 -2 0 16 0.72 0.0 0 6.8 35 80 M M 3 13 42 80
24 92 74 83 0 0 18 1.16 0.0 0 8.9 29 260 M M 3 138 37 180
25 88 75 82 -1 0 17 0.01 0.0 0 12.2 25 140 M M 1 3 32 140
26 92 77 85 2 0 20 0.00 0.0 0 12.1 29 70 M M 2 3 35 70
27 90 79 85 2 0 20 T 0.0 0 14.1 21 90 M M 1 3 26 110
28 90 74 82 -1 0 17 0.41 0.0 0 11.7 35 130 M M 1 13 43 130
29 91 73 82 -1 0 17 1.44 0.0 0 11.0 38 150 M M 2 123 46 150
30 88 77 83 0 0 18 0.38 0.0 0 9.0 32 100 M M 2 13 40 110
================================================================================
SM 2669 2306 0 547 5.73 0.0 285.3 M 63
================================================================================
AV 89.0 76.9 9.5 FASTST M M 2 MAX(MPH)
MISC ----> 38 150 46 150
================================================================================
NOTES:
# LAST OF SEVERAL OCCURRENCES
COLUMN 17 PEAK WIND IN M.P.H.
PRELIMINARY LOCAL CLIMATOLOGICAL DATA (WS FORM: F-6) , PAGE 2
STATION: SAINT PETERSBURG
MONTH: JUNE
YEAR: 2021
LATITUDE: 27 46 N
LONGITUDE: 82 38 W
[TEMPERATURE DATA] [PRECIPITATION DATA] SYMBOLS USED IN COLUMN 16
AVERAGE MONTHLY: 82.9 TOTAL FOR MONTH: 5.73 1 = FOG OR MIST
DPTR FM NORMAL: 0.1 DPTR FM NORMAL: -1.06 2 = FOG REDUCING VISIBILITY
HIGHEST: 93 ON 9, 1 GRTST 24HR 1.59 ON 23-24 TO 1/4 MILE OR LESS
LOWEST: 73 ON 29,16 3 = THUNDER
SNOW, ICE PELLETS, HAIL 4 = ICE PELLETS
TOTAL MONTH: 0.0 INCH 5 = HAIL
GRTST 24HR 0.0 6 = FREEZING RAIN OR DRIZZLE
GRTST DEPTH: 0 7 = DUSTSTORM OR SANDSTORM:
VSBY 1/2 MILE OR LESS
8 = SMOKE OR HAZE
[NO. OF DAYS WITH] [WEATHER - DAYS WITH] 9 = BLOWING SNOW
X = TORNADO
MAX 32 OR BELOW: 0 0.01 INCH OR MORE: 14
MAX 90 OR ABOVE: 14 0.10 INCH OR MORE: 9
MIN 32 OR BELOW: 0 0.50 INCH OR MORE: 4
MIN 0 OR BELOW: 0 1.00 INCH OR MORE: 2
[HDD (BASE 65) ]
TOTAL THIS MO. 0 CLEAR (SCALE 0-3) 24
DPTR FM NORMAL 0 PTCLDY (SCALE 4-7) 6
TOTAL FM JUL 1 290 CLOUDY (SCALE 8-10) 0
DPTR FM NORMAL -66
[CDD (BASE 65) ]
TOTAL THIS MO. 547
DPTR FM NORMAL 13 [PRESSURE DATA]
TOTAL FM JAN 1 1660 HIGHEST SLP 30.17 ON 9
DPTR FM NORMAL 122 LOWEST SLP 29.82 ON 13
[REMARKS]
#FINAL-06-21#