495
CXUS52 KTBW 051618
CF6SPG
PRELIMINARY LOCAL CLIMATOLOGICAL DATA (WS FORM: F-6)
STATION: SAINT PETERSBURG
MONTH: DECEMBER
YEAR: 2020
LATITUDE: 27 46 N
LONGITUDE: 82 38 W
TEMPERATURE IN F: :PCPN: SNOW: WIND :SUNSHINE: SKY :PK WND
================================================================================
1 2 3 4 5 6A 6B 7 8 9 10 11 12 13 14 15 16 17 18
12Z AVG MX 2MIN
DY MAX MIN AVG DEP HDD CDD WTR SNW DPTH SPD SPD DIR MIN PSBL S-S WX SPD DR
================================================================================
1 63 51 57 -10 8 0 0.00 0.0 0 11.2 23 350 M M 3 29 350
2 62 48 55 -12 10 0 0.00 0.0 0 14.6 23 30 M M 0 27 30
3 72 52 62 -4 3 0 0.00 0.0 0 9.5 17 70 M M 0 128 20 70
4 72 64 68 2 0 3 T 0.0 0 5.5 15 130 M M 3 18 110
5 75 59 67 1 0 2 0.00 0.0 0 6.8 14 340 M M 3 1 18 350
6 70 57 64 -2 1 0 0.14 0.0 0 7.8 17 50 M M 2 1 19 50
7 65 56 61 -5 4 0 0.25 0.0 0 9.2 21 330 M M 7 1 27 350
8 60 49 55 -11 10 0 0.00 0.0 0 8.8 17 350 M M 1 22 340
9 64 51 58 -7 7 0 0.00 0.0 0 6.7 15 350 M M 0 19 340
10 69 55 62 -3 3 0 0.00 0.0 0 2.8 7 100 M M 0 1 12 110
11 72 59 66 1 0 1 0.00 0.0 0 5.6 13 130 M M 0 14 130
12 76 63 70 5 0 5 T 0.0 0 4.6 10 260 M M 6 1 13 270
13 77 64 71 6 0 6 0.00 0.0 0 2.7 10 240 M M 0 1 13 230
14 74 66 70 6 0 5 0.08 0.0 0 7.4 18 260 M M 5 1 25 210
15 69 61 65 1 0 0 0.00 0.0 0 5.9 15 260 M M 2 18 250
16 75 60 68 4 0 3 0.26 0.0 0 9.1 25 210 M M 6 13 36 190
17 69 55 62 -2 3 0 0.00 0.0 0 10.1 18 330 M M 5 22 290
18 61 44 53 -11 12 0 0.00 0.0 0 12.2 23 50 M M 3 27 30
19 71 52 62 -2 3 0 0.00 0.0 0 7.4 20 50 M M 0 22 40
20 71 60 66 3 0 1 2.99 0.0 0 8.4 22 220 M M 5 13 29 230
21 70 56 63 0 2 0 T 0.0 0 10.6 20 350 M M 2 25 360
22 69 55 62 -1 3 0 0.00 0.0 0 6.7 20 10 M M 0 23 10
23 73 56 65 2 0 0 0.00 0.0 0 4.8 12 60 M M 1 12 120
24 76 55 66 3 0 1 0.15 0.0 0 11.8 28 310 M M 4 1 42 320
25 58 48 53 -10 12 0 0.02 0.0 0 11.7 25 340 M M 6 35 340
26 53 44 49 -13 16 0 0.00 0.0 0 10.6 18 40 M M 0 22 30
27 65 45 55 -7 10 0 0.00 0.0 0 9.0 16 40 M M 1 18 50
28 71 55 63 1 2 0 0.00 0.0 0 7.3 15 50 M M 2 18 50
29 69 56 63 1 2 0 0.00 0.0 0 8.3 15 40 M M 2 16 40
30 74 60 67 5 0 2 0.00 0.0 0 7.3 13 50 M M 6 14 30
31 78 65 72 10 0 7 0.00 0.0 0 9.1 17 140 M M 4 20 140
================================================================================
SM 2143 1721 111 36 3.89 0.0 253.5 M 79
================================================================================
AV 69.1 55.5 8.2 FASTST M M 3 MAX(MPH)
MISC ----> 28 310 42 320
================================================================================
NOTES:
# LAST OF SEVERAL OCCURRENCES
COLUMN 17 PEAK WIND IN M.P.H.
PRELIMINARY LOCAL CLIMATOLOGICAL DATA (WS FORM: F-6) , PAGE 2
STATION: SAINT PETERSBURG
MONTH: DECEMBER
YEAR: 2020
LATITUDE: 27 46 N
LONGITUDE: 82 38 W
[TEMPERATURE DATA] [PRECIPITATION DATA] SYMBOLS USED IN COLUMN 16
AVERAGE MONTHLY: 62.3 TOTAL FOR MONTH: 3.89 1 = FOG OR MIST
DPTR FM NORMAL: -1.8 DPTR FM NORMAL: 1.14 2 = FOG REDUCING VISIBILITY
HIGHEST: 78 ON 31 GRTST 24HR 2.99 ON 20-20 TO 1/4 MILE OR LESS
LOWEST: 44 ON 26,18 3 = THUNDER
SNOW, ICE PELLETS, HAIL 4 = ICE PELLETS
TOTAL MONTH: 0.0 INCH 5 = HAIL
GRTST 24HR 0.0 6 = FREEZING RAIN OR DRIZZLE
GRTST DEPTH: 0 7 = DUSTSTORM OR SANDSTORM:
VSBY 1/2 MILE OR LESS
8 = SMOKE OR HAZE
[NO. OF DAYS WITH] [WEATHER - DAYS WITH] 9 = BLOWING SNOW
X = TORNADO
MAX 32 OR BELOW: 0 0.01 INCH OR MORE: 7
MAX 90 OR ABOVE: 0 0.10 INCH OR MORE: 5
MIN 32 OR BELOW: 0 0.50 INCH OR MORE: 1
MIN 0 OR BELOW: 0 1.00 INCH OR MORE: 1
[HDD (BASE 65) ]
TOTAL THIS MO. 111 CLEAR (SCALE 0-3) 21
DPTR FM NORMAL 4 PTCLDY (SCALE 4-7) 10
TOTAL FM JUL 1 111 CLOUDY (SCALE 8-10) 0
DPTR FM NORMAL -25
[CDD (BASE 65) ]
TOTAL THIS MO. 36
DPTR FM NORMAL -45 [PRESSURE DATA]
TOTAL FM JAN 1 4519 HIGHEST SLP 30.34 ON 18
DPTR FM NORMAL 748 LOWEST SLP 29.77 ON 7
[REMARKS]
#FINAL-12-20#