000
CXUS54 KOUN 011551
CF6SPS
PRELIMINARY LOCAL CLIMATOLOGICAL DATA (WS FORM: F-6)
STATION: WICHITA FALLS
MONTH: FEBRUARY
YEAR: 2023
LATITUDE: 33 58 N
LONGITUDE: 98 29 W
TEMPERATURE IN F: :PCPN: SNOW: WIND :SUNSHINE: SKY :PK WND
================================================================================
1 2 3 4 5 6A 6B 7 8 9 10 11 12 13 14 15 16 17 18
12Z AVG MX 2MIN
DY MAX MIN AVG DEP HDD CDD WTR SNW DPTH SPD SPD DIR MIN PSBL S-S WX SPD DR
================================================================================
1 30 23 27 -17 38 0 0.05 T 0 3.5 10 30 M M 5 46 12 80
2 42 29 36 -8 29 0 0.01 0.0 0 5.3 12 310 M M 8 16 13 280
3 54 25 40 -4 25 0 0.00 0.0 0 8.7 15 190 M M 0 1 17 180
4 64 30 47 3 18 0 0.00 0.0 0 14.9 28 200 M M 0 34 190
5 68 33 51 7 14 0 0.00 0.0 0 6.3 15 190 M M 0 1 17 190
6 78 40 59 15 6 0 0.00 0.0 0 14.9 31 200 M M 2 8 38 200
7 62 40 51 6 14 0 0.73 0.0 0 19.5 32 40 M M 10 13 39 40
8 43 33 38 -7 27 0 0.46 0.0 0 14.4 26 340 M M 9 1 30 350
9 55 27 41 -4 24 0 0.00 0.0 0 10.7 28 360 M M 4 12 33 10
10 46 30 38 -7 27 0 0.00 0.0 0 14.4 25 350 M M 6 31 350
11 54 25 40 -5 25 0 0.00 0.0 0 6.1 10 330 M M 0 16 290
12 70 27 49 3 16 0 0.00 0.0 0 11.6 23 200 M M 0 28 200
13 63 35 49 3 16 0 0.00 0.0 0 9.1 17 100 M M 3 26 120
14 70 49 60 14 5 0 0.30 0.0 0 19.8 45 230 M M 7 138 54 240
15 81 37 59 13 6 0 T 0.0 0 11.9 33 330 M M 2 3 43 330
16 43 27 35 -11 30 0 0.00 0.0 0 18.6 29 330 M M 4 34 320
17 49 23 36 -11 29 0 0.00 0.0 0 6.7 12 190 M M 1 15 230
18 51 26 39 -8 26 0 0.00 0.0 0 13.9 25 190 M M 1 31 180
19 66 43 55 8 10 0 0.00 0.0 0 15.2 24 220 M M 1 28 220
20 75 57 66 19 0 1 0.00 0.0 0 14.6 25 240 M M 1 32 230
21 88 48 68 20 0 3 0.00 0.0 0 12.7 29 180 M M 3 35 210
22 76 51 64 16 1 0 0.10 0.0 0 16.7 38 240 M M 4 13 50 240
23 58 29 44 -4 21 0 0.00 0.0 0 16.9 28 10 M M 1 32 20
24 36 30 33 -15 32 0 0.00 0.0 0 13.8 25 20 M M 8 29 30
25 44 33 39 -10 26 0 0.00 0.0 0 5.6 12 150 M M 10 13 150
26 74 41 58 9 7 0 0.10 0.0 0 14.0 40 180 M M 7 138 52 170
27 75 46 61 12 4 0 0.00 0.0 0 13.9 30 250 M M 2 8 38 260
28 82 41 62 12 3 0 0.00 0.0 0 14.0 25 220 M M 0 35 240
================================================================================
SM 1697 978 479 4 1.75 T 347.7 M 99
================================================================================
AV 60.6 34.9 12.4 FASTST M M 4 MAX(MPH)
MISC ----> 45 230 54 240
================================================================================
NOTES:
# LAST OF SEVERAL OCCURRENCES
COLUMN 17 PEAK WIND IN M.P.H.
PRELIMINARY LOCAL CLIMATOLOGICAL DATA (WS FORM: F-6) , PAGE 2
STATION: WICHITA FALLS
MONTH: FEBRUARY
YEAR: 2023
LATITUDE: 33 58 N
LONGITUDE: 98 29 W
[TEMPERATURE DATA] [PRECIPITATION DATA] SYMBOLS USED IN COLUMN 16
AVERAGE MONTHLY: 47.8 TOTAL FOR MONTH: 1.75 1 = FOG OR MIST
DPTR FM NORMAL: 1.5 DPTR FM NORMAL: 0.35 2 = FOG REDUCING VISIBILITY
HIGHEST: 88 ON 21 GRTST 24HR 1.05 ON 7- 8 TO 1/4 MILE OR LESS
LOWEST: 23 ON 17, 1 3 = THUNDER
SNOW, ICE PELLETS, HAIL 4 = ICE PELLETS
TOTAL MONTH: T 5 = HAIL
GRTST 24HR T ON 1- 1 6 = FREEZING RAIN OR DRIZZLE
GRTST DEPTH: T 7 = DUSTSTORM OR SANDSTORM:
VSBY 1/2 MILE OR LESS
8 = SMOKE OR HAZE
[NO. OF DAYS WITH] [WEATHER - DAYS WITH] 9 = BLOWING SNOW
X = TORNADO
MAX 32 OR BELOW: 1 0.01 INCH OR MORE: 7
MAX 90 OR ABOVE: 0 0.10 INCH OR MORE: 5
MIN 32 OR BELOW: 13 0.50 INCH OR MORE: 1
MIN 0 OR BELOW: 0 1.00 INCH OR MORE: 0
[HDD (BASE 65) ]
TOTAL THIS MO. 479 CLEAR (SCALE 0-3) 15
DPTR FM NORMAL -48 PTCLDY (SCALE 4-7) 9
TOTAL FM JUL 1 2125 CLOUDY (SCALE 8-10) 4
DPTR FM NORMAL -271
[CDD (BASE 65) ]
TOTAL THIS MO. 4
DPTR FM NORMAL 1 [PRESSURE DATA]
TOTAL FM JAN 1 5 HIGHEST SLP 30.64 ON 3
DPTR FM NORMAL 4 LOWEST SLP 29.30 ON 26
[REMARKS]
#FINAL-02-23#