000
CXUS52 KTBW 080112
CF6SRQ
PRELIMINARY LOCAL CLIMATOLOGICAL DATA (WS FORM: F-6)
STATION: SARASOTA BRADENTON
MONTH: JANUARY
YEAR: 2023
LATITUDE: 27 23 N
LONGITUDE: 82 33 W
TEMPERATURE IN F: :PCPN: SNOW: WIND :SUNSHINE: SKY :PK WND
================================================================================
1 2 3 4 5 6A 6B 7 8 9 10 11 12 13 14 15 16 17 18
12Z AVG MX 2MIN
DY MAX MIN AVG DEP HDD CDD WTR SNW DPTH SPD SPD DIR MIN PSBL S-S WX SPD DR
================================================================================
1 78 65 72 9 0 7 0.00 0.0 0 3.2 9 200 M M 5 12 13 280
2 84 66 75 12 0 10 0.00 0.0 0 6.6 13 120 M M 2 1 19 120
3 82 66 74 11 0 9 0.00 0.0 0 11.5 21 150 M M 0 27 190
4 80 68 74 11 0 9 0.31 0.0 0 12.1 25 180 M M 4 13 39 170
5 78 65 72 9 0 7 0.45 0.0 0 7.4 22 320 M M 6 13 28 330
6 70 51 61 -2 4 0 0.00 0.0 0 7.1 16 10 M M 1 23 20
7 73 47 60 -2 5 0 0.00 0.0 0 5.8 14 70 M M 0 17 60
8 76 52 64 2 1 0 0.00 0.0 0 6.2 13 130 M M 0 21 140
9 73 54 64 2 1 0 0.00 0.0 0 4.2 15 290 M M 1 1 21 260
10 70 49 60 -2 5 0 0.00 0.0 0 5.8 15 310 M M 0 1 22 290
11 71 46 59 -3 6 0 0.00 0.0 0 3.2 12 270 M M 0 1 21 270
12 75 48 62 0 3 0 0.00 0.0 0 6.0 18 200 M M 0 24 180
13 69 52 61 -1 4 0 0.28 0.0 0 16.1 28 330 M M 5 13 38 310
14 57 48 53 -9 12 0 T 0.0 0 13.6 23 320 M M 5 35 340
15 57 38 48 -14 17 0 0.00 0.0 0 5.5 13 280 M M 0 26 280
16 63 38 51 -11 14 0 0.00 0.0 0 3.9 12 220 M M 0 14 240
17 71 43 57 -5 8 0 0.00 0.0 0 5.7 14 180 M M 1 20 180
18 77 53 65 3 0 0 0.00 0.0 0 6.3 15 200 M M 0 19 200
19 79 56 68 6 0 3 0.00 0.0 0 11.8 24 190 M M 2 33 190
20 77 64 71 9 0 6 0.01 0.0 0 4.3 13 200 M M 8 1 19 190
21 76 62 69 7 0 4 0.00 0.0 0 6.3 13 90 M M 6 16 260
22 79 60 70 8 0 5 0.03 0.0 0 12.7 26 180 M M 3 13 39 200
23 71 53 62 0 3 0 0.12 0.0 0 8.8 17 10 M M 5 13 25 360
24 79 49 64 2 1 0 0.00 0.0 0 11.2 18 120 M M 3 26 110
25 81 65 73 11 0 8 0.23 0.0 0 15.2 26 180 M M 2 1 41 190
26 67 52 60 -2 5 0 T 0.0 0 8.7 20 340 M M 6 1 26 330
27 66 50 58 -4 7 0 0.00 0.0 0 8.7 20 50 M M 0 30 30
28 71 51 61 -2 4 0 0.00 0.0 0 11.2 20 70 M M 8 27 70
29 83 62 73 10 0 8 0.00 0.0 0 7.5 18 130 M M 1 25 120
30 80 61 71 8 0 6 0.00 0.0 0 4.4 13 220 M M 1 1 17 200
31 79 62 71 8 0 6 0.00 0.0 0 2.2 9 240 M M 3 12 15 240
================================================================================
SM 2292 1696 100 88 1.43 0.0 243.2 M 78
================================================================================
AV 73.9 54.7 7.8 FASTST M M 3 MAX(MPH)
MISC ----> 28 330 41 190
================================================================================
NOTES:
# LAST OF SEVERAL OCCURRENCES
COLUMN 17 PEAK WIND IN M.P.H.
PRELIMINARY LOCAL CLIMATOLOGICAL DATA (WS FORM: F-6) , PAGE 2
STATION: SARASOTA BRADENTON
MONTH: JANUARY
YEAR: 2023
LATITUDE: 27 23 N
LONGITUDE: 82 33 W
[TEMPERATURE DATA] [PRECIPITATION DATA] SYMBOLS USED IN COLUMN 16
AVERAGE MONTHLY: 64.3 TOTAL FOR MONTH: 1.43 1 = FOG OR MIST
DPTR FM NORMAL: 1.9 DPTR FM NORMAL: -1.36 2 = FOG REDUCING VISIBILITY
HIGHEST: 84 ON 2 GRTST 24HR 0.76 ON 4- 5 TO 1/4 MILE OR LESS
LOWEST: 38 ON 16,15 3 = THUNDER
SNOW, ICE PELLETS, HAIL 4 = ICE PELLETS
TOTAL MONTH: 0.0 INCH 5 = HAIL
GRTST 24HR 0.0 6 = FREEZING RAIN OR DRIZZLE
GRTST DEPTH: 0 7 = DUSTSTORM OR SANDSTORM:
VSBY 1/2 MILE OR LESS
8 = SMOKE OR HAZE
[NO. OF DAYS WITH] [WEATHER - DAYS WITH] 9 = BLOWING SNOW
X = TORNADO
MAX 32 OR BELOW: 0 0.01 INCH OR MORE: 7
MAX 90 OR ABOVE: 0 0.10 INCH OR MORE: 5
MIN 32 OR BELOW: 0 0.50 INCH OR MORE: 0
MIN 0 OR BELOW: 0 1.00 INCH OR MORE: 0
[HDD (BASE 65) ]
TOTAL THIS MO. 100 CLEAR (SCALE 0-3) 20
DPTR FM NORMAL -42 PTCLDY (SCALE 4-7) 11
TOTAL FM JUL 1 212 CLOUDY (SCALE 8-10) 0
DPTR FM NORMAL -56
[CDD (BASE 65) ]
TOTAL THIS MO. 88
DPTR FM NORMAL 27 [PRESSURE DATA]
TOTAL FM JAN 1 88 HIGHEST SLP 30.34 ON 27
DPTR FM NORMAL 27 LOWEST SLP 29.85 ON 13
[REMARKS]
#FINAL-01-23#