000
CXUS52 KTBW 022359
CF6SRQ
PRELIMINARY LOCAL CLIMATOLOGICAL DATA (WS FORM: F-6)
STATION: Sarasota Bradenton
MONTH: MAY
YEAR: 2020
LATITUDE: 27 23 N
LONGITUDE: 82 33 W
TEMPERATURE IN F: :PCPN: SNOW: WIND :SUNSHINE: SKY :PK WND
================================================================================
1 2 3 4 5 6A 6B 7 8 9 10 11 12 13 14 15 16 17 18
12Z AVG MX 2MIN
DY MAX MIN AVG DEP HDD CDD WTR SNW DPTH SPD SPD DIR MIN PSBL S-S WX SPD DR
================================================================================
1 80 61 71 -3 0 6 0.00 0.0 0 6.8 17 310 M M 0 22 320
2 86 61 74 0 0 9 0.00 0.0 0 6.6 16 280 M M 0 18 280
3 82 65 74 0 0 9 0.00 0.0 0 7.0 14 290 M M 0 18 280
4 84 66 75 1 0 10 0.00 0.0 0 5.9 15 270 M M 0 8 17 260
5 83 67 75 1 0 10 0.00 0.0 0 5.9 15 300 M M 0 18 300
6 83 73 78 3 0 13 0.00 0.0 0 9.9 16 270 M M 3 21 320
7 78 62 70 -5 0 5 0.00 0.0 0 9.3 18 330 M M 0 26 310
8 82 57 70 -5 0 5 0.00 0.0 0 9.9 21 210 M M 0 26 210
9 88 73 81 6 0 16 0.00 0.0 0 10.5 16 80 M M 1 20 80
10 81 69 75 0 0 10 0.55 0.0 0 8.1 18 80 M M 6 1 24 70
11 88 67 78 2 0 13 0.00 0.0 0 8.1 17 330 M M 1 23 330
12 89 65 77 1 0 12 0.00 0.0 0 9.7 20 100 M M 0 26 110
13 91 66 79 3 0 14 0.00 0.0 0 13.8 24 80 M M 1 30 90
14 90 69 80 4 0 15 0.00 0.0 0 13.8 25 90 M M 1 33 70
15 89 70 80 4 0 15 1.13 0.0 0 9.4 28 110 M M 3 1 34 120
16 89 72 81 5 0 16 0.02 0.0 0 8.1 20 310 M M 3 13 23 300
17 86 72 79 2 0 14 0.00 0.0 0 6.7 17 240 M M 1 8 21 240
18 82 70 76 -1 0 11 0.18 0.0 0 6.9 23 280 M M 3 13 27 280
19 83 70 77 0 0 12 0.00 0.0 0 10.6 18 210 M M 2 23 210
20 83 76 80 3 0 15 0.00 0.0 0 8.6 14 260 M M 0 8 17 260
21 88 73 81 4 0 16 0.08 0.0 0 7.6 17 140 M M 2 13 21 130
22 90 70 80 2 0 15 T 0.0 0 7.3 23 100 M M 2 3 30 140
23 93 72 83 5 0 18 0.07 0.0 0 7.2 26 160 M M 1 13 33 150
24 83 73 78 0 0 13 0.12 0.0 0 11.0 29 110 M M 3 1 37 110
25 86 73 80 2 0 15 0.09 0.0 0 10.8 24 130 M M 9 13 32 130
26 86 74 80 2 0 15 0.00 0.0 0 8.0 15 110 M M 5 25 210
27 87 80 84 6 0 19 0.00 0.0 0 8.4 15 200 M M 3 20 220
28 89 74 82 4 0 17 0.02 0.0 0 9.6 24 110 M M 1 3 29 110
29 91 74 83 4 0 18 0.00 0.0 0 8.1 15 240 M M 2 3 20 130
30 89 74 82 3 0 17 0.00 0.0 0 6.6 16 310 M M 0 3 20 300
31 90 74 82 3 0 17 0.00 0.0 0 6.4 17 290 M M 2 22 290
================================================================================
SM 2669 2162 0 410 2.26 0.0 266.6 M 55
================================================================================
AV 86.1 69.7 8.6 FASTST M M 2 MAX(MPH)
MISC ----> # 29 110 # 37 110
================================================================================
NOTES:
# LAST OF SEVERAL OCCURRENCES
COLUMN 17 PEAK WIND IN M.P.H.
PRELIMINARY LOCAL CLIMATOLOGICAL DATA (WS FORM: F-6) , PAGE 2
STATION: Sarasota Bradenton
MONTH: MAY
YEAR: 2020
LATITUDE: 27 23 N
LONGITUDE: 82 33 W
[TEMPERATURE DATA] [PRECIPITATION DATA] SYMBOLS USED IN COLUMN 16
AVERAGE MONTHLY: 77.9 TOTAL FOR MONTH: 2.26 1 = FOG OR MIST
DPTR FM NORMAL: 1.5 DPTR FM NORMAL: 0.05 2 = FOG REDUCING VISIBILITY
HIGHEST: 93 ON 23 GRTST 24HR 1.52 ON 30- 1 TO 1/4 MILE OR LESS
LOWEST: 57 ON 8 3 = THUNDER
SNOW, ICE PELLETS, HAIL 4 = ICE PELLETS
TOTAL MONTH: 0.0 INCH 5 = HAIL
GRTST 24HR 0.0 6 = FREEZING RAIN OR DRIZZLE
GRTST DEPTH: 0 7 = DUSTSTORM OR SANDSTORM:
VSBY 1/2 MILE OR LESS
8 = SMOKE OR HAZE
[NO. OF DAYS WITH] [WEATHER - DAYS WITH] 9 = BLOWING SNOW
X = TORNADO
MAX 32 OR BELOW: 0 0.01 INCH OR MORE: 9
MAX 90 OR ABOVE: 6 0.10 INCH OR MORE: 4
MIN 32 OR BELOW: 0 0.50 INCH OR MORE: 2
MIN 0 OR BELOW: 0 1.00 INCH OR MORE: 1
[HDD (BASE 65) ]
TOTAL THIS MO. 0 CLEAR (SCALE 0-3) 27
DPTR FM NORMAL 0 PTCLDY (SCALE 4-7) 3
TOTAL FM JUL 1 201 CLOUDY (SCALE 8-10) 1
DPTR FM NORMAL -276
[CDD (BASE 65) ]
TOTAL THIS MO. 410
DPTR FM NORMAL 56 [PRESSURE DATA]
TOTAL FM JAN 1 1251 HIGHEST SLP 30.16 ON 13
DPTR FM NORMAL 500 LOWEST SLP 29.79 ON 26
[REMARKS]
#FINAL-05-20#