000
CXUS52 KTBW 040400
CLMSRQ
CLIMATE REPORT
NATIONAL WEATHER SERVICE TAMPA BAY FL
1100 PM EST SUN MAR 03 2024
...................................
...THE SARASOTA BRADENTON CLIMATE SUMMARY FOR THE MONTH OF FEBRUARY 2024...
CLIMATE NORMAL PERIOD: 1991 TO 2020
CLIMATE RECORD PERIOD: 1911 TO 2024
WEATHER OBSERVED NORMAL DEPART LAST YEAR`S
VALUE DATE(S) VALUE FROM VALUE DATE(S)
NORMAL
................................................................
TEMPERATURE (F)
ALL-TIME FEBRUARY RECORD
HIGH 90 02/20/2018
LOW 21 02/04/1917
FEBRUARY 2024
HIGHEST 82 02/29 MM MM 86 02/24
LOWEST 45 02/03 MM MM 47 02/14
02/20
02/21
AVG. MAXIMUM 73.4 74.9 -1.5 78.9
AVG. MINIMUM 53.4 54.6 -1.2 60.0
MEAN 63.4 64.8 -1.4 69.4
DAYS MAX >= 90 0 0.0 0.0 0
DAYS MAX <= 32 0 0.0 0.0 0
DAYS MIN <= 32 0 0.1 -0.1 0
DAYS MIN <= 0 0 0.0 0.0 0
PRECIPITATION (INCHES)
ALL-TIME FEBRUARY RECORD
MAXIMUM 10.16 1983
MINIMUM T 1911
FEBRUARY 2024
TOTALS 3.26 1.92 1.34 0.15
DAILY AVG. 0.11 0.07 0.05 0.01
DAYS >= .01 7 6.8 0.2 3
DAYS >= .10 4 3.1 0.9 1
DAYS >= .50 3 1.1 1.9 0
DAYS >= 1.00 1 0.4 0.6 0
GREATEST
24 HR. TOTAL 1.68 02/17 TO 02/18
DEGREE DAYS
HEATING TOTAL 79 82 -3 10
SINCE 7/1 267 352 -85 MM
COOLING TOTAL 38 75 -37 141
SINCE 1/1 101 136 -35 MM
................................................................
WIND (MPH)
AVERAGE WIND SPEED 8.5
HIGHEST WIND SPEED/DIRECTION 29/170 DATE 02/04
HIGHEST GUST SPEED/DIRECTION 43/160 DATE 02/04
SKY COVER (DOES NOT INCLUDE ANY CLOUDS ABOVE 12000 FEET)
POSSIBLE SUNSHINE (PERCENT) MM
AVERAGE SKY COVER 0.22
NUMBER OF DAYS FAIR 20
NUMBER OF DAYS PC 7
NUMBER OF DAYS CLOUDY 2
AVERAGE RH (PERCENT) 69
WEATHER CONDITIONS. NUMBER OF DAYS WITH
THUNDERSTORM 1 MIXED PRECIP 0
HEAVY RAIN 4 RAIN 5
LIGHT RAIN 7 FREEZING RAIN 0
LT FREEZING RAIN 0 HAIL 0
HEAVY SNOW 0 SNOW 0
LIGHT SNOW 0 SLEET 0
FOG 10 FOG W/VIS <= 1/4 MILE 1
HAZE 0
- INDICATES NEGATIVE NUMBERS.
R INDICATES RECORD WAS SET OR TIED.
MM INDICATES DATA IS MISSING.
T INDICATES TRACE AMOUNT.
$$