000
CXUS54 KEPZ 221305
CF6SRR
PRELIMINARY LOCAL CLIMATOLOGICAL DATA (WS FORM: F-6)
STATION: RUIDOSO AWOS
MONTH: DECEMBER
YEAR: 2022
LATITUDE: 33 28 N
LONGITUDE: 105 32 W
TEMPERATURE IN F: :PCPN: SNOW: WIND :SUNSHINE: SKY :PK WND
================================================================================
1 2 3 4 5 6A 6B 7 8 9 10 11 12 13 14 15 16 17 18
12Z AVG MX 2MIN
DY MAX MIN AVG DEP HDD CDD WTR SNW DPTH SPD SPD DIR MIN PSBL S-S WX SPD DR
================================================================================
1 59 28 44 M 21 0 0.00 M M 6.8 18 230 M M 0 25 230
2 59 46 53 M 12 0 0.00 M M 18.6 41 230 M M 0 53 230
3 50 28 39 M 26 0 0.19 M M 6.5 12 120 M M 0 16 160
4 55 41 48 M 17 0 0.07 M M 4.1 12 330 M M 0 12 18 340
5 63 45 54 M 11 0 0.00 M M 15.2 29 250 M M 0 39 250
6 55 41 48 M 17 0 0.00 M M 13.8 27 250 M M 0 36 250
7 52 39 46 M 19 0 0.00 M M 9.3 16 210 M M 0 30 230
8 52 32 42 M 23 0 0.00 M M 4.8 12 40 M M 0 21 240
9 54 30 42 M 23 0 0.00 M M 5.1 20 210 M M 0 31 140
10 54 32 43 M 22 0 0.00 M M 6.0 12 140 M M 0 M M
11 57 32 45 M 20 0 0.00 M M 8.6 23 230 M M 0 27 230
12 50 28 39 M 26 0 0.00 M M 19.5 38 220 M M 0 54 220
13 32 23 28 M 37 0 0.00 M M 9.7 18 290 M M 0 26 270
14 37 21 29 M 36 0 0.00 M M 18.4 32 290 M M 0 48 290
15 41 19 30 M 35 0 0.00 M M 9.9 21 290 M M 0 28 290
16 32 19 26 M 39 0 0.00 M M 12.0 22 310 M M 0 29 290
17 43 18 31 M 34 0 0.00 M M 9.1 17 320 M M 0 25 310
18 50 25 38 M 27 0 0.02 M M 6.9 24 210 M M 0 38 210
19 41 28 35 M 30 0 0.00 M M 14.0 25 300 M M 0 35 320
20 48 27 38 M 27 0 0.00 M M 5.9 12 280 M M 0 8 17 300
21 50 27 39 M 26 0 0.00 M M 8.9 20 320 M M 0 28 310
22 50 1 26 M 39 0 0.00 M M 10.5 20 290 M M 0 31 340
23 25 0 13 M 52 0 0.00 M M 4.4 10 260 M M 0 M M
24 46 18 32 M 33 0 0.00 M M 7.3 22 300 M M 0 32 310
25 48 27 38 M 27 0 0.00 M M 7.3 18 300 M M 0 27 300
26 45 28 37 M 28 0 0.00 M M 9.1 14 320 M M 0 21 300
27 63 30 47 M 18 0 0.00 M M 10.5 25 220 M M 0 36 220
28 54 36 45 M 20 0 0.00 M M 19.9 37 240 M M 0 60 260
29 46 30 38 M 27 0 0.00 M M 15.0 33 250 M M 0 47 250
30 45 27 36 M 29 0 0.00 M M 8.5 18 310 M M 0 31 300
31 55 36 46 M 19 0 0.00 M M 10.6 24 290 M M 0 38 290
================================================================================
SM 1511 862 820 0 0.28 M 316.1 M 0
================================================================================
AV 48.7 27.8 10.2 FASTST M M 0 MAX(MPH)
MISC ----> 41 230 60 260
================================================================================
NOTES:
# LAST OF SEVERAL OCCURRENCES
COLUMN 17 PEAK WIND IN M.P.H.
PRELIMINARY LOCAL CLIMATOLOGICAL DATA (WS FORM: F-6) , PAGE 2
STATION: RUIDOSO AWOS
MONTH: DECEMBER
YEAR: 2022
LATITUDE: 33 28 N
LONGITUDE: 105 32 W
[TEMPERATURE DATA] [PRECIPITATION DATA] SYMBOLS USED IN COLUMN 16
AVERAGE MONTHLY: 38.3 TOTAL FOR MONTH: 0.28 1 = FOG OR MIST
DPTR FM NORMAL: 0.0 DPTR FM NORMAL: M 2 = FOG REDUCING VISIBILITY
HIGHEST: 63 ON 27, 5 GRTST 24HR 0.19 ON 3- 3 TO 1/4 MILE OR LESS
LOWEST: 0 ON 23 3 = THUNDER
SNOW, ICE PELLETS, HAIL 4 = ICE PELLETS
TOTAL MONTH: M 5 = HAIL
GRTST 24HR M ON M 6 = FREEZING RAIN OR DRIZZLE
GRTST DEPTH: M ON M 7 = DUSTSTORM OR SANDSTORM:
VSBY 1/2 MILE OR LESS
8 = SMOKE OR HAZE
[NO. OF DAYS WITH] [WEATHER - DAYS WITH] 9 = BLOWING SNOW
X = TORNADO
MAX 32 OR BELOW: 3 0.01 INCH OR MORE: 3
MAX 90 OR ABOVE: 0 0.10 INCH OR MORE: 1
MIN 32 OR BELOW: 24 0.50 INCH OR MORE: 0
MIN 0 OR BELOW: 1 1.00 INCH OR MORE: 0
[HDD (BASE 65) ]
TOTAL THIS MO. 820 CLEAR (SCALE 0-3) 31
DPTR FM NORMAL M PTCLDY (SCALE 4-7) 0
TOTAL FM JUL 1 2073 CLOUDY (SCALE 8-10) 0
DPTR FM NORMAL M
[CDD (BASE 65) ]
TOTAL THIS MO. 0
DPTR FM NORMAL M [PRESSURE DATA]
TOTAL FM JAN 1 484 HIGHEST SLP M ON M
DPTR FM NORMAL M LOWEST SLP M ON M
[REMARKS]
#FINAL-12-22#