532
CXUS52 KJAX 170447
CF6SSI
PRELIMINARY LOCAL CLIMATOLOGICAL DATA (WS FORM: F-6)
STATION: ST SIMONS ISLAND GA
MONTH: DECEMBER
YEAR: 2002
LATITUDE: 31 9 N
LONGITUDE: 81 23 W
TEMPERATURE IN F: :PCPN: SNOW: WIND :SUNSHINE: SKY :PK WND
================================================================================
1 2 3 4 5 6A 6B 7 8 9 10 11 12 13 14 15 16 17 18
12Z AVG MX 2MIN
DY MAX MIN AVG DEP HDD CDD WTR SNW DPTH SPD SPD DIR MIN PSBL S-S WX SPD DR
================================================================================
1 56 38 47 -11 18 0 0.00 0.0 M M M M M M M M M
2 59 38 49 -8 16 0 0.00 0.0 M M M M M M M M M
3 66 39 53 -4 12 0 0.00 0.0 M M M M M M M M M
4 65 45 55 -2 10 0 T 0.0 M M M M M M M M M
5 59 44 52 -4 13 0 0.92 0.0 M M M M M M M M M
6 49 44 47 -9 18 0 0.06 0.0 M M M M M M M M M
7 55 39 47 -9 18 0 0.00 0.0 M M M M M M M M M
8 61 38 50 -6 15 0 0.00 0.0 M M M M M M M M M
9 56 50 53 -2 12 0 0.90 0.0 M M M M M M M M M
10 56 47 52 -3 13 0 0.55 0.0 M M M M M M M M M
11 60 50 55 0 10 0 0.01 0.0 M M M M M M M M M
12 55 41 48 -7 17 0 0.23 0.0 M M M M M M M M M
13 69 53 61 7 4 0 0.47 0.0 M M M M M M M M M
14 56 40 48 -6 17 0 0.00 0.0 M M M M M M M M M
15 52 36 44 -10 21 0 0.00 0.0 M M M M M M M M M
16 66 39 53 -1 12 0 0.00 0.0 M M M M M M M M M
17 64 42 53 -1 12 0 0.00 0.0 M M M M M M M M M
18 63 51 57 4 8 0 0.00 0.0 M M M M M M M M M
19 65 53 59 6 6 0 0.00 0.0 M M M M M M M M M
20 68 49 59 6 6 0 0.17 0.0 M M M M M M M M M
21 61 41 51 -2 14 0 0.00 0.0 M M M M M M M M M
22 67 39 53 0 12 0 0.00 0.0 M M M M M M M M M
23 65 51 58 6 7 0 0.00 0.0 M M M M M M M M M
24 64 51 58 6 7 0 0.95 0.0 M M M M M M M M M
25 65 40 53 1 12 0 0.02 0.0 M M M M M M M M M
26 49 32 41 -11 24 0 0.00 0.0 M M M M M M M M M
27 57 33 45 -7 20 0 0.00 0.0 M M M M M M M M M
28 58 37 48 -4 17 0 0.00 0.0 M M M M M M M M M
29 67 41 54 2 11 0 0.00 0.0 M M M M M M M M M
30 62 38 50 -2 15 0 0.00 0.0 M M M M M M M M M
31 66 50 58 6 7 0 0.84 0.0 M M M M M M M M M
================================================================================
SM 1881 1329 404 0 5.12 0.0 M M M
================================================================================
AV 60.7 42.9 M FASTST M M 0 MAX(MPH)
MISC ----> M M M M
================================================================================
NOTES:
# LAST OF SEVERAL OCCURRENCES
COLUMN 17 PEAK WIND IN M.P.H.
PRELIMINARY LOCAL CLIMATOLOGICAL DATA (WS FORM: F-6) , PAGE 2
STATION: ST SIMONS ISLAND GA
MONTH: DECEMBER
YEAR: 2002
LATITUDE: 31 9 N
LONGITUDE: 81 23 W
[TEMPERATURE DATA] [PRECIPITATION DATA] SYMBOLS USED IN COLUMN 16
AVERAGE MONTHLY: 51.8 TOTAL FOR MONTH: 5.12 1 = FOG OR MIST
DPTR FM NORMAL: -2.3 DPTR FM NORMAL: 2.48 2 = FOG REDUCING VISIBILITY
HIGHEST: 69 ON 13 GRTST 24HR 0.95 ON 24-24 TO 1/4 MILE OR LESS
LOWEST: 32 ON 26 3 = THUNDER
SNOW, ICE PELLETS, HAIL 4 = ICE PELLETS
TOTAL MONTH: 0.0 INCH 5 = HAIL
GRTST 24HR 0.0 6 = FREEZING RAIN OR DRIZZLE
GRTST DEPTH: M ON M 7 = DUSTSTORM OR SANDSTORM:
VSBY 1/2 MILE OR LESS
8 = SMOKE OR HAZE
[NO. OF DAYS WITH] [WEATHER - DAYS WITH] 9 = BLOWING SNOW
X = TORNADO
MAX 32 OR BELOW: 0 0.01 INCH OR MORE: 11
MAX 90 OR ABOVE: 0 0.10 INCH OR MORE: 8
MIN 32 OR BELOW: 1 0.50 INCH OR MORE: 5
MIN 0 OR BELOW: 0 1.00 INCH OR MORE: 0
[HDD (BASE 65) ]
TOTAL THIS MO. 404 CLEAR (SCALE 0-3) 0
DPTR FM NORMAL 53 PTCLDY (SCALE 4-7) 0
TOTAL FM JUL 1 607 CLOUDY (SCALE 8-10) 0
DPTR FM NORMAL 76
[CDD (BASE 65) ]
TOTAL THIS MO. 0
DPTR FM NORMAL -13 [PRESSURE DATA]
TOTAL FM JAN 1 799 HIGHEST SLP M ON M
DPTR FM NORMAL -1829 LOWEST SLP M ON M
[REMARKS]
#FINAL-12-02#