000
CXUS53 KLSX 012016
CLMSTL
CLIMATE REPORT
NATIONAL WEATHER SERVICE ST LOUIS MO
216 PM CST FRI MAR 01 2024
...................................
...THE ST. LOUIS CLIMATE SUMMARY FOR THE MONTH OF FEBRUARY 2024...
CLIMATE NORMAL PERIOD 1991 TO 2020
CLIMATE RECORD PERIOD 1874 TO 2024
WEATHER OBSERVED NORMAL DEPART LAST YEAR`S
VALUE DATE(S) VALUE FROM VALUE
NORMAL
..............................................................
TEMPERATURE (F)
RECORD
HIGH 86 02/27/2024
LOW -18 02/13/1905
HIGHEST 86R 02/27 73
LOWEST 14 02/17 13
AVG. MAXIMUM 58.9 45.8 13.1 53.8
AVG. MINIMUM 34.6 27.6 7.0 32.4
MEAN 46.8 36.7 10.1 43.1
DAYS MAX >= 90 0 0.0 0.0 0
DAYS MAX <= 32 1 4.8 -3.8 1
DAYS MIN <= 32 11 18.9 -7.9 13
DAYS MIN <= 0 0 0.2 -0.2 0
PRECIPITATION (INCHES)
RECORD
MAXIMUM 8.94 1882
MINIMUM 0.25 1963
TOTALS 0.40 2.23 -1.83 2.15
DAILY AVG. 0.01 NAN NAN 0.08
DAYS >= .01 2 8.7 -6.7 10
DAYS >= .10 1 4.9 -3.9 6
DAYS >= .50 0 1.4 -1.4 0
DAYS >= 1.00 0 0.3 -0.3 0
GREATEST
24 HR. TOTAL 0.39 02/16 TO 02/16
SNOWFALL (INCHES)
RECORDS
TOTAL 23.5 1914
24 HR TOTAL 15.6 02/20/1912 TO 02/21/1912
TOTALS 3.4 4.3 -0.9 T
SINCE 7/1 9.3 14.1 -4.8 MM
DAYS >= 1.0 1 0
GREATEST
SNOW DEPTH 3 02/17
02/18
24 HR TOTAL 3.4 02/16 TO 02/16
DEGREE DAYS
HEATING TOTAL 523 793 -270 604
SINCE 7/1 2806 3567 -761 MM
COOLING TOTAL 0 1 -1 0
SINCE 1/1 0 1 -1 MM
..............................................................
WIND (MPH)
HIGHEST WIND SPEED/DIRECTION 33/250 DATE 02/27
HIGHEST GUST SPEED/DIRECTION 45/260 DATE 02/27
SKY COVER
POSSIBLE SUNSHINE (PERCENT) MM
NUMBER OF DAYS FAIR 9
NUMBER OF DAYS PC 15
NUMBER OF DAYS CLOUDY 5
WEATHER CONDITIONS. NUMBER OF DAYS WITH
THUNDERSTORM 3 MIXED PRECIP 0
HEAVY RAIN 0 RAIN 0
LIGHT RAIN 6 FREEZING RAIN 0
LT FREEZING RAIN 0 HAIL 1
HEAVY SNOW 0 SNOW 1
LIGHT SNOW 2 SLEET 1
FOG 4 FOG W/VIS <= 1/4 MILE 0
HAZE 6
- INDICATES NEGATIVE NUMBERS.
R INDICATES RECORD WAS SET OR TIED.
MM INDICATES DATA IS MISSING.
T INDICATES TRACE AMOUNT.
$$