000
CXUS53 KGRB 091546
CF6SUE
PRELIMINARY LOCAL CLIMATOLOGICAL DATA (WS FORM: F-6)
STATION: STURGEON BAY WI
MONTH: FEBRUARY
YEAR: 2024
LATITUDE: 44 55 N
LONGITUDE: 87 25 W
TEMPERATURE IN F: :PCPN: SNOW: WIND :SUNSHINE: SKY :PK WND
================================================================================
1 2 3 4 5 6A 6B 7 8 9 10 11 12 13 14 15 16 17 18
12Z AVG MX 2MIN
DY MAX MIN AVG DEP HDD CDD WTR SNW DPTH SPD SPD DIR MIN PSBL S-S WX SPD DR
================================================================================
1 43 29 36 M 29 0 M M M 11.3 18 20 M M 2 1 23 10
2 35 22 29 M 36 0 T M M 5.7 10 10 M M 7 M M
3 37 22 30 M 35 0 M M M 3.6 8 350 M M 6 12 M M
4 32 22 27 M 38 0 M M M 2.7 9 20 M M 10 12 M M
5 34 28 31 M 34 0 0.01 M M 4.6 8 50 M M 10 12 M M
6 39 28 34 M 31 0 M M M 8.2 12 180 M M 7 128 M M
7 42 30 36 M 29 0 M M M 8.3 14 180 M M 2 18 M M
8 47 38 43 M 22 0 0.09 M M 16.1 21 190 M M 2 1 30 200
9 43 42 43 M 22 0 M M M 19.6 20 260 M M 10 30 270
10 M M M M M M M M M M M M M M M M M
11 M M M M M M M M M M M M M M M M M
12 42 28 35 M 30 0 M M M 10.5 15 10 M M 3 18 300
13 31 29 30 M 35 0 T M M 7.4 9 30 M M 10 M M
14 M M M M M M M M M M M M M M M M M
15 33 23 28 M 37 0 T M M 14.6 18 340 M M 10 25 310
16 27 13 20 M 45 0 T M M 10.6 20 340 M M 8 25 340
17 28 10 19 M 46 0 M M M 14.7 24 240 M M 3 33 240
18 34 18 26 M 39 0 M M M 9.9 17 290 M M 4 23 270
19 39 17 28 M 37 0 M M M 4.0 8 280 M M 0 M M
20 44 27 36 M 29 0 M M M 10.4 18 200 M M 1 21 190
21 50 32 41 M 24 0 M M M 3.9 8 340 M M 0 M M
22 53 26 40 M 25 0 M M M 6.0 12 260 M M 2 M M
23 41 16 29 M 36 0 T M M 13.7 21 20 M M 7 26 40
24 32 13 23 M 42 0 T M M 10.4 18 240 M M 2 22 210
25 51 27 39 M 26 0 M M M 8.5 14 210 M M 2 M M
26 47 28 38 M 27 0 M M M 9.6 20 180 M M 1 30 180
27 57 32 45 M 20 0 T M M 9.4 25 20 M M 1 1 37 10
28 32 12 22 M 43 0 T M M 17.8 28 340 M M 6 1 40 330
29 35 11 23 M 42 0 M M M 8.8 14 180 M M 2 20 180
================================================================================
SM 1028 623 859 0 0.10 M 250.4 M 118
================================================================================
AV 39.5 24.0 9.6 FASTST M M 5 MAX(MPH)
MISC ----> 28 340 40 330
================================================================================
NOTES:
# LAST OF SEVERAL OCCURRENCES
COLUMN 17 PEAK WIND IN M.P.H.
PRELIMINARY LOCAL CLIMATOLOGICAL DATA (WS FORM: F-6) , PAGE 2
STATION: STURGEON BAY WI
MONTH: FEBRUARY
YEAR: 2024
LATITUDE: 44 55 N
LONGITUDE: 87 25 W
[TEMPERATURE DATA] [PRECIPITATION DATA] SYMBOLS USED IN COLUMN 16
AVERAGE MONTHLY: 31.8 TOTAL FOR MONTH: 0.10 1 = FOG OR MIST
DPTR FM NORMAL: 0.0 DPTR FM NORMAL: M 2 = FOG REDUCING VISIBILITY
HIGHEST: 57 ON 27 GRTST 24HR 0.09 ON 8- 8 TO 1/4 MILE OR LESS
LOWEST: 10 ON 17 3 = THUNDER
SNOW, ICE PELLETS, HAIL 4 = ICE PELLETS
TOTAL MONTH: M 5 = HAIL
GRTST 24HR M ON M 6 = FREEZING RAIN OR DRIZZLE
GRTST DEPTH: M ON M 7 = DUSTSTORM OR SANDSTORM:
VSBY 1/2 MILE OR LESS
8 = SMOKE OR HAZE
[NO. OF DAYS WITH] [WEATHER - DAYS WITH] 9 = BLOWING SNOW
X = TORNADO
MAX 32 OR BELOW: 6 0.01 INCH OR MORE: 2
MAX 90 OR ABOVE: 0 0.10 INCH OR MORE: 0
MIN 32 OR BELOW: 24 0.50 INCH OR MORE: 0
MIN 0 OR BELOW: 0 1.00 INCH OR MORE: 0
[HDD (BASE 65) ]
TOTAL THIS MO. 859 CLEAR (SCALE 0-3) 13
DPTR FM NORMAL M PTCLDY (SCALE 4-7) 7
TOTAL FM JUL 1 4395 CLOUDY (SCALE 8-10) 9
DPTR FM NORMAL 4157
[CDD (BASE 65) ]
TOTAL THIS MO. 0
DPTR FM NORMAL M [PRESSURE DATA]
TOTAL FM JAN 1 0 HIGHEST SLP M ON M
DPTR FM NORMAL 0 LOWEST SLP M ON M
[REMARKS]
#FINAL-02-24#