000
CXUS53 KFSD 011419
CF6SUX
PRELIMINARY LOCAL CLIMATOLOGICAL DATA (WS FORM: F-6)
STATION: SIOUX CITY IA
MONTH: JUNE
YEAR: 2020
LATITUDE: 42 24 N
LONGITUDE: 96 23 W
TEMPERATURE IN F: :PCPN: SNOW: WIND :SUNSHINE: SKY :PK WND
================================================================================
1 2 3 4 5 6A 6B 7 8 9 10 11 12 13 14 15 16 17 18
12Z AVG MX 2MIN
DY MAX MIN AVG DEP HDD CDD WTR SNW DPTH SPD SPD DIR MIN PSBL S-S WX SPD DR
================================================================================
1 97 68 83 17 0 18 0.00 0.0 0 18.3 29 200 M M 0 41 200
2 99 68 84 18 0 19 0.00 0.0 0 13.2 26 220 M M 0 35 210
3 92 60 76 9 0 11 T 0.0 0 6.1 13 70 M M 0 17 80
4 92 60 76 9 0 11 0.00 0.0 0 5.9 16 190 M M 0 1 21 200
5 91 64 78 11 0 13 0.00 0.0 0 10.8 18 20 M M 0 24 50
6 95 70 83 15 0 18 0.00 0.0 0 16.6 28 120 M M 2 37 120
7 95 77 86 18 0 21 0.00 0.0 0 20.2 35 170 M M 0 48 180
8 94 73 84 16 0 19 0.00 0.0 0 17.8 30 190 M M 0 41 200
9 91 57 74 5 0 9 1.06 0.0 0 13.9 46 10 M M 5 13 61 360
10 75 54 65 -4 0 0 0.00 0.0 0 19.6 35 330 M M 4 47 320
11 84 50 67 -2 0 2 0.00 0.0 0 7.1 22 330 M M 0 28 330
12 89 53 71 1 0 6 0.00 0.0 0 4.7 10 140 M M 0 16 140
13 91 61 76 6 0 11 0.00 0.0 0 11.6 20 140 M M 0 30 130
14 91 65 78 8 0 13 0.00 0.0 0 19.1 28 160 M M 0 41 160
15 92 73 83 13 0 18 0.00 0.0 0 14.3 28 170 M M 0 35 180
16 91 71 81 10 0 16 0.00 0.0 0 15.7 26 160 M M 0 40 160
17 91 70 81 10 0 16 0.00 0.0 0 17.4 29 160 M M 0 39 170
18 82 62 72 1 0 7 0.13 0.0 0 10.0 24 330 M M 5 13 33 320
19 82 58 70 -2 0 5 0.00 0.0 0 5.9 14 50 M M 2 1 19 30
20 80 59 70 -2 0 5 0.06 0.0 0 4.1 9 160 M M 4 1 13 250
21 80 62 71 -1 0 6 0.20 0.0 0 6.4 23 210 M M 4 13 31 210
22 80 58 69 -3 0 4 0.02 0.0 0 9.4 15 330 M M 4 1 22 360
23 79 52 66 -6 0 1 0.00 0.0 0 9.9 23 350 M M 2 29 340
24 85 50 68 -5 0 3 0.00 0.0 0 3.7 13 330 M M 0 1 19 340
25 91 58 75 2 0 10 T 0.0 0 11.1 21 160 M M 1 3 30 130
26 88 69 79 6 0 14 0.04 0.0 0 5.4 18 240 M M 2 3 25 250
27 89 66 78 5 0 13 0.00 0.0 0 4.7 15 200 M M 1 1 18 200
28 90 69 80 7 0 15 0.05 0.0 0 11.4 25 140 M M 3 39 160
29 83 77 80 6 0 15 0.00 0.0 0 12.3 21 160 M M 7 27 150
30 88 73 81 7 0 16 T 0.0 0 13.3 31 190 M M 6 3 47 270
================================================================================
SM 2647 1907 0 335 1.56 0.0 339.9 M 52
================================================================================
AV 88.2 63.6 11.3 FASTST M M 2 MAX(MPH)
MISC ----> 46 10 61 360
================================================================================
NOTES:
# LAST OF SEVERAL OCCURRENCES
- COLUMN 17 PEAK WIND IN M.P.H.
- PRECIPITATION AMOUNTS IN COLUMNS 7, 8, AND 9 ARE THE OFFICIAL PRECIPITATION
AMOUNTS FOR SIOUX CITY, IA.
- SNOW DEPTH IN COLUMN 9 IS RECORDED AT 6 AM CST (12Z)
PRELIMINARY LOCAL CLIMATOLOGICAL DATA (WS FORM: F-6) , PAGE 2
STATION: SIOUX CITY IA
MONTH: JUNE
YEAR: 2020
LATITUDE: 42 24 N
LONGITUDE: 96 23 W
[TEMPERATURE DATA] [PRECIPITATION DATA] SYMBOLS USED IN COLUMN 16
AVERAGE MONTHLY: 75.9 TOTAL FOR MONTH: 1.56 1 = FOG OR MIST
DPTR FM NORMAL: 5.6 DPTR FM NORMAL: -2.33 2 = FOG REDUCING VISIBILITY
HIGHEST: 99 ON 2 GRTST 24HR 1.06 ON 9- 9 TO 1/4 MILE OR LESS
LOWEST: 50 ON 24,11 3 = THUNDER
SNOW, ICE PELLETS, HAIL 4 = ICE PELLETS
TOTAL MONTH: 0.0 INCH 5 = HAIL
GRTST 24HR 0.0 6 = FREEZING RAIN OR DRIZZLE
GRTST DEPTH: 0 7 = DUSTSTORM OR SANDSTORM:
VSBY 1/2 MILE OR LESS
8 = SMOKE OR HAZE
[NO. OF DAYS WITH] [WEATHER - DAYS WITH] 9 = BLOWING SNOW
X = TORNADO
MAX 32 OR BELOW: 0 0.01 INCH OR MORE: 7
MAX 90 OR ABOVE: 16 0.10 INCH OR MORE: 3
MIN 32 OR BELOW: 0 0.50 INCH OR MORE: 1
MIN 0 OR BELOW: 0 1.00 INCH OR MORE: 1
[HDD (BASE 65) ]
TOTAL THIS MO. 0 CLEAR (SCALE 0-3) 22
DPTR FM NORMAL -27 PTCLDY (SCALE 4-7) 8
TOTAL FM JUL 1 6637 CLOUDY (SCALE 8-10) 0
DPTR FM NORMAL -221
[CDD (BASE 65) ]
TOTAL THIS MO. 335
DPTR FM NORMAL 147 [PRESSURE DATA]
TOTAL FM JAN 1 362 HIGHEST SLP 30.27 ON 12
DPTR FM NORMAL 110 LOWEST SLP 29.39 ON 9
[REMARKS]
RECORD DAILY HIGH MAXIMUM TEMPERATURE SET ON THE 1ST WITH A
HIGH OF 97 DEGREES. THE PREVIOUS RECORD WAS 95 DEGREES IN 2018.
RECORD DAILY HIGH MAXIMUM TEMPERATURE SET ON THE 2ND WITH A
HIGH OF 99 DEGREES. THE PREVIOUS RECORD WAS 97 DEGREES IN 1934.
RECORD DAILY HIGH MINIMUM TEMPERATURE SET ON THE 7TH WITH A
LOW OF 77 DEGREES. THE PREVIOUS RECORD WAS 74 DEGREES IN 1914.
RECORD DAILY HIGH MINIMUM TEMPERATURE SET ON THE 8TH WITH A
LOW OF 73 DEGREES. THE PREVIOUS RECORD WAS 72 DEGREES IN 2000
AND 2004.
#FINAL-06-20#