000
CXUS54 KEPZ 011030
CF6SVC
PRELIMINARY LOCAL CLIMATOLOGICAL DATA (WS FORM: F-6)
STATION: SILVER CITY
MONTH: JULY
YEAR: 2020
LATITUDE: 32 37 N
LONGITUDE: 108 10 W
TEMPERATURE IN F: :PCPN: SNOW: WIND :SUNSHINE: SKY :PK WND
================================================================================
1 2 3 4 5 6A 6B 7 8 9 10 11 12 13 14 15 16 17 18
12Z AVG MX 2MIN
DY MAX MIN AVG DEP HDD CDD WTR SNW DPTH SPD SPD DIR MIN PSBL S-S WX SPD DR
================================================================================
1 87 56 72 M 0 7 0.00 M M 9.7 20 180 M M 1 28 180
2 90 60 75 M 0 10 0.00 M M 6.3 17 280 M M 4 24 280
3 94 61 78 M 0 13 0.00 M M 9.7 16 280 M M 0 21 290
4 97 64 81 M 0 16 0.00 M M 11.0 17 310 M M 0 26 270
5 98 67 83 M 0 18 0.00 M M 13.5 24 280 M M 0 29 280
6 98 61 80 M 0 15 0.00 M M 8.7 28 80 M M 1 8 36 80
7 98 62 80 M 0 15 0.00 M M 7.1 13 230 M M 0 23 230
8 97 59 78 M 0 13 0.00 M M 9.2 17 290 M M 0 23 310
9 98 69 84 M 0 19 0.00 M M 11.0 18 270 M M 1 43 30
10 102 74 88 M 0 23 0.00 M M 8.8 15 310 M M 0 22 160
11 102 64 83 M 0 18 0.00 M M 7.2 18 290 M M 1 29 200
12 103 66 85 M 0 20 0.00 M M 7.6 25 290 M M 2 33 210
13 100 73 87 M 0 22 0.00 M M 13.4 30 310 M M 0 39 310
14 98 71 85 M 0 20 0.00 M M 12.4 25 280 M M 0 36 50
15 96 66 81 M 0 16 0.08 M M 9.5 21 280 M M 3 25 200
16 93 63 78 M 0 13 0.00 M M 8.5 18 320 M M 4 26 300
17 93 66 80 M 0 15 0.00 M M 8.3 16 310 M M 4 18 210
18 94 67 81 M 0 16 0.00 M M 8.6 29 350 M M 4 3 35 220
19 91 63 77 M 0 12 0.44 M M 7.2 14 350 M M 2 3 26 70
20 93 65 79 M 0 14 T M M 7.5 16 310 M M 2 21 10
21 91 62 77 M 0 12 0.16 M M 6.4 23 20 M M 5 3 30 220
22 85 63 74 M 0 9 0.00 M M 7.3 17 350 M M 7 24 330
23 85 63 74 M 0 9 T M M 8.2 16 300 M M 6 18 310
24 80 62 71 M 0 6 0.02 M M 6.1 22 250 M M 8 28 250
25 85 63 74 M 0 9 T M M 6.5 15 340 M M 7 21 260
26 87 63 75 M 0 10 0.61 M M 7.5 18 60 M M 4 3 24 270
27 87 62 75 M 0 10 0.00 M M 8.1 16 100 M M 3 22 100
28 91 61 76 M 0 11 0.00 M M 6.8 13 10 M M 6 21 160
29 94 63 79 M 0 14 0.00 M M 5.7 9 140 M M 6 3 31 0
30 99 68 84 M 0 19 0.00 M M 7.8 15 310 M M 4 20 110
31 92 65 79 M 0 14 0.00 M M 7.1 17 120 M M 5 25 120
================================================================================
SM 2898 1992 0 438 1.31 M 262.7 M 90
================================================================================
AV 93.5 64.3 8.5 FASTST M M 3 MAX(MPH)
MISC ----> 30 310 43 30
================================================================================
NOTES:
# LAST OF SEVERAL OCCURRENCES
COLUMN 17 PEAK WIND IN M.P.H.
PRELIMINARY LOCAL CLIMATOLOGICAL DATA (WS FORM: F-6) , PAGE 2
STATION: SILVER CITY
MONTH: JULY
YEAR: 2020
LATITUDE: 32 37 N
LONGITUDE: 108 10 W
[TEMPERATURE DATA] [PRECIPITATION DATA] SYMBOLS USED IN COLUMN 16
AVERAGE MONTHLY: 78.9 TOTAL FOR MONTH: 1.31 1 = FOG OR MIST
DPTR FM NORMAL: 0.0 DPTR FM NORMAL: M 2 = FOG REDUCING VISIBILITY
HIGHEST: 103 ON 12 GRTST 24HR 0.61 ON 26-26 TO 1/4 MILE OR LESS
LOWEST: 56 ON 1 3 = THUNDER
SNOW, ICE PELLETS, HAIL 4 = ICE PELLETS
TOTAL MONTH: M 5 = HAIL
GRTST 24HR M ON M 6 = FREEZING RAIN OR DRIZZLE
GRTST DEPTH: M ON M 7 = DUSTSTORM OR SANDSTORM:
VSBY 1/2 MILE OR LESS
8 = SMOKE OR HAZE
[NO. OF DAYS WITH] [WEATHER - DAYS WITH] 9 = BLOWING SNOW
X = TORNADO
MAX 32 OR BELOW: 0 0.01 INCH OR MORE: 5
MAX 90 OR ABOVE: 24 0.10 INCH OR MORE: 3
MIN 32 OR BELOW: 0 0.50 INCH OR MORE: 1
MIN 0 OR BELOW: 0 1.00 INCH OR MORE: 0
[HDD (BASE 65) ]
TOTAL THIS MO. 0 CLEAR (SCALE 0-3) 15
DPTR FM NORMAL M PTCLDY (SCALE 4-7) 16
TOTAL FM JUL 1 0 CLOUDY (SCALE 8-10) 0
DPTR FM NORMAL M
[CDD (BASE 65) ]
TOTAL THIS MO. 438
DPTR FM NORMAL M [PRESSURE DATA]
TOTAL FM JAN 1 770 HIGHEST SLP M ON M
DPTR FM NORMAL M LOWEST SLP M ON M
[REMARKS]
#FINAL-07-20#