000
CXUS51 KBGM 011037
CLSSYR
CLIMATE REPORT
NATIONAL WEATHER SERVICE BINGHAMTON, NY
537 AM EST WED MAR 01 2023
...................................
...THE SYRACUSE NY CLIMATE SUMMARY FOR THE SEASON, FROM
12/1/2022 TO 2/28/2023...
CLIMATE NORMAL PERIOD 1991 TO 2020
CLIMATE RECORD PERIOD 1902 TO 2023
WEATHER OBSERVED NORMAL DEPART LAST YEAR`S
VALUE DATE(S) VALUE FROM VALUE DATE(S)
NORMAL
................................................................
TEMPERATURE (F)
RECORD
HIGH 75 02/21/2018
LOW -26 02/18/1979
01/26/1966
HIGHEST 69 02/15 34 35 67 12/16
LOWEST -13 02/04 18 -31 -9 01/22
01/30
AVG. MAXIMUM 39.5 34.1 5.4 37.5
AVG. MINIMUM 24.6 19.2 5.4 19.4
MEAN 32.0 26.7 5.3 28.4
DAYS MAX >= 90 0 0.0 0.0 0
DAYS MAX <= 32 17 38.5 -21.5 31
DAYS MIN <= 32 74 78.4 -4.4 70
DAYS MIN <= 0 2 7.1 -5.1 12
PRECIPITATION (INCHES)
RECORD
MAXIMUM 12.98 1959
MINIMUM 4.57 1979
TOTALS 9.90 8.32 1.58 8.37
DAILY AVG. 0.11 0.09 0.02 0.09
DAYS >= .01 51 54.0 -3.0 57
DAYS >= .10 28 22.1 5.9 23
DAYS >= .50 7 4.0 3.0 4
DAYS >= 1.00 0 0.8 -0.8 0
GREATEST
24 HR. TOTAL 1.17 12/15 TO 12/16 0.92 12/25 TO 12/25
SNOWFALL (INCHES)
RECORDS
TOTAL 159.7 2011
24 HR TOTAL 22.0 01/31/1966 TO 01/31/1966
SNOW DEPTH 48 02/01/1966
02/21/1958
02/20/1958
TOTALS 48.2 94.9 -46.7 53.9
SINCE 7/1 51.9 104.9 -53.0 58.1
SNOWDEPTH AVG. 2 3
DAYS >= TRACE 55 46.6 8.4 61
DAYS >= 1.0 16 25.5 -9.5 18
GREATEST
SNOW DEPTH 7 02/04 13 02/05
12/16
24 HR TOTAL 6.1 12/15 TO 12/16 7.7 02/03 TO 02/04
DEGREE DAYS
HEATING TOTAL 2949 3445 -496 3268
SINCE 7/1 4029 4756 -727 4222
COOLING TOTAL 0 0 0 0
SINCE 1/1 0 0 0 0
FREEZE DATES
RECORD
EARLIEST 09/23/1963
LATEST 05/24/1963
EARLIEST 10/28
LATEST 05/01
................................................................
WIND (MPH)
AVERAGE WIND SPEED 8.9
RESULTANT WIND SPEED/DIRECTION 3/250
HIGHEST WIND SPEED/DIRECTION 41/260 DATE 12/23
HIGHEST GUST SPEED/DIRECTION 45/290 DATE 02/03
SKY COVER
POSSIBLE SUNSHINE (PERCENT) MM
AVERAGE SKY COVER 0.85
AVERAGE RH (PERCENT) 73
WEATHER CONDITIONS. NUMBER OF DAYS WITH
THUNDERSTORM 1 MIXED PRECIP 2
HEAVY RAIN 3 RAIN 12
LIGHT RAIN 37 FREEZING RAIN 1
LT FREEZING RAIN 8 HAIL 1
HEAVY SNOW 4 SNOW 9
LIGHT SNOW 54 SLEET 10
FOG 53 FOG W/VIS <= 1/4 MILE 3
HAZE 9
- INDICATES NEGATIVE NUMBERS.
R INDICATES RECORD WAS SET OR TIED.
MM INDICATES DATA IS MISSING.
T INDICATES TRACE AMOUNT.
&&
6TH WARMEST DECEMBER TO FEBRUARY
$$
TAC