000
CXUS52 KTBW 011000
CF6TBW
PRELIMINARY LOCAL CLIMATOLOGICAL DATA (WS FORM: F-6)
STATION: RUSKIN WFO
MONTH: OCTOBER
YEAR: 2022
LATITUDE: 27 42 N
LONGITUDE: 82 24 W
TEMPERATURE IN F: :PCPN: SNOW: WIND :SUNSHINE: SKY :PK WND
================================================================================
1 2 3 4 5 6A 6B 7 8 9 10 11 12 13 14 15 16 17 18
12Z AVG MX 2MIN
DY MAX MIN AVG DEP HDD CDD WTR SNW DPTH SPD SPD DIR MIN PSBL S-S WX SPD DR
================================================================================
1 85 65 75 -4 0 10 0.00 0.0 0 M M M M M M M M
2 85 63 74 -5 0 9 0.00 0.0 0 M M M M M M M M
3 84 63 74 -5 0 9 0.00 0.0 0 M M M M M M M M
4 83 62 73 -6 0 8 0.00 0.0 0 M M M M M M M M
5 84 62 73 -6 0 8 0.00 0.0 0 M M M M M M M M
6 86 66 76 -2 0 11 0.00 0.0 0 M M M M M M M M
7 87 64 76 -2 0 11 0.00 0.0 0 M M M M M M M M
8 88 63 76 -2 0 11 0.00 0.0 0 M M M M M M M M
9 88 67 78 0 0 13 0.00 0.0 0 M M M M M M M M
10 90 72 81 3 0 16 0.00 0.0 0 M M M M M M M M
11 87 73 80 3 0 15 0.00 0.0 0 M M M M M M M M
12 86 74 80 3 0 15 0.03 0.0 0 M M M M M M M M
13 83 72 78 1 0 13 0.18 0.0 0 M M M M M M M M
14 88 70 79 2 0 14 0.31 0.0 0 M M M M M M M M
15 89 71 80 4 0 15 0.00 0.0 0 M M M M M M M M
16 90 70 80 4 0 15 0.00 0.0 0 M M M M M M M M
17 87 71 79 3 0 14 0.00 0.0 0 M M M M M M M M
18 82 69 76 0 0 11 0.23 0.0 0 M M M M M M M M
19 69 53 61 -14 4 0 0.00 0.0 0 M M M M M M M M
20 71 50 61 -14 4 0 0.00 0.0 0 M M M M M M M M
21 76 54 65 -10 0 0 0.00 0.0 0 M M M M M M M M
22 82 54 68 -6 0 3 0.00 0.0 0 M M M M M M M M
23 85 62 74 0 0 9 0.00 0.0 0 M M M M M M M M
24 87 64 76 2 0 11 0.00 0.0 0 M M M M M M M M
25 87 66 77 3 0 12 0.00 0.0 0 M M M M M M M M
26 84 66 75 2 0 10 0.00 0.0 0 M M M M M M M M
27 86 71 79 6 0 14 0.00 0.0 0 M M M M M M M M
28 90 69 80 7 0 15 0.00 0.0 0 M M M M M M M M
29 87 68 78 6 0 13 0.00 0.0 0 M M M M M M M M
30 88 69 79 7 0 14 0.00 0.0 0 M M M M M M M M
31 88 68 78 6 0 13 0.00 0.0 0 M M M M M M M M
================================================================================
SM 2632 2031 8 332 0.75 0.0 M M M
================================================================================
AV 84.9 65.5 M FASTST M M M MAX(MPH)
MISC ----> M M M M
================================================================================
NOTES:
# LAST OF SEVERAL OCCURRENCES
COLUMN 17 PEAK WIND IN M.P.H.
PRELIMINARY LOCAL CLIMATOLOGICAL DATA (WS FORM: F-6) , PAGE 2
STATION: RUSKIN WFO
MONTH: OCTOBER
YEAR: 2022
LATITUDE: 27 42 N
LONGITUDE: 82 24 W
[TEMPERATURE DATA] [PRECIPITATION DATA] SYMBOLS USED IN COLUMN 16
AVERAGE MONTHLY: 75.2 TOTAL FOR MONTH: 0.75 1 = FOG OR MIST
DPTR FM NORMAL: -0.7 DPTR FM NORMAL: -2.11 2 = FOG REDUCING VISIBILITY
HIGHEST: 90 ON 28,16 GRTST 24HR 0.31 ON 14-14 TO 1/4 MILE OR LESS
LOWEST: 50 ON 20 3 = THUNDER
SNOW, ICE PELLETS, HAIL 4 = ICE PELLETS
TOTAL MONTH: 0.0 INCH 5 = HAIL
GRTST 24HR 0.0 6 = FREEZING RAIN OR DRIZZLE
GRTST DEPTH: 0 7 = DUSTSTORM OR SANDSTORM:
VSBY 1/2 MILE OR LESS
8 = SMOKE OR HAZE
[NO. OF DAYS WITH] [WEATHER - DAYS WITH] 9 = BLOWING SNOW
X = TORNADO
MAX 32 OR BELOW: 0 0.01 INCH OR MORE: 4
MAX 90 OR ABOVE: 3 0.10 INCH OR MORE: 3
MIN 32 OR BELOW: 0 0.50 INCH OR MORE: 0
MIN 0 OR BELOW: 0 1.00 INCH OR MORE: 0
[HDD (BASE 65) ]
TOTAL THIS MO. 8 CLEAR (SCALE 0-3) 0
DPTR FM NORMAL 3 PTCLDY (SCALE 4-7) 0
TOTAL FM JUL 1 23 CLOUDY (SCALE 8-10) 31
DPTR FM NORMAL 23
[CDD (BASE 65) ]
TOTAL THIS MO. 332
DPTR FM NORMAL -12 [PRESSURE DATA]
TOTAL FM JAN 1 3595 HIGHEST SLP M ON M
DPTR FM NORMAL 352 LOWEST SLP M ON M
[REMARKS]
#FINAL-10-22#